{"id":11303,"date":"2017-06-29T18:32:07","date_gmt":"2017-06-29T18:32:07","guid":{"rendered":"http:\/\/calendar.boulder.earth\/?post_type=portfolio&#038;p=11303"},"modified":"2026-02-25T13:49:21","modified_gmt":"2026-02-25T20:49:21","slug":"community-cycles","status":"publish","type":"portfolio","link":"https:\/\/boulder.earth\/es\/organizations\/community-cycles\/","title":{"rendered":"Ciclos comunitarios"},"content":{"rendered":"<section  class='av_textblock_section av-rylt6v-bba43a9fea44e6a458086345ef0d8480'   itemscope=\"itemscope\" itemtype=\"https:\/\/schema.org\/CreativeWork\" ><div class='avia_textblock'  itemprop=\"text\" ><p><a href=\"https:\/\/boulder.earth\/wp-content\/uploads\/2017\/06\/community_cycles_logo.gif\"><img loading=\"lazy\" decoding=\"async\" class=\"alignright wp-image-11305 size-full\" src=\"https:\/\/boulder.earth\/wp-content\/uploads\/2017\/06\/community_cycles_logo.gif\" alt=\"Community Cycles\" width=\"225\" height=\"91\" \/><\/a><\/p>\n<p>As a nonprofit, we strive to be a part of the circular economy with the business practices at our Shop. Our work happens from the wheels up: we start with refurbishing bikes that make safe, high-quality bikes accessible. We also sell used bike parts, tools and clothing that would otherwise end up in the landfill. Through this work, thousands of pounds of rubber, plastic and metal are recycled.<br \/>\nOutside of our bike shop, we support decarbonization by keeping people riding bikes through bike maintenance education, affordable bikes and parts, and advocating for safe places to ride, like separated bike lanes and multi-use paths. Community members will feel capable, safe and have the choice to ride a bicycle for everyday transportation.<\/p>\n<p>\u00a1Hoy, somos m\u00e1s de 2500 miembros y disfrutamos del apoyo de cientos de voluntarios cada a\u00f1o! \u00a0<a href=\"https:\/\/communitycycles.org\/membership\/\" target=\"_blank\" rel=\"noopener\">\u00danete a nosotros<\/a> hoy y sume su voz a la nuestra, mientras trabajamos para construir una cultura del ciclismo.<\/p>\n<p>2601 Spruce St, Unit B, Boulder 80302<\/p>\n<p>Tel\u00e9fono: 720-565-6019 |\u00a0 <a href=\"https:\/\/communitycycles.org\">ciclocomunitario.org<\/a><\/p>\n<p><a href=\"https:\/\/boulder.earth\/wp-content\/uploads\/2017\/06\/community-cycles.jpg\"><img loading=\"lazy\" decoding=\"async\" class=\"aligncenter wp-image-11306 size-full\" src=\"https:\/\/boulder.earth\/wp-content\/uploads\/2017\/06\/community-cycles.jpg\" alt=\"\" width=\"800\" height=\"524\" srcset=\"https:\/\/boulder.earth\/wp-content\/uploads\/2017\/06\/community-cycles.jpg 800w, https:\/\/boulder.earth\/wp-content\/uploads\/2017\/06\/community-cycles-300x197.jpg 300w, https:\/\/boulder.earth\/wp-content\/uploads\/2017\/06\/community-cycles-768x503.jpg 768w, https:\/\/boulder.earth\/wp-content\/uploads\/2017\/06\/community-cycles-705x462.jpg 705w, https:\/\/boulder.earth\/wp-content\/uploads\/2017\/06\/community-cycles-450x295.jpg 450w\" sizes=\"auto, (max-width: 800px) 100vw, 800px\" \/><\/a><\/p>\n<p><span style=\"border-radius: 2px; text-indent: 20px; width: auto; padding: 0px 4px 0px 0px; text-align: center; font: bold 11px\/20px 'Helvetica Neue',Helvetica,sans-serif; color: #ffffff; background: #bd081c no-repeat scroll 3px 50% \/ 14px 14px; position: absolute; opacity: 1; z-index: 8675309; display: none; cursor: pointer;\">Guardar<\/span><\/p>\n<p><span style=\"border-radius: 2px; text-indent: 20px; width: auto; padding: 0px 4px 0px 0px; text-align: center; font: bold 11px\/20px 'Helvetica Neue',Helvetica,sans-serif; color: #ffffff; background: #bd081c no-repeat scroll 3px 50% \/ 14px 14px; position: absolute; opacity: 1; z-index: 8675309; display: none; cursor: pointer;\">Guardar<\/span><\/p>\n<p><span style=\"border-radius: 2px; text-indent: 20px; width: auto; padding: 0px 4px 0px 0px; text-align: center; font: bold 11px\/20px 'Helvetica Neue',Helvetica,sans-serif; color: #ffffff; background: #bd081c no-repeat scroll 3px 50% \/ 14px 14px; position: absolute; opacity: 1; z-index: 8675309; display: none; cursor: pointer; top: 389px; left: 189px;\">Guardar<\/span><\/p>\n<\/div><\/section>","protected":false},"excerpt":{"rendered":"<p>Organizaci\u00f3n sin fines de lucro de ciclistas y simpatizantes del transporte en bicicleta que brinda reparaci\u00f3n, reciclaje, donaci\u00f3n y educaci\u00f3n de bicicletas a la comunidad<\/p>","protected":false},"author":1,"featured_media":13607,"comment_status":"open","ping_status":"closed","template":"","meta":{"footnotes":""},"tags":[],"portfolio_entries":[98,109,99,154,161,103],"class_list":["post-11303","portfolio","type-portfolio","status-publish","has-post-thumbnail","hentry","portfolio_entries-activism","portfolio_entries-community","portfolio_entries-education","portfolio_entries-justice","portfolio_entries-resources","portfolio_entries-transportation"],"_links":{"self":[{"href":"https:\/\/boulder.earth\/es\/wp-json\/wp\/v2\/portfolio\/11303","targetHints":{"allow":["GET"]}}],"collection":[{"href":"https:\/\/boulder.earth\/es\/wp-json\/wp\/v2\/portfolio"}],"about":[{"href":"https:\/\/boulder.earth\/es\/wp-json\/wp\/v2\/types\/portfolio"}],"author":[{"embeddable":true,"href":"https:\/\/boulder.earth\/es\/wp-json\/wp\/v2\/users\/1"}],"replies":[{"embeddable":true,"href":"https:\/\/boulder.earth\/es\/wp-json\/wp\/v2\/comments?post=11303"}],"version-history":[{"count":3,"href":"https:\/\/boulder.earth\/es\/wp-json\/wp\/v2\/portfolio\/11303\/revisions"}],"predecessor-version":[{"id":6466907,"href":"https:\/\/boulder.earth\/es\/wp-json\/wp\/v2\/portfolio\/11303\/revisions\/6466907"}],"wp:featuredmedia":[{"embeddable":true,"href":"https:\/\/boulder.earth\/es\/wp-json\/wp\/v2\/media\/13607"}],"wp:attachment":[{"href":"https:\/\/boulder.earth\/es\/wp-json\/wp\/v2\/media?parent=11303"}],"wp:term":[{"taxonomy":"post_tag","embeddable":true,"href":"https:\/\/boulder.earth\/es\/wp-json\/wp\/v2\/tags?post=11303"},{"taxonomy":"portfolio_entries","embeddable":true,"href":"https:\/\/boulder.earth\/es\/wp-json\/wp\/v2\/portfolio_entries?post=11303"}],"curies":[{"name":"wp","href":"https:\/\/api.w.org\/{rel}","templated":true}]}}

<section  class='av_textblock_section av-rylt6v-bba43a9fea44e6a458086345ef0d8480'   itemscope="itemscope" itemtype="https://schema.org/CreativeWork" ><div class='avia_textblock'  itemprop="text" ><p><a href="https://boulder.earth/wp-content/uploads/2017/06/community_cycles_logo.gif"><img loading="lazy" decoding="async" class="alignright wp-image-11305 size-full" src="https://boulder.earth/wp-content/uploads/2017/06/community_cycles_logo.gif" alt="Community Cycles" width="225" height="91" /></a></p>
<p>As a nonprofit, we strive to be a part of the circular economy with the business practices at our Shop. Our work happens from the wheels up: we start with refurbishing bikes that make safe, high-quality bikes accessible. We also sell used bike parts, tools and clothing that would otherwise end up in the landfill. Through this work, thousands of pounds of rubber, plastic and metal are recycled.<br />
Outside of our bike shop, we support decarbonization by keeping people riding bikes through bike maintenance education, affordable bikes and parts, and advocating for safe places to ride, like separated bike lanes and multi-use paths. Community members will feel capable, safe and have the choice to ride a bicycle for everyday transportation.</p>
<p>¡Hoy, somos más de 2500 miembros y disfrutamos del apoyo de cientos de voluntarios cada año!  <a href="https://communitycycles.org/membership/" target="_blank" rel="noopener">Únete a nosotros</a> hoy y sume su voz a la nuestra, mientras trabajamos para construir una cultura del ciclismo.</p>
<p>2601 Spruce St, Unit B, Boulder 80302</p>
<p>Teléfono: 720-565-6019 |  <a href="https://communitycycles.org">ciclocomunitario.org</a></p>
<p><a href="https://boulder.earth/wp-content/uploads/2017/06/community-cycles.jpg"><img loading="lazy" decoding="async" class="aligncenter wp-image-11306 size-full" src="https://boulder.earth/wp-content/uploads/2017/06/community-cycles.jpg" alt="" width="800" height="524" srcset="https://boulder.earth/wp-content/uploads/2017/06/community-cycles.jpg 800w, https://boulder.earth/wp-content/uploads/2017/06/community-cycles-300x197.jpg 300w, https://boulder.earth/wp-content/uploads/2017/06/community-cycles-768x503.jpg 768w, https://boulder.earth/wp-content/uploads/2017/06/community-cycles-705x462.jpg 705w, https://boulder.earth/wp-content/uploads/2017/06/community-cycles-450x295.jpg 450w" sizes="auto, (max-width: 800px) 100vw, 800px" /></a></p>
<p><span style="border-radius: 2px; text-indent: 20px; width: auto; padding: 0px 4px 0px 0px; text-align: center; font: bold 11px/20px 'Helvetica Neue',Helvetica,sans-serif; color: #ffffff; background: #bd081c no-repeat scroll 3px 50% / 14px 14px; position: absolute; opacity: 1; z-index: 8675309; display: none; cursor: pointer;">Guardar</span></p>
<p><span style="border-radius: 2px; text-indent: 20px; width: auto; padding: 0px 4px 0px 0px; text-align: center; font: bold 11px/20px 'Helvetica Neue',Helvetica,sans-serif; color: #ffffff; background: #bd081c no-repeat scroll 3px 50% / 14px 14px; position: absolute; opacity: 1; z-index: 8675309; display: none; cursor: pointer;">Guardar</span></p>
<p><span style="border-radius: 2px; text-indent: 20px; width: auto; padding: 0px 4px 0px 0px; text-align: center; font: bold 11px/20px 'Helvetica Neue',Helvetica,sans-serif; color: #ffffff; background: #bd081c no-repeat scroll 3px 50% / 14px 14px; position: absolute; opacity: 1; z-index: 8675309; display: none; cursor: pointer; top: 389px; left: 189px;">Guardar</span></p>
</div></section>

<p>Organización sin fines de lucro de ciclistas y simpatizantes del transporte en bicicleta que brinda reparación, reciclaje, donación y educación de bicicletas a la comunidad</p>
