{"id":127977,"date":"2019-04-06T06:38:26","date_gmt":"2019-04-06T12:38:26","guid":{"rendered":"https:\/\/boulder.earth\/?post_type=portfolio&#038;p=127977"},"modified":"2019-04-06T06:42:42","modified_gmt":"2019-04-06T12:42:42","slug":"save-our-st-vrain-valley","status":"publish","type":"portfolio","link":"https:\/\/boulder.earth\/es\/organizations\/save-our-st-vrain-valley\/","title":{"rendered":"Salvemos nuestro valle de St. Vrain"},"content":{"rendered":"<style type=\"text\/css\" data-created_by=\"avia_inline_auto\" id=\"style-css-av-av_one_full-25347b0a799d5b9f7058434b2a9c3182\">\n.flex_column.av-av_one_full-25347b0a799d5b9f7058434b2a9c3182{\nborder-radius:0px 0px 0px 0px;\npadding:0px 0px 0px 0px;\n}\n<\/style>\n<div  class='flex_column av-av_one_full-25347b0a799d5b9f7058434b2a9c3182 av_one_full  avia-builder-el-0  avia-builder-el-no-sibling  first flex_column_div av-zero-column-padding'     ><section  class='av_textblock_section av-ju0ilmuj-6e260a06d43537290af56d15ff24b692'   itemscope=\"itemscope\" itemtype=\"https:\/\/schema.org\/CreativeWork\" ><div class='avia_textblock'  itemprop=\"text\" ><h1>Salvemos nuestro valle de St. Vrain<\/h1>\n<p>El espacio agr\u00edcola abierto y las oportunidades recreativas en Hygiene y Lyons y sus alrededores son apreciados por muchos, pero pronto pueden verse afectados dram\u00e1ticamente por una operaci\u00f3n intensiva de miner\u00eda a cielo abierto, que posiblemente dure hasta 2033. Un permiso de uso especial emitido hace dos d\u00e9cadas permitir\u00eda la miner\u00eda a cielo abierto en el Valle de St. Vrain geol\u00f3gicamente \u00fanico, con un \u00e1rea total de uso aprobada de aproximadamente 881 acres. Los residentes y visitantes del \u00e1rea experimentar\u00edan da\u00f1os potencialmente graves <a href=\"https:\/\/sosvv.wordpress.com\/health\/\">efectos en la salud<\/a>; la disponibilidad y calidad del agua comprometidas; problemas ambientales que afectan la vida silvestre y el h\u00e1bitat; e impactos en la comunidad, como la congesti\u00f3n del tr\u00e1fico de camiones y trenes, as\u00ed como la contaminaci\u00f3n ac\u00fastica y lum\u00ednica.<\/p>\n<p>Save Our St. Vrain Valley (SOSvv) es una comunidad de ciudadanos preocupados. \u00danase a nosotros si usted es:<\/p>\n<ul>\n<li>Un residente de Hygiene, Longmont, Lyons o sus alrededores<\/li>\n<li>Un viajero a lo largo de Ute Hwy (Hwy 66) o Foothills Hwy (Hwy 36)<\/li>\n<li>Un ciclista, corredor, ecuestre, observador de aves, deportista o fot\u00f3grafo<\/li>\n<li>Un agricultor, ganadero, jardinero o apicultor<\/li>\n<li>Un aliado para la protecci\u00f3n ambiental del Front Range de Colorado<\/li>\n<\/ul>\n<\/div><\/section><br \/>\n<br \/>\n\n<style type=\"text\/css\" data-created_by=\"avia_inline_auto\" id=\"style-css-av-ju0ikhpd-c5147d8c43e8d4c6ba0ea5a7573d8470\">\n.avia-image-container.av-ju0ikhpd-c5147d8c43e8d4c6ba0ea5a7573d8470 img.avia_image{\nbox-shadow:none;\n}\n.avia-image-container.av-ju0ikhpd-c5147d8c43e8d4c6ba0ea5a7573d8470 .av-caption-image-overlay-bg{\nopacity:0.4;\nbackground-color:#000000;\n}\n.avia-image-container.av-ju0ikhpd-c5147d8c43e8d4c6ba0ea5a7573d8470 .av-image-caption-overlay-center{\ncolor:#ffffff;\n}\n<\/style>\n<div  class='avia-image-container av-ju0ikhpd-c5147d8c43e8d4c6ba0ea5a7573d8470 av-styling- avia-align-center noHover av-overlay-on-hover'   itemprop=\"image\" itemscope=\"itemscope\" itemtype=\"https:\/\/schema.org\/ImageObject\" ><div class=\"avia-image-container-inner\"><div class=\"avia-image-overlay-wrap\"><div class=\"av-image-caption-overlay\"><div class=\"av-caption-image-overlay-bg\"><\/div><div class=\"av-image-caption-overlay-position\"><div class=\"av-image-caption-overlay-center\"><p>Higiene nido de construcci\u00f3n de pareja de \u00e1guila calva. Foto cortes\u00eda de Dana Bove<\/p>\n<\/div><\/div><\/div><img decoding=\"async\" fetchpriority=\"high\" class='wp-image-127978 avia-img-lazy-loading-not-127978 avia_image' src=\"https:\/\/boulder.earth\/wp-content\/uploads\/2019\/04\/bald-eagles.jpg\" alt='' title='\u00c1guilas calvas'  height=\"420\" width=\"660\"  itemprop=\"thumbnailUrl\" srcset=\"https:\/\/boulder.earth\/wp-content\/uploads\/2019\/04\/bald-eagles.jpg 660w, https:\/\/boulder.earth\/wp-content\/uploads\/2019\/04\/bald-eagles-300x191.jpg 300w, https:\/\/boulder.earth\/wp-content\/uploads\/2019\/04\/bald-eagles-450x286.jpg 450w\" sizes=\"(max-width: 660px) 100vw, 660px\" \/><\/div><\/div><\/div><\/p><\/div>","protected":false},"excerpt":{"rendered":"<p>abogar por la protecci\u00f3n y conservaci\u00f3n del medio ambiente del hist\u00f3rico y geol\u00f3gicamente \u00fanico St. Vrain Valley, y su desarrollo saludable para los residentes, la vida silvestre, los visitantes y las generaciones futuras<\/p>","protected":false},"author":0,"featured_media":127991,"comment_status":"open","ping_status":"closed","template":"","meta":{"footnotes":""},"tags":[],"portfolio_entries":[98,240,106],"class_list":["post-127977","portfolio","type-portfolio","status-publish","has-post-thumbnail","hentry","portfolio_entries-activism","portfolio_entries-conservation","portfolio_entries-environment"],"_links":{"self":[{"href":"https:\/\/boulder.earth\/es\/wp-json\/wp\/v2\/portfolio\/127977","targetHints":{"allow":["GET"]}}],"collection":[{"href":"https:\/\/boulder.earth\/es\/wp-json\/wp\/v2\/portfolio"}],"about":[{"href":"https:\/\/boulder.earth\/es\/wp-json\/wp\/v2\/types\/portfolio"}],"replies":[{"embeddable":true,"href":"https:\/\/boulder.earth\/es\/wp-json\/wp\/v2\/comments?post=127977"}],"version-history":[{"count":2,"href":"https:\/\/boulder.earth\/es\/wp-json\/wp\/v2\/portfolio\/127977\/revisions"}],"predecessor-version":[{"id":127994,"href":"https:\/\/boulder.earth\/es\/wp-json\/wp\/v2\/portfolio\/127977\/revisions\/127994"}],"wp:featuredmedia":[{"embeddable":true,"href":"https:\/\/boulder.earth\/es\/wp-json\/wp\/v2\/media\/127991"}],"wp:attachment":[{"href":"https:\/\/boulder.earth\/es\/wp-json\/wp\/v2\/media?parent=127977"}],"wp:term":[{"taxonomy":"post_tag","embeddable":true,"href":"https:\/\/boulder.earth\/es\/wp-json\/wp\/v2\/tags?post=127977"},{"taxonomy":"portfolio_entries","embeddable":true,"href":"https:\/\/boulder.earth\/es\/wp-json\/wp\/v2\/portfolio_entries?post=127977"}],"curies":[{"name":"wp","href":"https:\/\/api.w.org\/{rel}","templated":true}]}}

<style type="text/css" data-created_by="avia_inline_auto" id="style-css-av-av_one_full-25347b0a799d5b9f7058434b2a9c3182">
.flex_column.av-av_one_full-25347b0a799d5b9f7058434b2a9c3182{
border-radius:0px 0px 0px 0px;
padding:0px 0px 0px 0px;
}
</style>
<div  class='flex_column av-av_one_full-25347b0a799d5b9f7058434b2a9c3182 av_one_full  avia-builder-el-0  avia-builder-el-no-sibling  first flex_column_div av-zero-column-padding'     ><section  class='av_textblock_section av-ju0ilmuj-6e260a06d43537290af56d15ff24b692'   itemscope="itemscope" itemtype="https://schema.org/CreativeWork" ><div class='avia_textblock'  itemprop="text" ><h1>Salvemos nuestro valle de St. Vrain</h1>
<p>El espacio agrícola abierto y las oportunidades recreativas en Hygiene y Lyons y sus alrededores son apreciados por muchos, pero pronto pueden verse afectados dramáticamente por una operación intensiva de minería a cielo abierto, que posiblemente dure hasta 2033. Un permiso de uso especial emitido hace dos décadas permitiría la minería a cielo abierto en el Valle de St. Vrain geológicamente único, con un área total de uso aprobada de aproximadamente 881 acres. Los residentes y visitantes del área experimentarían daños potencialmente graves <a href="https://sosvv.wordpress.com/health/">efectos en la salud</a>; la disponibilidad y calidad del agua comprometidas; problemas ambientales que afectan la vida silvestre y el hábitat; e impactos en la comunidad, como la congestión del tráfico de camiones y trenes, así como la contaminación acústica y lumínica.</p>
<p>Save Our St. Vrain Valley (SOSvv) es una comunidad de ciudadanos preocupados. Únase a nosotros si usted es:</p>
<ul>
<li>Un residente de Hygiene, Longmont, Lyons o sus alrededores</li>
<li>Un viajero a lo largo de Ute Hwy (Hwy 66) o Foothills Hwy (Hwy 36)</li>
<li>Un ciclista, corredor, ecuestre, observador de aves, deportista o fotógrafo</li>
<li>Un agricultor, ganadero, jardinero o apicultor</li>
<li>Un aliado para la protección ambiental del Front Range de Colorado</li>
</ul>
</div></section><br />
<br />

<style type="text/css" data-created_by="avia_inline_auto" id="style-css-av-ju0ikhpd-c5147d8c43e8d4c6ba0ea5a7573d8470">
.avia-image-container.av-ju0ikhpd-c5147d8c43e8d4c6ba0ea5a7573d8470 img.avia_image{
box-shadow:none;
}
.avia-image-container.av-ju0ikhpd-c5147d8c43e8d4c6ba0ea5a7573d8470 .av-caption-image-overlay-bg{
opacity:0.4;
background-color:#000000;
}
.avia-image-container.av-ju0ikhpd-c5147d8c43e8d4c6ba0ea5a7573d8470 .av-image-caption-overlay-center{
color:#ffffff;
}
</style>
<div  class='avia-image-container av-ju0ikhpd-c5147d8c43e8d4c6ba0ea5a7573d8470 av-styling- avia-align-center noHover av-overlay-on-hover'   itemprop="image" itemscope="itemscope" itemtype="https://schema.org/ImageObject" ><div class="avia-image-container-inner"><div class="avia-image-overlay-wrap"><div class="av-image-caption-overlay"><div class="av-caption-image-overlay-bg"></div><div class="av-image-caption-overlay-position"><div class="av-image-caption-overlay-center"><p>Higiene nido de construcción de pareja de águila calva. Foto cortesía de Dana Bove</p>
</div></div></div><img decoding="async" fetchpriority="high" class='wp-image-127978 avia-img-lazy-loading-not-127978 avia_image' src="https://boulder.earth/wp-content/uploads/2019/04/bald-eagles.jpg" alt='' title='Águilas calvas'  height="420" width="660"  itemprop="thumbnailUrl" srcset="https://boulder.earth/wp-content/uploads/2019/04/bald-eagles.jpg 660w, https://boulder.earth/wp-content/uploads/2019/04/bald-eagles-300x191.jpg 300w, https://boulder.earth/wp-content/uploads/2019/04/bald-eagles-450x286.jpg 450w" sizes="(max-width: 660px) 100vw, 660px" /></div></div></div></p></div>

<p>abogar por la protección y conservación del medio ambiente del histórico y geológicamente único St. Vrain Valley, y su desarrollo saludable para los residentes, la vida silvestre, los visitantes y las generaciones futuras</p>
