{"id":13591,"date":"2017-07-21T17:51:09","date_gmt":"2017-07-21T23:51:09","guid":{"rendered":"http:\/\/calendar.boulder.earth\/?post_type=portfolio&#038;p=13591"},"modified":"2019-08-19T15:03:10","modified_gmt":"2019-08-19T21:03:10","slug":"eco-cycle","status":"publish","type":"portfolio","link":"https:\/\/boulder.earth\/es\/organizations\/eco-cycle\/","title":{"rendered":"Ciclo ecol\u00f3gico"},"content":{"rendered":"<section  class='av_textblock_section av-av_textblock-0366cc7376be6c9e82a3e9cc8987b64f'   itemscope=\"itemscope\" itemtype=\"https:\/\/schema.org\/CreativeWork\" ><div class='avia_textblock'  itemprop=\"text\" ><p><img loading=\"lazy\" decoding=\"async\" class=\"aligncenter wp-image-13592 size-medium\" src=\"http:\/\/cloud137.temp.domains\/~ozg0xmq9\/wp-content\/uploads\/2017\/07\/ecocycle-300x200.jpg\" alt=\"\" width=\"300\" height=\"200\" srcset=\"https:\/\/boulder.earth\/wp-content\/uploads\/2017\/07\/ecocycle-300x200.jpg 300w, https:\/\/boulder.earth\/wp-content\/uploads\/2017\/07\/ecocycle-450x300.jpg 450w, https:\/\/boulder.earth\/wp-content\/uploads\/2017\/07\/ecocycle.jpg 500w\" sizes=\"auto, (max-width: 300px) 100vw, 300px\" \/><\/p>\n<p>Eco-Cycle es uno de los recicladores sin fines de lucro m\u00e1s grandes de los EE. UU. y tiene una reputaci\u00f3n internacional como pionero e innovador en la conservaci\u00f3n de recursos.<\/p>\n<p>Fuimos establecidos en 1976 por residentes comunes que cre\u00edan apasionadamente en la conservaci\u00f3n de nuestros recursos naturales. Estos voluntarios de Eco-Cycle trajeron el reciclaje a la ciudad en 1976, convirtiendo a Boulder en una de las primeras 20 comunidades en los EE. UU. en ofrecer reciclaje en la acera. Seguimos siendo impulsados por estas mismas pasiones y acciones innovadoras.<\/p>\n<p><strong><em>L\u00ednea Directa de Reciclaje Eco-Cycle\u00a0<\/em>para el condado de Boulder<br \/>\n303-444-6634\u00a0 | <\/strong>Lunes \u2013 Viernes, 9am \u2013 5pm<br \/>\n<a href=\"http:\/\/www.ecocycle.org\/yourcommunity\/boulder\">Centro de reciclaje del condado de Boulder<\/a>\u00a0(1901 63rd. St.), abierto las 24 horas<\/p>\n<div  class='avia-button-wrap av-av_button-91c694b48f8c85091e517bb3c24973c5-wrap avia-button-left  avia-builder-el-1  avia-builder-el-no-sibling'><a href='http:\/\/www.ecocycle.org\/'  class='avia-button av-av_button-91c694b48f8c85091e517bb3c24973c5 av-link-btn avia-icon_select-yes-left-icon avia-size-small avia-position-left avia-color-theme-color'  target=\"_blank\"  rel=\"noopener noreferrer\"  aria-label=\"Sitio web\"><span class='avia_button_icon avia_button_icon_left avia-iconfont avia-font-entypo-fontello' data-av_icon='\ue822' data-av_iconfont='entypo-fontello' ><\/span><span class='avia_iconbox_title' >Sitio web<\/span><\/a><\/div>\n<p><img loading=\"lazy\" decoding=\"async\" class=\"aligncenter size-full wp-image-13593\" src=\"http:\/\/cloud137.temp.domains\/~ozg0xmq9\/wp-content\/uploads\/2017\/07\/compost-ecocycle.jpg\" alt=\"\" width=\"1000\" height=\"1288\" srcset=\"https:\/\/boulder.earth\/wp-content\/uploads\/2017\/07\/compost-ecocycle.jpg 1000w, https:\/\/boulder.earth\/wp-content\/uploads\/2017\/07\/compost-ecocycle-233x300.jpg 233w, https:\/\/boulder.earth\/wp-content\/uploads\/2017\/07\/compost-ecocycle-768x989.jpg 768w, https:\/\/boulder.earth\/wp-content\/uploads\/2017\/07\/compost-ecocycle-800x1030.jpg 800w, https:\/\/boulder.earth\/wp-content\/uploads\/2017\/07\/compost-ecocycle-547x705.jpg 547w, https:\/\/boulder.earth\/wp-content\/uploads\/2017\/07\/compost-ecocycle-450x580.jpg 450w\" sizes=\"auto, (max-width: 1000px) 100vw, 1000px\" \/><\/p>\n<p><span style=\"border-radius: 2px; text-indent: 20px; width: auto; padding: 0px 4px 0px 0px; text-align: center; font: bold 11px\/20px 'Helvetica Neue',Helvetica,sans-serif; color: #ffffff; background: #bd081c no-repeat scroll 3px 50% \/ 14px 14px; position: absolute; opacity: 1; z-index: 8675309; display: none; cursor: pointer; top: 26px; left: 439px;\">Guardar<\/span><\/p>\n<p><span style=\"border-radius: 2px; text-indent: 20px; width: auto; padding: 0px 4px 0px 0px; text-align: center; font: bold 11px\/20px 'Helvetica Neue',Helvetica,sans-serif; color: #ffffff; background: #bd081c no-repeat scroll 3px 50% \/ 14px 14px; position: absolute; opacity: 1; z-index: 8675309; display: none; cursor: pointer;\">Guardar<\/span><\/p>\n<p><span style=\"border-radius: 2px; text-indent: 20px; width: auto; padding: 0px 4px 0px 0px; text-align: center; font: bold 11px\/20px 'Helvetica Neue',Helvetica,sans-serif; color: #ffffff; background: #bd081c no-repeat scroll 3px 50% \/ 14px 14px; position: absolute; opacity: 1; z-index: 8675309; display: none; cursor: pointer; top: 26px; left: 323px;\">Guardar<\/span><\/p>\n<p><span style=\"border-radius: 2px; text-indent: 20px; width: auto; padding: 0px 4px 0px 0px; text-align: center; font: bold 11px\/20px 'Helvetica Neue',Helvetica,sans-serif; color: #ffffff; background: #bd081c no-repeat scroll 3px 50% \/ 14px 14px; position: absolute; opacity: 1; z-index: 8675309; display: none; cursor: pointer; top: 546px; left: 20px;\">Guardar<\/span><\/p>\n<p><span style=\"border-radius: 2px; text-indent: 20px; width: auto; padding: 0px 4px 0px 0px; text-align: center; font: bold 11px\/20px 'Helvetica Neue',Helvetica,sans-serif; color: #ffffff; background: #bd081c no-repeat scroll 3px 50% \/ 14px 14px; position: absolute; opacity: 1; z-index: 8675309; display: none; cursor: pointer; top: 546px; left: 20px;\">Guardar<\/span><\/p>\n<\/div><\/section>","protected":false},"excerpt":{"rendered":"<p>Uno de los recicladores sin fines de lucro m\u00e1s grandes de los EE. UU. y con una reputaci\u00f3n internacional como pionero e innovador en la conservaci\u00f3n de recursos.<\/p>","protected":false},"author":1,"featured_media":13592,"comment_status":"open","ping_status":"closed","template":"","meta":{"footnotes":""},"tags":[],"portfolio_entries":[240,99,106,359,161,352],"class_list":["post-13591","portfolio","type-portfolio","status-publish","has-post-thumbnail","hentry","portfolio_entries-conservation","portfolio_entries-education","portfolio_entries-environment","portfolio_entries-food-waste","portfolio_entries-resources","portfolio_entries-zero-waste"],"_links":{"self":[{"href":"https:\/\/boulder.earth\/es\/wp-json\/wp\/v2\/portfolio\/13591","targetHints":{"allow":["GET"]}}],"collection":[{"href":"https:\/\/boulder.earth\/es\/wp-json\/wp\/v2\/portfolio"}],"about":[{"href":"https:\/\/boulder.earth\/es\/wp-json\/wp\/v2\/types\/portfolio"}],"author":[{"embeddable":true,"href":"https:\/\/boulder.earth\/es\/wp-json\/wp\/v2\/users\/1"}],"replies":[{"embeddable":true,"href":"https:\/\/boulder.earth\/es\/wp-json\/wp\/v2\/comments?post=13591"}],"version-history":[{"count":2,"href":"https:\/\/boulder.earth\/es\/wp-json\/wp\/v2\/portfolio\/13591\/revisions"}],"predecessor-version":[{"id":138914,"href":"https:\/\/boulder.earth\/es\/wp-json\/wp\/v2\/portfolio\/13591\/revisions\/138914"}],"wp:featuredmedia":[{"embeddable":true,"href":"https:\/\/boulder.earth\/es\/wp-json\/wp\/v2\/media\/13592"}],"wp:attachment":[{"href":"https:\/\/boulder.earth\/es\/wp-json\/wp\/v2\/media?parent=13591"}],"wp:term":[{"taxonomy":"post_tag","embeddable":true,"href":"https:\/\/boulder.earth\/es\/wp-json\/wp\/v2\/tags?post=13591"},{"taxonomy":"portfolio_entries","embeddable":true,"href":"https:\/\/boulder.earth\/es\/wp-json\/wp\/v2\/portfolio_entries?post=13591"}],"curies":[{"name":"wp","href":"https:\/\/api.w.org\/{rel}","templated":true}]}}

Ciclo ecológico

<section  class='av_textblock_section av-av_textblock-0366cc7376be6c9e82a3e9cc8987b64f'   itemscope="itemscope" itemtype="https://schema.org/CreativeWork" ><div class='avia_textblock'  itemprop="text" ><p><img loading="lazy" decoding="async" class="aligncenter wp-image-13592 size-medium" src="http://cloud137.temp.domains/~ozg0xmq9/wp-content/uploads/2017/07/ecocycle-300x200.jpg" alt="" width="300" height="200" srcset="https://boulder.earth/wp-content/uploads/2017/07/ecocycle-300x200.jpg 300w, https://boulder.earth/wp-content/uploads/2017/07/ecocycle-450x300.jpg 450w, https://boulder.earth/wp-content/uploads/2017/07/ecocycle.jpg 500w" sizes="auto, (max-width: 300px) 100vw, 300px" /></p>
<p>Eco-Cycle es uno de los recicladores sin fines de lucro más grandes de los EE. UU. y tiene una reputación internacional como pionero e innovador en la conservación de recursos.</p>
<p>Fuimos establecidos en 1976 por residentes comunes que creían apasionadamente en la conservación de nuestros recursos naturales. Estos voluntarios de Eco-Cycle trajeron el reciclaje a la ciudad en 1976, convirtiendo a Boulder en una de las primeras 20 comunidades en los EE. UU. en ofrecer reciclaje en la acera. Seguimos siendo impulsados por estas mismas pasiones y acciones innovadoras.</p>
<p><strong><em>Línea Directa de Reciclaje Eco-Cycle </em>para el condado de Boulder<br />
303-444-6634  | </strong>Lunes – Viernes, 9am – 5pm<br />
<a href="http://www.ecocycle.org/yourcommunity/boulder">Centro de reciclaje del condado de Boulder</a> (1901 63rd. St.), abierto las 24 horas</p>
<div  class='avia-button-wrap av-av_button-91c694b48f8c85091e517bb3c24973c5-wrap avia-button-left  avia-builder-el-1  avia-builder-el-no-sibling'><a href='http://www.ecocycle.org/'  class='avia-button av-av_button-91c694b48f8c85091e517bb3c24973c5 av-link-btn avia-icon_select-yes-left-icon avia-size-small avia-position-left avia-color-theme-color'  target="_blank"  rel="noopener noreferrer"  aria-label="Sitio web"><span class='avia_button_icon avia_button_icon_left avia-iconfont avia-font-entypo-fontello' data-av_icon='' data-av_iconfont='entypo-fontello' ></span><span class='avia_iconbox_title' >Sitio web</span></a></div>
<p><img loading="lazy" decoding="async" class="aligncenter size-full wp-image-13593" src="http://cloud137.temp.domains/~ozg0xmq9/wp-content/uploads/2017/07/compost-ecocycle.jpg" alt="" width="1000" height="1288" srcset="https://boulder.earth/wp-content/uploads/2017/07/compost-ecocycle.jpg 1000w, https://boulder.earth/wp-content/uploads/2017/07/compost-ecocycle-233x300.jpg 233w, https://boulder.earth/wp-content/uploads/2017/07/compost-ecocycle-768x989.jpg 768w, https://boulder.earth/wp-content/uploads/2017/07/compost-ecocycle-800x1030.jpg 800w, https://boulder.earth/wp-content/uploads/2017/07/compost-ecocycle-547x705.jpg 547w, https://boulder.earth/wp-content/uploads/2017/07/compost-ecocycle-450x580.jpg 450w" sizes="auto, (max-width: 1000px) 100vw, 1000px" /></p>
<p><span style="border-radius: 2px; text-indent: 20px; width: auto; padding: 0px 4px 0px 0px; text-align: center; font: bold 11px/20px 'Helvetica Neue',Helvetica,sans-serif; color: #ffffff; background: #bd081c no-repeat scroll 3px 50% / 14px 14px; position: absolute; opacity: 1; z-index: 8675309; display: none; cursor: pointer; top: 26px; left: 439px;">Guardar</span></p>
<p><span style="border-radius: 2px; text-indent: 20px; width: auto; padding: 0px 4px 0px 0px; text-align: center; font: bold 11px/20px 'Helvetica Neue',Helvetica,sans-serif; color: #ffffff; background: #bd081c no-repeat scroll 3px 50% / 14px 14px; position: absolute; opacity: 1; z-index: 8675309; display: none; cursor: pointer;">Guardar</span></p>
<p><span style="border-radius: 2px; text-indent: 20px; width: auto; padding: 0px 4px 0px 0px; text-align: center; font: bold 11px/20px 'Helvetica Neue',Helvetica,sans-serif; color: #ffffff; background: #bd081c no-repeat scroll 3px 50% / 14px 14px; position: absolute; opacity: 1; z-index: 8675309; display: none; cursor: pointer; top: 26px; left: 323px;">Guardar</span></p>
<p><span style="border-radius: 2px; text-indent: 20px; width: auto; padding: 0px 4px 0px 0px; text-align: center; font: bold 11px/20px 'Helvetica Neue',Helvetica,sans-serif; color: #ffffff; background: #bd081c no-repeat scroll 3px 50% / 14px 14px; position: absolute; opacity: 1; z-index: 8675309; display: none; cursor: pointer; top: 546px; left: 20px;">Guardar</span></p>
<p><span style="border-radius: 2px; text-indent: 20px; width: auto; padding: 0px 4px 0px 0px; text-align: center; font: bold 11px/20px 'Helvetica Neue',Helvetica,sans-serif; color: #ffffff; background: #bd081c no-repeat scroll 3px 50% / 14px 14px; position: absolute; opacity: 1; z-index: 8675309; display: none; cursor: pointer; top: 546px; left: 20px;">Guardar</span></p>
</div></section>

<p>Uno de los recicladores sin fines de lucro más grandes de los EE. UU. y con una reputación internacional como pionero e innovador en la conservación de recursos.</p>
