{"id":152975,"date":"2019-10-09T17:41:11","date_gmt":"2019-10-09T23:41:11","guid":{"rendered":"https:\/\/boulder.earth\/?post_type=portfolio&#038;p=152975"},"modified":"2019-10-09T17:47:23","modified_gmt":"2019-10-09T23:47:23","slug":"sunrise-movement","status":"publish","type":"portfolio","link":"https:\/\/boulder.earth\/es\/organizations\/sunrise-movement\/","title":{"rendered":"Movimiento del amanecer"},"content":{"rendered":"<style type=\"text\/css\" data-created_by=\"avia_inline_auto\" id=\"style-css-av-35ytbnz-70372a2a7b9d9fa6d833b9fe20c5578f\">\n.flex_column.av-35ytbnz-70372a2a7b9d9fa6d833b9fe20c5578f{\nborder-radius:0px 0px 0px 0px;\npadding:0px 0px 0px 0px;\n}\n<\/style>\n<div  class='flex_column av-35ytbnz-70372a2a7b9d9fa6d833b9fe20c5578f av_one_full  avia-builder-el-0  avia-builder-el-no-sibling  first flex_column_div av-zero-column-padding'     ><section  class='av_textblock_section av-ju0ilmuj-6e260a06d43537290af56d15ff24b692'   itemscope=\"itemscope\" itemtype=\"https:\/\/schema.org\/CreativeWork\" ><div class='avia_textblock'  itemprop=\"text\" ><h1>Movimiento del Amanecer de Boulder-Denver<\/h1>\n<div id=\"comp-je08p00y1\" class=\"s_BIwzIGroupSkin\">\n<div id=\"comp-je08p00y1inlineContent\" class=\"s_BIwzIGroupSkininlineContent\">\n<div id=\"comp-je08p00y1inlineContent-gridWrapper\" data-mesh-internal=\"true\">\n<div id=\"comp-je08p00y1inlineContent-gridContainer\" data-mesh-internal=\"true\">\n<div id=\"comp-je08hx0l8\" class=\"txtNew\" data-packed=\"true\"><\/div>\n<\/div>\n<\/div>\n<\/div>\n<\/div>\n<p><img loading=\"lazy\" decoding=\"async\" class=\"alignright size-full wp-image-153316\" src=\"https:\/\/boulder.earth\/wp-content\/uploads\/2019\/10\/sunrise-logo-sm.png\" alt=\"\" width=\"200\" height=\"55\" \/>El Movimiento Sunrise es una manifestaci\u00f3n pol\u00edtica nacional que lucha contra el cambio clim\u00e1tico y aboga por una legislaci\u00f3n r\u00e1pida y efectiva para hacerlo. Somos los j\u00f3venes que se ver\u00e1n afectados por desastres naturales, enfermedades, falta de agua limpia, oc\u00e9anos y r\u00edos agotados, y mucho m\u00e1s si no logramos hacer cambios extremos hoy. EL MOMENTO DEL CAMBIO INCREMENTAL FUE HACE 30 A\u00d1OS. Somos las voces que deben ser escuchadas, los manifestantes que deben ser seguidos y las generaciones que tienen miedo de que no tengamos un futuro en este planeta. Estamos preocupados por c\u00f3mo ser\u00e1 nuestro mundo dentro de doce a\u00f1os, y nos negamos a quedarnos de brazos cruzados y no hacer nada.<\/p>\n<p>\u00a1Hola, gente del \u00e1rea metropolitana de Denver, y bienvenidos al movimiento! Estamos muy emocionados de tenerlos a todos involucrados en la lucha por un planeta sostenible. \u00a1Prometemos hacer todo lo posible para facilitar conversaciones significativas, organizar acciones y demostraciones poderosas y escuchar las opiniones e ideas de todos sobre c\u00f3mo hacer de Colorado un epicentro para la sostenibilidad y la lucha contra el cambio clim\u00e1tico! <a href=\"mailto:bouldersunrise@gmail.com\">Env\u00edanos un correo electr\u00f3nico<\/a><\/p>\n<\/div><\/section><br \/>\n<br \/>\n\n<style type=\"text\/css\" data-created_by=\"avia_inline_auto\" id=\"style-css-av-ju0ikhpd-6e6b61d7fe6fc73da0775d3494fc9d76\">\n.avia-image-container.av-ju0ikhpd-6e6b61d7fe6fc73da0775d3494fc9d76 img.avia_image{\nbox-shadow:none;\n}\n.avia-image-container.av-ju0ikhpd-6e6b61d7fe6fc73da0775d3494fc9d76 .av-image-caption-overlay-center{\ncolor:#ffffff;\n}\n<\/style>\n<div  class='avia-image-container av-ju0ikhpd-6e6b61d7fe6fc73da0775d3494fc9d76 av-styling- avia-align-center'   itemprop=\"image\" itemscope=\"itemscope\" itemtype=\"https:\/\/schema.org\/ImageObject\" ><div class=\"avia-image-container-inner\"><div class=\"avia-image-overlay-wrap\"><img decoding=\"async\" fetchpriority=\"high\" class='wp-image-152978 avia-img-lazy-loading-not-152978 avia_image' src=\"https:\/\/boulder.earth\/wp-content\/uploads\/2019\/10\/march-banner.jpg\" alt='' title='bandera de marcha'  height=\"960\" width=\"960\"  itemprop=\"thumbnailUrl\" srcset=\"https:\/\/boulder.earth\/wp-content\/uploads\/2019\/10\/march-banner.jpg 960w, https:\/\/boulder.earth\/wp-content\/uploads\/2019\/10\/march-banner-80x80.jpg 80w, https:\/\/boulder.earth\/wp-content\/uploads\/2019\/10\/march-banner-300x300.jpg 300w, https:\/\/boulder.earth\/wp-content\/uploads\/2019\/10\/march-banner-768x768.jpg 768w, https:\/\/boulder.earth\/wp-content\/uploads\/2019\/10\/march-banner-36x36.jpg 36w, https:\/\/boulder.earth\/wp-content\/uploads\/2019\/10\/march-banner-180x180.jpg 180w, https:\/\/boulder.earth\/wp-content\/uploads\/2019\/10\/march-banner-705x705.jpg 705w, https:\/\/boulder.earth\/wp-content\/uploads\/2019\/10\/march-banner-120x120.jpg 120w, https:\/\/boulder.earth\/wp-content\/uploads\/2019\/10\/march-banner-450x450.jpg 450w\" sizes=\"(max-width: 960px) 100vw, 960px\" \/><\/div><\/div><\/div><\/p><\/div>","protected":false},"excerpt":{"rendered":"<p>mitin pol\u00edtico nacional que lucha contra el cambio clim\u00e1tico y aboga por una legislaci\u00f3n r\u00e1pida y eficaz para hacerlo<\/p>","protected":false},"author":0,"featured_media":153312,"comment_status":"open","ping_status":"closed","template":"","meta":{"footnotes":""},"tags":[],"portfolio_entries":[98,105,154,108],"class_list":["post-152975","portfolio","type-portfolio","status-publish","has-post-thumbnail","hentry","portfolio_entries-activism","portfolio_entries-economics","portfolio_entries-justice","portfolio_entries-policy"],"_links":{"self":[{"href":"https:\/\/boulder.earth\/es\/wp-json\/wp\/v2\/portfolio\/152975","targetHints":{"allow":["GET"]}}],"collection":[{"href":"https:\/\/boulder.earth\/es\/wp-json\/wp\/v2\/portfolio"}],"about":[{"href":"https:\/\/boulder.earth\/es\/wp-json\/wp\/v2\/types\/portfolio"}],"replies":[{"embeddable":true,"href":"https:\/\/boulder.earth\/es\/wp-json\/wp\/v2\/comments?post=152975"}],"version-history":[{"count":3,"href":"https:\/\/boulder.earth\/es\/wp-json\/wp\/v2\/portfolio\/152975\/revisions"}],"predecessor-version":[{"id":153317,"href":"https:\/\/boulder.earth\/es\/wp-json\/wp\/v2\/portfolio\/152975\/revisions\/153317"}],"wp:featuredmedia":[{"embeddable":true,"href":"https:\/\/boulder.earth\/es\/wp-json\/wp\/v2\/media\/153312"}],"wp:attachment":[{"href":"https:\/\/boulder.earth\/es\/wp-json\/wp\/v2\/media?parent=152975"}],"wp:term":[{"taxonomy":"post_tag","embeddable":true,"href":"https:\/\/boulder.earth\/es\/wp-json\/wp\/v2\/tags?post=152975"},{"taxonomy":"portfolio_entries","embeddable":true,"href":"https:\/\/boulder.earth\/es\/wp-json\/wp\/v2\/portfolio_entries?post=152975"}],"curies":[{"name":"wp","href":"https:\/\/api.w.org\/{rel}","templated":true}]}}

<style type="text/css" data-created_by="avia_inline_auto" id="style-css-av-35ytbnz-70372a2a7b9d9fa6d833b9fe20c5578f">
.flex_column.av-35ytbnz-70372a2a7b9d9fa6d833b9fe20c5578f{
border-radius:0px 0px 0px 0px;
padding:0px 0px 0px 0px;
}
</style>
<div  class='flex_column av-35ytbnz-70372a2a7b9d9fa6d833b9fe20c5578f av_one_full  avia-builder-el-0  avia-builder-el-no-sibling  first flex_column_div av-zero-column-padding'     ><section  class='av_textblock_section av-ju0ilmuj-6e260a06d43537290af56d15ff24b692'   itemscope="itemscope" itemtype="https://schema.org/CreativeWork" ><div class='avia_textblock'  itemprop="text" ><h1>Movimiento del Amanecer de Boulder-Denver</h1>
<div id="comp-je08p00y1" class="s_BIwzIGroupSkin">
<div id="comp-je08p00y1inlineContent" class="s_BIwzIGroupSkininlineContent">
<div id="comp-je08p00y1inlineContent-gridWrapper" data-mesh-internal="true">
<div id="comp-je08p00y1inlineContent-gridContainer" data-mesh-internal="true">
<div id="comp-je08hx0l8" class="txtNew" data-packed="true"></div>
</div>
</div>
</div>
</div>
<p><img loading="lazy" decoding="async" class="alignright size-full wp-image-153316" src="https://boulder.earth/wp-content/uploads/2019/10/sunrise-logo-sm.png" alt="" width="200" height="55" />El Movimiento Sunrise es una manifestación política nacional que lucha contra el cambio climático y aboga por una legislación rápida y efectiva para hacerlo. Somos los jóvenes que se verán afectados por desastres naturales, enfermedades, falta de agua limpia, océanos y ríos agotados, y mucho más si no logramos hacer cambios extremos hoy. EL MOMENTO DEL CAMBIO INCREMENTAL FUE HACE 30 AÑOS. Somos las voces que deben ser escuchadas, los manifestantes que deben ser seguidos y las generaciones que tienen miedo de que no tengamos un futuro en este planeta. Estamos preocupados por cómo será nuestro mundo dentro de doce años, y nos negamos a quedarnos de brazos cruzados y no hacer nada.</p>
<p>¡Hola, gente del área metropolitana de Denver, y bienvenidos al movimiento! Estamos muy emocionados de tenerlos a todos involucrados en la lucha por un planeta sostenible. ¡Prometemos hacer todo lo posible para facilitar conversaciones significativas, organizar acciones y demostraciones poderosas y escuchar las opiniones e ideas de todos sobre cómo hacer de Colorado un epicentro para la sostenibilidad y la lucha contra el cambio climático! <a href="mailto:bouldersunrise@gmail.com">Envíanos un correo electrónico</a></p>
</div></section><br />
<br />

<style type="text/css" data-created_by="avia_inline_auto" id="style-css-av-ju0ikhpd-6e6b61d7fe6fc73da0775d3494fc9d76">
.avia-image-container.av-ju0ikhpd-6e6b61d7fe6fc73da0775d3494fc9d76 img.avia_image{
box-shadow:none;
}
.avia-image-container.av-ju0ikhpd-6e6b61d7fe6fc73da0775d3494fc9d76 .av-image-caption-overlay-center{
color:#ffffff;
}
</style>
<div  class='avia-image-container av-ju0ikhpd-6e6b61d7fe6fc73da0775d3494fc9d76 av-styling- avia-align-center'   itemprop="image" itemscope="itemscope" itemtype="https://schema.org/ImageObject" ><div class="avia-image-container-inner"><div class="avia-image-overlay-wrap"><img decoding="async" fetchpriority="high" class='wp-image-152978 avia-img-lazy-loading-not-152978 avia_image' src="https://boulder.earth/wp-content/uploads/2019/10/march-banner.jpg" alt='' title='bandera de marcha'  height="960" width="960"  itemprop="thumbnailUrl" srcset="https://boulder.earth/wp-content/uploads/2019/10/march-banner.jpg 960w, https://boulder.earth/wp-content/uploads/2019/10/march-banner-80x80.jpg 80w, https://boulder.earth/wp-content/uploads/2019/10/march-banner-300x300.jpg 300w, https://boulder.earth/wp-content/uploads/2019/10/march-banner-768x768.jpg 768w, https://boulder.earth/wp-content/uploads/2019/10/march-banner-36x36.jpg 36w, https://boulder.earth/wp-content/uploads/2019/10/march-banner-180x180.jpg 180w, https://boulder.earth/wp-content/uploads/2019/10/march-banner-705x705.jpg 705w, https://boulder.earth/wp-content/uploads/2019/10/march-banner-120x120.jpg 120w, https://boulder.earth/wp-content/uploads/2019/10/march-banner-450x450.jpg 450w" sizes="(max-width: 960px) 100vw, 960px" /></div></div></div></p></div>

<p>mitin político nacional que lucha contra el cambio climático y aboga por una legislación rápida y eficaz para hacerlo</p>
