{"id":153548,"date":"2019-10-10T10:42:56","date_gmt":"2019-10-10T16:42:56","guid":{"rendered":"https:\/\/boulder.earth\/?post_type=portfolio&#038;p=153548"},"modified":"2019-10-17T10:41:22","modified_gmt":"2019-10-17T16:41:22","slug":"extinction-rebellion-boulder","status":"publish","type":"portfolio","link":"https:\/\/boulder.earth\/es\/organizations\/extinction-rebellion-boulder\/","title":{"rendered":"Extinci\u00f3n Rebeli\u00f3n Condado de Boulder"},"content":{"rendered":"<style type=\"text\/css\" data-created_by=\"avia_inline_auto\" id=\"style-css-av-lna4f64-cfe275b19e0e5d68ae9a55f1b37cb0dd\">\n.flex_column.av-lna4f64-cfe275b19e0e5d68ae9a55f1b37cb0dd{\nborder-radius:0px 0px 0px 0px;\npadding:0px 0px 0px 0px;\n}\n<\/style>\n<div  class='flex_column av-lna4f64-cfe275b19e0e5d68ae9a55f1b37cb0dd av_one_full  avia-builder-el-0  avia-builder-el-no-sibling  first flex_column_div av-zero-column-padding'     ><section  class='av_textblock_section av-ju0ilmuj-6e260a06d43537290af56d15ff24b692'   itemscope=\"itemscope\" itemtype=\"https:\/\/schema.org\/CreativeWork\" ><div class='avia_textblock'  itemprop=\"text\" ><h1><img loading=\"lazy\" decoding=\"async\" class=\"size-full wp-image-154504 alignright\" src=\"https:\/\/boulder.earth\/wp-content\/uploads\/2019\/10\/XR-Boulder-County.jpg\" alt=\"\" width=\"300\" height=\"200\" \/><\/h1>\n<h1>Extinci\u00f3n Rebeli\u00f3n Condado de Boulder<\/h1>\n<p>Extinction Rebellion Boulder es parte de un movimiento internacional que utiliza la desobediencia civil no violenta para lograr un cambio radical con el fin de minimizar el riesgo de extinci\u00f3n humana y colapso ecol\u00f3gico. \u00a1Salvemos nuestro hogar!<\/p>\n<p>Encuentre nuestros eventos en nuestra p\u00e1gina de FB o env\u00edenos un correo electr\u00f3nico a <a href=\"mailto:xrboulder@protonmail.com\">xrboulder@protonmail.com<\/a><\/p>\n<\/div><\/section><br \/>\n<br \/>\n\n<style type=\"text\/css\" data-created_by=\"avia_inline_auto\" id=\"style-css-av-k1kxqvei-5c4debbe9df1a07c9a98e974da1ebdd1\">\n#top .hr.hr-invisible.av-k1kxqvei-5c4debbe9df1a07c9a98e974da1ebdd1{\nheight:50px;\n}\n<\/style>\n<div  class='hr av-k1kxqvei-5c4debbe9df1a07c9a98e974da1ebdd1 hr-invisible'><span class='hr-inner'><span class=\"hr-inner-style\"><\/span><\/span><\/div><br \/>\n\n<style type=\"text\/css\" data-created_by=\"avia_inline_auto\" id=\"style-css-av-ju0ikhpd-333c4b98db38ed78d662f4bfbe8c089c\">\n.avia-image-container.av-ju0ikhpd-333c4b98db38ed78d662f4bfbe8c089c img.avia_image{\nbox-shadow:none;\n}\n.avia-image-container.av-ju0ikhpd-333c4b98db38ed78d662f4bfbe8c089c .av-image-caption-overlay-center{\ncolor:#ffffff;\n}\n<\/style>\n<div  class='avia-image-container av-ju0ikhpd-333c4b98db38ed78d662f4bfbe8c089c av-styling- avia-align-center'   itemprop=\"image\" itemscope=\"itemscope\" itemtype=\"https:\/\/schema.org\/ImageObject\" ><div class=\"avia-image-container-inner\"><div class=\"avia-image-overlay-wrap\"><img decoding=\"async\" fetchpriority=\"high\" class='wp-image-153552 avia-img-lazy-loading-not-153552 avia_image' src=\"https:\/\/boulder.earth\/wp-content\/uploads\/2019\/10\/xr-stickies.jpg\" alt='' title='adhesivos xr'  height=\"960\" width=\"668\"  itemprop=\"thumbnailUrl\" srcset=\"https:\/\/boulder.earth\/wp-content\/uploads\/2019\/10\/xr-stickies.jpg 668w, https:\/\/boulder.earth\/wp-content\/uploads\/2019\/10\/xr-stickies-209x300.jpg 209w, https:\/\/boulder.earth\/wp-content\/uploads\/2019\/10\/xr-stickies-491x705.jpg 491w, https:\/\/boulder.earth\/wp-content\/uploads\/2019\/10\/xr-stickies-450x647.jpg 450w\" sizes=\"(max-width: 668px) 100vw, 668px\" \/><\/div><\/div><\/div><\/p><\/div>","protected":false},"excerpt":{"rendered":"<p>Usar la desobediencia civil no violenta para lograr un cambio radical con el fin de minimizar el riesgo de extinci\u00f3n humana y colapso ecol\u00f3gico<\/p>","protected":false},"author":0,"featured_media":154504,"comment_status":"open","ping_status":"closed","template":"","meta":{"footnotes":""},"tags":[],"portfolio_entries":[98,154],"class_list":["post-153548","portfolio","type-portfolio","status-publish","has-post-thumbnail","hentry","portfolio_entries-activism","portfolio_entries-justice"],"_links":{"self":[{"href":"https:\/\/boulder.earth\/es\/wp-json\/wp\/v2\/portfolio\/153548","targetHints":{"allow":["GET"]}}],"collection":[{"href":"https:\/\/boulder.earth\/es\/wp-json\/wp\/v2\/portfolio"}],"about":[{"href":"https:\/\/boulder.earth\/es\/wp-json\/wp\/v2\/types\/portfolio"}],"replies":[{"embeddable":true,"href":"https:\/\/boulder.earth\/es\/wp-json\/wp\/v2\/comments?post=153548"}],"version-history":[{"count":6,"href":"https:\/\/boulder.earth\/es\/wp-json\/wp\/v2\/portfolio\/153548\/revisions"}],"predecessor-version":[{"id":155621,"href":"https:\/\/boulder.earth\/es\/wp-json\/wp\/v2\/portfolio\/153548\/revisions\/155621"}],"wp:featuredmedia":[{"embeddable":true,"href":"https:\/\/boulder.earth\/es\/wp-json\/wp\/v2\/media\/154504"}],"wp:attachment":[{"href":"https:\/\/boulder.earth\/es\/wp-json\/wp\/v2\/media?parent=153548"}],"wp:term":[{"taxonomy":"post_tag","embeddable":true,"href":"https:\/\/boulder.earth\/es\/wp-json\/wp\/v2\/tags?post=153548"},{"taxonomy":"portfolio_entries","embeddable":true,"href":"https:\/\/boulder.earth\/es\/wp-json\/wp\/v2\/portfolio_entries?post=153548"}],"curies":[{"name":"wp","href":"https:\/\/api.w.org\/{rel}","templated":true}]}}

Extinción Rebelión Condado de Boulder

<style type="text/css" data-created_by="avia_inline_auto" id="style-css-av-lna4f64-cfe275b19e0e5d68ae9a55f1b37cb0dd">
.flex_column.av-lna4f64-cfe275b19e0e5d68ae9a55f1b37cb0dd{
border-radius:0px 0px 0px 0px;
padding:0px 0px 0px 0px;
}
</style>
<div  class='flex_column av-lna4f64-cfe275b19e0e5d68ae9a55f1b37cb0dd av_one_full  avia-builder-el-0  avia-builder-el-no-sibling  first flex_column_div av-zero-column-padding'     ><section  class='av_textblock_section av-ju0ilmuj-6e260a06d43537290af56d15ff24b692'   itemscope="itemscope" itemtype="https://schema.org/CreativeWork" ><div class='avia_textblock'  itemprop="text" ><h1><img loading="lazy" decoding="async" class="size-full wp-image-154504 alignright" src="https://boulder.earth/wp-content/uploads/2019/10/XR-Boulder-County.jpg" alt="" width="300" height="200" /></h1>
<h1>Extinción Rebelión Condado de Boulder</h1>
<p>Extinction Rebellion Boulder es parte de un movimiento internacional que utiliza la desobediencia civil no violenta para lograr un cambio radical con el fin de minimizar el riesgo de extinción humana y colapso ecológico. ¡Salvemos nuestro hogar!</p>
<p>Encuentre nuestros eventos en nuestra página de FB o envíenos un correo electrónico a <a href="mailto:xrboulder@protonmail.com">xrboulder@protonmail.com</a></p>
</div></section><br />
<br />

<style type="text/css" data-created_by="avia_inline_auto" id="style-css-av-k1kxqvei-5c4debbe9df1a07c9a98e974da1ebdd1">
#top .hr.hr-invisible.av-k1kxqvei-5c4debbe9df1a07c9a98e974da1ebdd1{
height:50px;
}
</style>
<div  class='hr av-k1kxqvei-5c4debbe9df1a07c9a98e974da1ebdd1 hr-invisible'><span class='hr-inner'><span class="hr-inner-style"></span></span></div><br />

<style type="text/css" data-created_by="avia_inline_auto" id="style-css-av-ju0ikhpd-333c4b98db38ed78d662f4bfbe8c089c">
.avia-image-container.av-ju0ikhpd-333c4b98db38ed78d662f4bfbe8c089c img.avia_image{
box-shadow:none;
}
.avia-image-container.av-ju0ikhpd-333c4b98db38ed78d662f4bfbe8c089c .av-image-caption-overlay-center{
color:#ffffff;
}
</style>
<div  class='avia-image-container av-ju0ikhpd-333c4b98db38ed78d662f4bfbe8c089c av-styling- avia-align-center'   itemprop="image" itemscope="itemscope" itemtype="https://schema.org/ImageObject" ><div class="avia-image-container-inner"><div class="avia-image-overlay-wrap"><img decoding="async" fetchpriority="high" class='wp-image-153552 avia-img-lazy-loading-not-153552 avia_image' src="https://boulder.earth/wp-content/uploads/2019/10/xr-stickies.jpg" alt='' title='adhesivos xr'  height="960" width="668"  itemprop="thumbnailUrl" srcset="https://boulder.earth/wp-content/uploads/2019/10/xr-stickies.jpg 668w, https://boulder.earth/wp-content/uploads/2019/10/xr-stickies-209x300.jpg 209w, https://boulder.earth/wp-content/uploads/2019/10/xr-stickies-491x705.jpg 491w, https://boulder.earth/wp-content/uploads/2019/10/xr-stickies-450x647.jpg 450w" sizes="(max-width: 668px) 100vw, 668px" /></div></div></div></p></div>

<p>Usar la desobediencia civil no violenta para lograr un cambio radical con el fin de minimizar el riesgo de extinción humana y colapso ecológico</p>
