{"id":18202,"date":"2017-09-12T12:51:05","date_gmt":"2017-09-12T18:51:05","guid":{"rendered":"http:\/\/calendar.boulder.earth\/?post_type=portfolio&#038;p=18202"},"modified":"2018-06-06T14:34:08","modified_gmt":"2018-06-06T20:34:08","slug":"new-era-colorado","status":"publish","type":"portfolio","link":"https:\/\/boulder.earth\/es\/organizations\/new-era-colorado\/","title":{"rendered":"colorado nueva era"},"content":{"rendered":"<p>Fundada en 2006 por un peque\u00f1o grupo de j\u00f3venes graduados universitarios, la Fundaci\u00f3n New Era Colorado ha crecido hasta convertirse en la voz principal de los j\u00f3venes en la pol\u00edtica de todo el estado. Llevamos a los j\u00f3venes al proceso democr\u00e1tico por decenas de miles, ya sea a trav\u00e9s de nuestros innovadores programas de registro de votantes o el trabajo de promoci\u00f3n que hemos realizado para llevar el registro de votantes en l\u00ednea y el prerregistro de 16 y 17 a\u00f1os a Colorado.<\/p>\n<p>Brindamos los recursos y las herramientas para que los j\u00f3venes ganen poder colectivo en el proceso pol\u00edtico. Somos de base. No somos partidistas. Y nuestro objetivo es empoderar a nuestra generaci\u00f3n para liderar a Colorado, no a la izquierda ni a la derecha, sino hacia adelante. Lo hacemos todo con una constante: hacer que la pol\u00edtica vuelva a ser divertida. Y s\u00ed, a menudo es en un autob\u00fas.<\/p>\n<p><div  class='avia-button-wrap av-1met9iy-48353c4a48d016f917f498843da31852-wrap avia-button-left  avia-builder-el-0  el_before_av_button  avia-builder-el-first'><a href='http:\/\/neweracolorado.org\/'  class='avia-button av-1met9iy-48353c4a48d016f917f498843da31852 av-link-btn avia-icon_select-yes-left-icon avia-size-small avia-position-left avia-color-theme-color'  target=\"_blank\"  rel=\"noopener noreferrer\"  aria-label=\"Sitio web\"><span class='avia_button_icon avia_button_icon_left avia-iconfont avia-font-entypo-fontello' data-av_icon='\ue822' data-av_iconfont='entypo-fontello' ><\/span><span class='avia_iconbox_title' >Sitio web<\/span><\/a><\/div>\u00a0 <div  class='avia-button-wrap av-19xfa4a-4420b6c068a695d0b8998ed4522c2f94-wrap avia-button-left  avia-builder-el-1  el_after_av_button  el_before_av_button'><a href='https:\/\/www.facebook.com\/pg\/NewEraColorado'  class='avia-button av-19xfa4a-4420b6c068a695d0b8998ed4522c2f94 av-link-btn avia-icon_select-yes-left-icon avia-size-small avia-position-left avia-color-theme-color'  target=\"_blank\"  rel=\"noopener noreferrer\"  aria-label=\"Facebook\"><span class='avia_button_icon avia_button_icon_left avia-iconfont avia-font-entypo-fontello' data-av_icon='\ue8f5' data-av_iconfont='entypo-fontello' ><\/span><span class='avia_iconbox_title' >Facebook<\/span><\/a><\/div> <div  class='avia-button-wrap av-lp78vu-0bc68f92677becbdf92cad2f060a32f2-wrap avia-button-left  avia-builder-el-2  el_after_av_button  avia-builder-el-last'><a href='https:\/\/www.instagram.com\/neweracolorado'  class='avia-button av-lp78vu-0bc68f92677becbdf92cad2f060a32f2 av-link-btn avia-icon_select-yes-left-icon avia-size-small avia-position-left avia-color-theme-color'  target=\"_blank\"  rel=\"noopener noreferrer\"  aria-label=\"@neweracolorado\"><span class='avia_button_icon avia_button_icon_left avia-iconfont avia-font-entypo-fontello' data-av_icon='\ue909' data-av_iconfont='entypo-fontello' ><\/span><span class='avia_iconbox_title' >@neweracolorado<\/span><\/a><\/div><\/p>\n<p><img loading=\"lazy\" decoding=\"async\" class=\"aligncenter size-full wp-image-18203\" src=\"http:\/\/cloud137.temp.domains\/~ozg0xmq9\/wp-content\/uploads\/2017\/09\/new-era-volunteers.jpg\" alt=\"\" width=\"800\" height=\"395\" srcset=\"https:\/\/boulder.earth\/wp-content\/uploads\/2017\/09\/new-era-volunteers.jpg 800w, https:\/\/boulder.earth\/wp-content\/uploads\/2017\/09\/new-era-volunteers-300x148.jpg 300w, https:\/\/boulder.earth\/wp-content\/uploads\/2017\/09\/new-era-volunteers-768x379.jpg 768w, https:\/\/boulder.earth\/wp-content\/uploads\/2017\/09\/new-era-volunteers-705x348.jpg 705w, https:\/\/boulder.earth\/wp-content\/uploads\/2017\/09\/new-era-volunteers-450x222.jpg 450w\" sizes=\"auto, (max-width: 800px) 100vw, 800px\" \/><\/p>","protected":false},"excerpt":{"rendered":"<p>voz principal de los j\u00f3venes en la pol\u00edtica de todo el estado<\/p>","protected":false},"author":1,"featured_media":18204,"comment_status":"open","ping_status":"closed","template":"","meta":{"footnotes":""},"tags":[],"portfolio_entries":[98,99,107,230,154,108],"class_list":["post-18202","portfolio","type-portfolio","status-publish","has-post-thumbnail","hentry","portfolio_entries-activism","portfolio_entries-education","portfolio_entries-energy","portfolio_entries-fracking","portfolio_entries-justice","portfolio_entries-policy"],"_links":{"self":[{"href":"https:\/\/boulder.earth\/es\/wp-json\/wp\/v2\/portfolio\/18202","targetHints":{"allow":["GET"]}}],"collection":[{"href":"https:\/\/boulder.earth\/es\/wp-json\/wp\/v2\/portfolio"}],"about":[{"href":"https:\/\/boulder.earth\/es\/wp-json\/wp\/v2\/types\/portfolio"}],"author":[{"embeddable":true,"href":"https:\/\/boulder.earth\/es\/wp-json\/wp\/v2\/users\/1"}],"replies":[{"embeddable":true,"href":"https:\/\/boulder.earth\/es\/wp-json\/wp\/v2\/comments?post=18202"}],"version-history":[{"count":1,"href":"https:\/\/boulder.earth\/es\/wp-json\/wp\/v2\/portfolio\/18202\/revisions"}],"predecessor-version":[{"id":18205,"href":"https:\/\/boulder.earth\/es\/wp-json\/wp\/v2\/portfolio\/18202\/revisions\/18205"}],"wp:featuredmedia":[{"embeddable":true,"href":"https:\/\/boulder.earth\/es\/wp-json\/wp\/v2\/media\/18204"}],"wp:attachment":[{"href":"https:\/\/boulder.earth\/es\/wp-json\/wp\/v2\/media?parent=18202"}],"wp:term":[{"taxonomy":"post_tag","embeddable":true,"href":"https:\/\/boulder.earth\/es\/wp-json\/wp\/v2\/tags?post=18202"},{"taxonomy":"portfolio_entries","embeddable":true,"href":"https:\/\/boulder.earth\/es\/wp-json\/wp\/v2\/portfolio_entries?post=18202"}],"curies":[{"name":"wp","href":"https:\/\/api.w.org\/{rel}","templated":true}]}}

<p>Fundada en 2006 por un pequeño grupo de jóvenes graduados universitarios, la Fundación New Era Colorado ha crecido hasta convertirse en la voz principal de los jóvenes en la política de todo el estado. Llevamos a los jóvenes al proceso democrático por decenas de miles, ya sea a través de nuestros innovadores programas de registro de votantes o el trabajo de promoción que hemos realizado para llevar el registro de votantes en línea y el prerregistro de 16 y 17 años a Colorado.</p>
<p>Brindamos los recursos y las herramientas para que los jóvenes ganen poder colectivo en el proceso político. Somos de base. No somos partidistas. Y nuestro objetivo es empoderar a nuestra generación para liderar a Colorado, no a la izquierda ni a la derecha, sino hacia adelante. Lo hacemos todo con una constante: hacer que la política vuelva a ser divertida. Y sí, a menudo es en un autobús.</p>
<p><div  class='avia-button-wrap av-1met9iy-48353c4a48d016f917f498843da31852-wrap avia-button-left  avia-builder-el-0  el_before_av_button  avia-builder-el-first'><a href='http://neweracolorado.org/'  class='avia-button av-1met9iy-48353c4a48d016f917f498843da31852 av-link-btn avia-icon_select-yes-left-icon avia-size-small avia-position-left avia-color-theme-color'  target="_blank"  rel="noopener noreferrer"  aria-label="Sitio web"><span class='avia_button_icon avia_button_icon_left avia-iconfont avia-font-entypo-fontello' data-av_icon='' data-av_iconfont='entypo-fontello' ></span><span class='avia_iconbox_title' >Sitio web</span></a></div>  <div  class='avia-button-wrap av-19xfa4a-4420b6c068a695d0b8998ed4522c2f94-wrap avia-button-left  avia-builder-el-1  el_after_av_button  el_before_av_button'><a href='https://www.facebook.com/pg/NewEraColorado'  class='avia-button av-19xfa4a-4420b6c068a695d0b8998ed4522c2f94 av-link-btn avia-icon_select-yes-left-icon avia-size-small avia-position-left avia-color-theme-color'  target="_blank"  rel="noopener noreferrer"  aria-label="Facebook"><span class='avia_button_icon avia_button_icon_left avia-iconfont avia-font-entypo-fontello' data-av_icon='' data-av_iconfont='entypo-fontello' ></span><span class='avia_iconbox_title' >Facebook</span></a></div> <div  class='avia-button-wrap av-lp78vu-0bc68f92677becbdf92cad2f060a32f2-wrap avia-button-left  avia-builder-el-2  el_after_av_button  avia-builder-el-last'><a href='https://www.instagram.com/neweracolorado'  class='avia-button av-lp78vu-0bc68f92677becbdf92cad2f060a32f2 av-link-btn avia-icon_select-yes-left-icon avia-size-small avia-position-left avia-color-theme-color'  target="_blank"  rel="noopener noreferrer"  aria-label="@neweracolorado"><span class='avia_button_icon avia_button_icon_left avia-iconfont avia-font-entypo-fontello' data-av_icon='' data-av_iconfont='entypo-fontello' ></span><span class='avia_iconbox_title' >@neweracolorado</span></a></div></p>
<p><img loading="lazy" decoding="async" class="aligncenter size-full wp-image-18203" src="http://cloud137.temp.domains/~ozg0xmq9/wp-content/uploads/2017/09/new-era-volunteers.jpg" alt="" width="800" height="395" srcset="https://boulder.earth/wp-content/uploads/2017/09/new-era-volunteers.jpg 800w, https://boulder.earth/wp-content/uploads/2017/09/new-era-volunteers-300x148.jpg 300w, https://boulder.earth/wp-content/uploads/2017/09/new-era-volunteers-768x379.jpg 768w, https://boulder.earth/wp-content/uploads/2017/09/new-era-volunteers-705x348.jpg 705w, https://boulder.earth/wp-content/uploads/2017/09/new-era-volunteers-450x222.jpg 450w" sizes="auto, (max-width: 800px) 100vw, 800px" /></p>

<p>voz principal de los jóvenes en la política de todo el estado</p>
