{"id":18997,"date":"2017-09-22T15:44:59","date_gmt":"2017-09-22T21:44:59","guid":{"rendered":"http:\/\/calendar.boulder.earth\/?post_type=portfolio&#038;p=18997"},"modified":"2018-06-06T14:34:08","modified_gmt":"2018-06-06T20:34:08","slug":"rocky-mountain-peace-and-justice-center","status":"publish","type":"portfolio","link":"https:\/\/boulder.earth\/es\/organizations\/rocky-mountain-peace-and-justice-center\/","title":{"rendered":"Centro de Justicia y Paz de las Monta\u00f1as Rocosas"},"content":{"rendered":"<p>El trabajo de la RMPJC se realiza a trav\u00e9s de grupos de educaci\u00f3n y acci\u00f3n conocidos como \u201ccolectivos\u201d. Cada Colectivo se enfoca en un tema espec\u00edfico e interconectado y promueve la participaci\u00f3n democr\u00e1tica de los miembros de la comunidad. Los colectivos de RMPJC incluyen: Tutela nuclear, Paz global, Justicia social, Educaci\u00f3n no violenta, Justicia econ\u00f3mica y Alfabetizaci\u00f3n medi\u00e1tica cr\u00edtica.<\/p>\n<p><div  class='avia-button-wrap av-1rbzvrp-afa91398e5c74f5a9e33c6a60859f159-wrap avia-button-left  avia-builder-el-0  el_before_av_button  avia-builder-el-first'><a href='https:\/\/www.rmpjc.org\/'  class='avia-button av-1rbzvrp-afa91398e5c74f5a9e33c6a60859f159 av-link-btn avia-icon_select-yes-left-icon avia-size-small avia-position-left avia-color-theme-color'  target=\"_blank\"  rel=\"noopener noreferrer\"  aria-label=\"Sitio web\"><span class='avia_button_icon avia_button_icon_left avia-iconfont avia-font-entypo-fontello' data-av_icon='\ue822' data-av_iconfont='entypo-fontello' ><\/span><span class='avia_iconbox_title' >Sitio web<\/span><\/a><\/div>\u00a0 <div  class='avia-button-wrap av-1577gvp-59a6649d18e2d1f54295114bd938d22a-wrap avia-button-left  avia-builder-el-1  el_after_av_button  el_before_av_button'><a href='https:\/\/www.facebook.com\/RockyMountainPeaceandJustice\/ '  class='avia-button av-1577gvp-59a6649d18e2d1f54295114bd938d22a av-link-btn avia-icon_select-yes-left-icon avia-size-small avia-position-left avia-color-theme-color'  target=\"_blank\"  rel=\"noopener noreferrer\"  aria-label=\"Facebook\"><span class='avia_button_icon avia_button_icon_left avia-iconfont avia-font-entypo-fontello' data-av_icon='\ue8f3' data-av_iconfont='entypo-fontello' ><\/span><span class='avia_iconbox_title' >Facebook<\/span><\/a><\/div>\u00a0 <div  class='avia-button-wrap av-l1x7qt-0da0112c3c68380ebaeef5256b894345-wrap avia-button-left  avia-builder-el-2  el_after_av_button  avia-builder-el-last'><a href='https:\/\/twitter.com\/rmpjc'  class='avia-button av-l1x7qt-0da0112c3c68380ebaeef5256b894345 av-link-btn avia-icon_select-yes-left-icon avia-size-small avia-position-left avia-color-theme-color'  target=\"_blank\"  rel=\"noopener noreferrer\"  aria-label=\"@rmpjc\"><span class='avia_button_icon avia_button_icon_left avia-iconfont avia-font-entypo-fontello' data-av_icon='\ue8f1' data-av_iconfont='entypo-fontello' ><\/span><span class='avia_iconbox_title' >@rmpjc<\/span><\/a><\/div><\/p>\n<p><a href=\"http:\/\/cloud137.temp.domains\/~ozg0xmq9\/wp-content\/uploads\/2017\/09\/rmpjc-tabletent.jpg\"><img loading=\"lazy\" decoding=\"async\" class=\"aligncenter size-large wp-image-18999\" src=\"http:\/\/cloud137.temp.domains\/~ozg0xmq9\/wp-content\/uploads\/2017\/09\/rmpjc-tabletent-1030x773.jpg\" alt=\"\" width=\"1030\" height=\"773\" srcset=\"https:\/\/boulder.earth\/wp-content\/uploads\/2017\/09\/rmpjc-tabletent-1030x773.jpg 1030w, https:\/\/boulder.earth\/wp-content\/uploads\/2017\/09\/rmpjc-tabletent-300x225.jpg 300w, https:\/\/boulder.earth\/wp-content\/uploads\/2017\/09\/rmpjc-tabletent-768x576.jpg 768w, https:\/\/boulder.earth\/wp-content\/uploads\/2017\/09\/rmpjc-tabletent-705x529.jpg 705w, https:\/\/boulder.earth\/wp-content\/uploads\/2017\/09\/rmpjc-tabletent-450x338.jpg 450w, https:\/\/boulder.earth\/wp-content\/uploads\/2017\/09\/rmpjc-tabletent.jpg 1200w\" sizes=\"auto, (max-width: 1030px) 100vw, 1030px\" \/><\/a><\/p>","protected":false},"excerpt":{"rendered":"<p>Los grupos de educaci\u00f3n y acci\u00f3n nuclear, tutela, paz global, justicia social, educaci\u00f3n no violenta, justicia econ\u00f3mica y alfabetizaci\u00f3n medi\u00e1tica cr\u00edtica se centran en temas espec\u00edficos e interconectados y promueven la participaci\u00f3n democr\u00e1tica de los miembros de la comunidad. <\/p>","protected":false},"author":1,"featured_media":18998,"comment_status":"open","ping_status":"closed","template":"","meta":{"footnotes":""},"tags":[],"portfolio_entries":[98,109,99,230,154],"class_list":["post-18997","portfolio","type-portfolio","status-publish","has-post-thumbnail","hentry","portfolio_entries-activism","portfolio_entries-community","portfolio_entries-education","portfolio_entries-fracking","portfolio_entries-justice"],"_links":{"self":[{"href":"https:\/\/boulder.earth\/es\/wp-json\/wp\/v2\/portfolio\/18997","targetHints":{"allow":["GET"]}}],"collection":[{"href":"https:\/\/boulder.earth\/es\/wp-json\/wp\/v2\/portfolio"}],"about":[{"href":"https:\/\/boulder.earth\/es\/wp-json\/wp\/v2\/types\/portfolio"}],"author":[{"embeddable":true,"href":"https:\/\/boulder.earth\/es\/wp-json\/wp\/v2\/users\/1"}],"replies":[{"embeddable":true,"href":"https:\/\/boulder.earth\/es\/wp-json\/wp\/v2\/comments?post=18997"}],"version-history":[{"count":0,"href":"https:\/\/boulder.earth\/es\/wp-json\/wp\/v2\/portfolio\/18997\/revisions"}],"wp:featuredmedia":[{"embeddable":true,"href":"https:\/\/boulder.earth\/es\/wp-json\/wp\/v2\/media\/18998"}],"wp:attachment":[{"href":"https:\/\/boulder.earth\/es\/wp-json\/wp\/v2\/media?parent=18997"}],"wp:term":[{"taxonomy":"post_tag","embeddable":true,"href":"https:\/\/boulder.earth\/es\/wp-json\/wp\/v2\/tags?post=18997"},{"taxonomy":"portfolio_entries","embeddable":true,"href":"https:\/\/boulder.earth\/es\/wp-json\/wp\/v2\/portfolio_entries?post=18997"}],"curies":[{"name":"wp","href":"https:\/\/api.w.org\/{rel}","templated":true}]}}

Centro de Justicia y Paz de las Montañas Rocosas

<p>El trabajo de la RMPJC se realiza a través de grupos de educación y acción conocidos como “colectivos”. Cada Colectivo se enfoca en un tema específico e interconectado y promueve la participación democrática de los miembros de la comunidad. Los colectivos de RMPJC incluyen: Tutela nuclear, Paz global, Justicia social, Educación no violenta, Justicia económica y Alfabetización mediática crítica.</p>
<p><div  class='avia-button-wrap av-1rbzvrp-afa91398e5c74f5a9e33c6a60859f159-wrap avia-button-left  avia-builder-el-0  el_before_av_button  avia-builder-el-first'><a href='https://www.rmpjc.org/'  class='avia-button av-1rbzvrp-afa91398e5c74f5a9e33c6a60859f159 av-link-btn avia-icon_select-yes-left-icon avia-size-small avia-position-left avia-color-theme-color'  target="_blank"  rel="noopener noreferrer"  aria-label="Sitio web"><span class='avia_button_icon avia_button_icon_left avia-iconfont avia-font-entypo-fontello' data-av_icon='' data-av_iconfont='entypo-fontello' ></span><span class='avia_iconbox_title' >Sitio web</span></a></div>  <div  class='avia-button-wrap av-1577gvp-59a6649d18e2d1f54295114bd938d22a-wrap avia-button-left  avia-builder-el-1  el_after_av_button  el_before_av_button'><a href='https://www.facebook.com/RockyMountainPeaceandJustice/ '  class='avia-button av-1577gvp-59a6649d18e2d1f54295114bd938d22a av-link-btn avia-icon_select-yes-left-icon avia-size-small avia-position-left avia-color-theme-color'  target="_blank"  rel="noopener noreferrer"  aria-label="Facebook"><span class='avia_button_icon avia_button_icon_left avia-iconfont avia-font-entypo-fontello' data-av_icon='' data-av_iconfont='entypo-fontello' ></span><span class='avia_iconbox_title' >Facebook</span></a></div>  <div  class='avia-button-wrap av-l1x7qt-0da0112c3c68380ebaeef5256b894345-wrap avia-button-left  avia-builder-el-2  el_after_av_button  avia-builder-el-last'><a href='https://twitter.com/rmpjc'  class='avia-button av-l1x7qt-0da0112c3c68380ebaeef5256b894345 av-link-btn avia-icon_select-yes-left-icon avia-size-small avia-position-left avia-color-theme-color'  target="_blank"  rel="noopener noreferrer"  aria-label="@rmpjc"><span class='avia_button_icon avia_button_icon_left avia-iconfont avia-font-entypo-fontello' data-av_icon='' data-av_iconfont='entypo-fontello' ></span><span class='avia_iconbox_title' >@rmpjc</span></a></div></p>
<p><a href="http://cloud137.temp.domains/~ozg0xmq9/wp-content/uploads/2017/09/rmpjc-tabletent.jpg"><img loading="lazy" decoding="async" class="aligncenter size-large wp-image-18999" src="http://cloud137.temp.domains/~ozg0xmq9/wp-content/uploads/2017/09/rmpjc-tabletent-1030x773.jpg" alt="" width="1030" height="773" srcset="https://boulder.earth/wp-content/uploads/2017/09/rmpjc-tabletent-1030x773.jpg 1030w, https://boulder.earth/wp-content/uploads/2017/09/rmpjc-tabletent-300x225.jpg 300w, https://boulder.earth/wp-content/uploads/2017/09/rmpjc-tabletent-768x576.jpg 768w, https://boulder.earth/wp-content/uploads/2017/09/rmpjc-tabletent-705x529.jpg 705w, https://boulder.earth/wp-content/uploads/2017/09/rmpjc-tabletent-450x338.jpg 450w, https://boulder.earth/wp-content/uploads/2017/09/rmpjc-tabletent.jpg 1200w" sizes="auto, (max-width: 1030px) 100vw, 1030px" /></a></p>

<p>Los grupos de educación y acción nuclear, tutela, paz global, justicia social, educación no violenta, justicia económica y alfabetización mediática crítica se centran en temas específicos e interconectados y promueven la participación democrática de los miembros de la comunidad. </p>
