{"id":20223,"date":"2017-09-26T22:37:47","date_gmt":"2017-09-26T22:37:47","guid":{"rendered":"http:\/\/cloud137.temp.domains\/~ozg0xmq9\/?post_type=portfolio&#038;p=20223"},"modified":"2020-04-22T10:12:18","modified_gmt":"2020-04-22T16:12:18","slug":"colorado-ocean-coalition","status":"publish","type":"portfolio","link":"https:\/\/boulder.earth\/es\/organizations\/colorado-ocean-coalition\/","title":{"rendered":"Coalici\u00f3n del Oc\u00e9ano de Colorado"},"content":{"rendered":"<p>Colorado Ocean Coalition es el cap\u00edtulo fundador de Inland Ocean Coalition, que ahora tiene 15 cap\u00edtulos en Am\u00e9rica del Norte. Nuestra visi\u00f3n es que los ciudadanos y las comunidades asuman un papel activo en la mejora de los impactos y las relaciones entre el interior, la costa y el oc\u00e9ano. El cargo unificador de la Coalici\u00f3n es desarrollar una relaci\u00f3n bidireccional con el oc\u00e9ano y el agua, ya que quienes viven entre monta\u00f1as, r\u00edos y ciudades del interior tienen un impacto directo en los ciclos de vida en el oc\u00e9ano. Como el primer Movimiento Inland Ocean de la naci\u00f3n, nuestro objetivo es ser un manantial para la alfabetizaci\u00f3n y la participaci\u00f3n comunitaria en toda Am\u00e9rica del Norte.<\/p>\n<p><div  class='avia-button-wrap av-6m1j9b-61bc85b918e2e1cc6051108a5001d530-wrap avia-button-left  avia-builder-el-0  el_before_av_button  avia-builder-el-first'><a href='http:\/\/inlandoceancoalition.org\/'  class='avia-button av-6m1j9b-61bc85b918e2e1cc6051108a5001d530 av-link-btn avia-icon_select-yes-left-icon avia-size-small avia-position-left avia-color-theme-color'  target=\"_blank\"  rel=\"noopener noreferrer\"  aria-label=\"Sitio web\"><span class='avia_button_icon avia_button_icon_left avia-iconfont avia-font-entypo-fontello' data-av_icon='\ue822' data-av_iconfont='entypo-fontello' ><\/span><span class='avia_iconbox_title' >Sitio web<\/span><\/a><\/div>\u00a0 <div  class='avia-button-wrap av-17yeb7j-b775a7633bf710fa236abe68d00b7d23-wrap avia-button-left  avia-builder-el-1  el_after_av_button  el_before_av_button'><a href='https:\/\/www.facebook.com\/ColoradoOcean\/'  class='avia-button av-17yeb7j-b775a7633bf710fa236abe68d00b7d23 av-link-btn avia-icon_select-yes-left-icon avia-size-small avia-position-left avia-color-theme-color'  target=\"_blank\"  rel=\"noopener noreferrer\"  aria-label=\"Facebook\"><span class='avia_button_icon avia_button_icon_left avia-iconfont avia-font-entypo-fontello' data-av_icon='\ue8f5' data-av_iconfont='entypo-fontello' ><\/span><span class='avia_iconbox_title' >Facebook<\/span><\/a><\/div> <div  class='avia-button-wrap av-qvwtr3-f33d5a9819d9fa99121cac7a778afd2a-wrap avia-button-left  avia-builder-el-2  el_after_av_button  avia-builder-el-last'><a href='https:\/\/www.instagram.com\/coloradooceancoalition\/'  class='avia-button av-qvwtr3-f33d5a9819d9fa99121cac7a778afd2a av-link-btn avia-icon_select-yes-left-icon avia-size-small avia-position-left avia-color-theme-color'  target=\"_blank\"  rel=\"noopener noreferrer\"  aria-label=\"@coloradooceancoalition\"><span class='avia_button_icon avia_button_icon_left avia-iconfont avia-font-entypo-fontello' data-av_icon='\ue909' data-av_iconfont='entypo-fontello' ><\/span><span class='avia_iconbox_title' >@coloradooceancoalition<\/span><\/a><\/div><\/p>\n<div id=\"attachment_20224\" style=\"width: 710px\" class=\"wp-caption aligncenter\"><img loading=\"lazy\" decoding=\"async\" aria-describedby=\"caption-attachment-20224\" class=\"size-full wp-image-20224\" src=\"http:\/\/cloud137.temp.domains\/~ozg0xmq9\/wp-content\/uploads\/2017\/09\/COCO-Ocean-Ambassador-graduation.jpg\" alt=\"\" width=\"700\" height=\"467\" srcset=\"https:\/\/boulder.earth\/wp-content\/uploads\/2017\/09\/COCO-Ocean-Ambassador-graduation.jpg 700w, https:\/\/boulder.earth\/wp-content\/uploads\/2017\/09\/COCO-Ocean-Ambassador-graduation-300x200.jpg 300w, https:\/\/boulder.earth\/wp-content\/uploads\/2017\/09\/COCO-Ocean-Ambassador-graduation-450x300.jpg 450w\" sizes=\"auto, (max-width: 700px) 100vw, 700px\" \/><p id=\"caption-attachment-20224\" class=\"wp-caption-text\">Graduaci\u00f3n de Ocean Ambassador en 2014<\/p><\/div>","protected":false},"excerpt":{"rendered":"<p>el cap\u00edtulo fundador de Inland Ocean Coalition, que ahora tiene 7 cap\u00edtulos en Am\u00e9rica del Norte, ayudando a los ciudadanos y las comunidades a desempe\u00f1ar un papel activo en la mejora de los impactos y las relaciones entre el interior, la costa y el oc\u00e9ano<\/p>","protected":false},"author":0,"featured_media":20225,"comment_status":"open","ping_status":"closed","template":"","meta":{"footnotes":""},"tags":[],"portfolio_entries":[98,99,100,159],"class_list":["post-20223","portfolio","type-portfolio","status-publish","has-post-thumbnail","hentry","portfolio_entries-activism","portfolio_entries-education","portfolio_entries-science","portfolio_entries-water"],"_links":{"self":[{"href":"https:\/\/boulder.earth\/es\/wp-json\/wp\/v2\/portfolio\/20223","targetHints":{"allow":["GET"]}}],"collection":[{"href":"https:\/\/boulder.earth\/es\/wp-json\/wp\/v2\/portfolio"}],"about":[{"href":"https:\/\/boulder.earth\/es\/wp-json\/wp\/v2\/types\/portfolio"}],"replies":[{"embeddable":true,"href":"https:\/\/boulder.earth\/es\/wp-json\/wp\/v2\/comments?post=20223"}],"version-history":[{"count":1,"href":"https:\/\/boulder.earth\/es\/wp-json\/wp\/v2\/portfolio\/20223\/revisions"}],"predecessor-version":[{"id":205823,"href":"https:\/\/boulder.earth\/es\/wp-json\/wp\/v2\/portfolio\/20223\/revisions\/205823"}],"wp:featuredmedia":[{"embeddable":true,"href":"https:\/\/boulder.earth\/es\/wp-json\/wp\/v2\/media\/20225"}],"wp:attachment":[{"href":"https:\/\/boulder.earth\/es\/wp-json\/wp\/v2\/media?parent=20223"}],"wp:term":[{"taxonomy":"post_tag","embeddable":true,"href":"https:\/\/boulder.earth\/es\/wp-json\/wp\/v2\/tags?post=20223"},{"taxonomy":"portfolio_entries","embeddable":true,"href":"https:\/\/boulder.earth\/es\/wp-json\/wp\/v2\/portfolio_entries?post=20223"}],"curies":[{"name":"wp","href":"https:\/\/api.w.org\/{rel}","templated":true}]}}

Coalición del Océano de Colorado

<p>Colorado Ocean Coalition es el capítulo fundador de Inland Ocean Coalition, que ahora tiene 15 capítulos en América del Norte. Nuestra visión es que los ciudadanos y las comunidades asuman un papel activo en la mejora de los impactos y las relaciones entre el interior, la costa y el océano. El cargo unificador de la Coalición es desarrollar una relación bidireccional con el océano y el agua, ya que quienes viven entre montañas, ríos y ciudades del interior tienen un impacto directo en los ciclos de vida en el océano. Como el primer Movimiento Inland Ocean de la nación, nuestro objetivo es ser un manantial para la alfabetización y la participación comunitaria en toda América del Norte.</p>
<p><div  class='avia-button-wrap av-6m1j9b-61bc85b918e2e1cc6051108a5001d530-wrap avia-button-left  avia-builder-el-0  el_before_av_button  avia-builder-el-first'><a href='http://inlandoceancoalition.org/'  class='avia-button av-6m1j9b-61bc85b918e2e1cc6051108a5001d530 av-link-btn avia-icon_select-yes-left-icon avia-size-small avia-position-left avia-color-theme-color'  target="_blank"  rel="noopener noreferrer"  aria-label="Sitio web"><span class='avia_button_icon avia_button_icon_left avia-iconfont avia-font-entypo-fontello' data-av_icon='' data-av_iconfont='entypo-fontello' ></span><span class='avia_iconbox_title' >Sitio web</span></a></div>  <div  class='avia-button-wrap av-17yeb7j-b775a7633bf710fa236abe68d00b7d23-wrap avia-button-left  avia-builder-el-1  el_after_av_button  el_before_av_button'><a href='https://www.facebook.com/ColoradoOcean/'  class='avia-button av-17yeb7j-b775a7633bf710fa236abe68d00b7d23 av-link-btn avia-icon_select-yes-left-icon avia-size-small avia-position-left avia-color-theme-color'  target="_blank"  rel="noopener noreferrer"  aria-label="Facebook"><span class='avia_button_icon avia_button_icon_left avia-iconfont avia-font-entypo-fontello' data-av_icon='' data-av_iconfont='entypo-fontello' ></span><span class='avia_iconbox_title' >Facebook</span></a></div> <div  class='avia-button-wrap av-qvwtr3-f33d5a9819d9fa99121cac7a778afd2a-wrap avia-button-left  avia-builder-el-2  el_after_av_button  avia-builder-el-last'><a href='https://www.instagram.com/coloradooceancoalition/'  class='avia-button av-qvwtr3-f33d5a9819d9fa99121cac7a778afd2a av-link-btn avia-icon_select-yes-left-icon avia-size-small avia-position-left avia-color-theme-color'  target="_blank"  rel="noopener noreferrer"  aria-label="@coloradooceancoalition"><span class='avia_button_icon avia_button_icon_left avia-iconfont avia-font-entypo-fontello' data-av_icon='' data-av_iconfont='entypo-fontello' ></span><span class='avia_iconbox_title' >@coloradooceancoalition</span></a></div></p>
<div id="attachment_20224" style="width: 710px" class="wp-caption aligncenter"><img loading="lazy" decoding="async" aria-describedby="caption-attachment-20224" class="size-full wp-image-20224" src="http://cloud137.temp.domains/~ozg0xmq9/wp-content/uploads/2017/09/COCO-Ocean-Ambassador-graduation.jpg" alt="" width="700" height="467" srcset="https://boulder.earth/wp-content/uploads/2017/09/COCO-Ocean-Ambassador-graduation.jpg 700w, https://boulder.earth/wp-content/uploads/2017/09/COCO-Ocean-Ambassador-graduation-300x200.jpg 300w, https://boulder.earth/wp-content/uploads/2017/09/COCO-Ocean-Ambassador-graduation-450x300.jpg 450w" sizes="auto, (max-width: 700px) 100vw, 700px" /><p id="caption-attachment-20224" class="wp-caption-text">Graduación de Ocean Ambassador en 2014</p></div>

<p>el capítulo fundador de Inland Ocean Coalition, que ahora tiene 7 capítulos en América del Norte, ayudando a los ciudadanos y las comunidades a desempeñar un papel activo en la mejora de los impactos y las relaciones entre el interior, la costa y el océano</p>
