{"id":20369,"date":"2017-09-27T20:44:05","date_gmt":"2017-09-27T20:44:05","guid":{"rendered":"http:\/\/boulder.earth\/?post_type=portfolio&#038;p=20369"},"modified":"2018-06-06T14:34:06","modified_gmt":"2018-06-06T20:34:06","slug":"permaculture-action-network","status":"publish","type":"portfolio","link":"https:\/\/boulder.earth\/es\/organizations\/permaculture-action-network\/","title":{"rendered":"Red de Acci\u00f3n de Permacultura"},"content":{"rendered":"<p>Permaculture Action Network trabaja en la intersecci\u00f3n del arte, la m\u00fasica y la cultura regenerativa. Ofrecemos a las personas un camino para tomar acci\u00f3n localmente donde viven para crear comunidades empoderadas. Al conectar a educadores, organizadores comunitarios, proyectos de base y artistas de performance, movilizamos audiencias diversas para construir un mundo regenerativo y justo mientras empujamos la comunidad y la justicia ecol\u00f3gica al centro de la narrativa cultural de la sociedad.<\/p>\n<p><div  class='avia-button-wrap av-1hc9t4h-955fc9ccb29d297024b3a4800b810187-wrap avia-button-left  avia-builder-el-0  el_before_av_button  avia-builder-el-first'><a href='http:\/\/www.permacultureaction.org\/'  class='avia-button av-1hc9t4h-955fc9ccb29d297024b3a4800b810187 av-link-btn avia-icon_select-yes-left-icon avia-size-small avia-position-left avia-color-theme-color'  target=\"_blank\"  rel=\"noopener noreferrer\"  aria-label=\"Sitio web\"><span class='avia_button_icon avia_button_icon_left avia-iconfont avia-font-entypo-fontello' data-av_icon='\ue822' data-av_iconfont='entypo-fontello' ><\/span><span class='avia_iconbox_title' >Sitio web<\/span><\/a><\/div>\u00a0 <div  class='avia-button-wrap av-z8xlbl-a40c26dd11024f413241de5e840ca767-wrap avia-button-left  avia-builder-el-1  el_after_av_button  el_before_av_button'><a href='https:\/\/www.facebook.com\/permacultureaction\/'  class='avia-button av-z8xlbl-a40c26dd11024f413241de5e840ca767 av-link-btn avia-icon_select-yes-left-icon avia-size-small avia-position-left avia-color-theme-color'  target=\"_blank\"  rel=\"noopener noreferrer\"  aria-label=\"Facebook\"><span class='avia_button_icon avia_button_icon_left avia-iconfont avia-font-entypo-fontello' data-av_icon='\ue8f5' data-av_iconfont='entypo-fontello' ><\/span><span class='avia_iconbox_title' >Facebook<\/span><\/a><\/div> <div  class='avia-button-wrap av-u42hzl-954fc12b3cd41c018d706e2ad52662e3-wrap avia-button-left  avia-builder-el-2  el_after_av_button  avia-builder-el-last'><a href='https:\/\/www.facebook.com\/groups\/1676043799324455\/'  class='avia-button av-u42hzl-954fc12b3cd41c018d706e2ad52662e3 av-link-btn avia-icon_select-yes-left-icon avia-size-small avia-position-left avia-color-theme-color'  target=\"_blank\"  rel=\"noopener noreferrer\"  aria-label=\"Grupo local\"><span class='avia_button_icon avia_button_icon_left avia-iconfont avia-font-entypo-fontello' data-av_icon='\ue8f5' data-av_iconfont='entypo-fontello' ><\/span><span class='avia_iconbox_title' >Grupo local<\/span><\/a><\/div><\/p>\n<p><a href=\"http:\/\/boulder.earth\/wp-content\/uploads\/2017\/09\/community-farm-permaculture.jpg\"><img loading=\"lazy\" decoding=\"async\" class=\"aligncenter size-large wp-image-20373\" src=\"http:\/\/boulder.earth\/wp-content\/uploads\/2017\/09\/community-farm-permaculture-1030x687.jpg\" alt=\"\" width=\"1030\" height=\"687\" srcset=\"https:\/\/boulder.earth\/wp-content\/uploads\/2017\/09\/community-farm-permaculture-1030x687.jpg 1030w, https:\/\/boulder.earth\/wp-content\/uploads\/2017\/09\/community-farm-permaculture-300x200.jpg 300w, https:\/\/boulder.earth\/wp-content\/uploads\/2017\/09\/community-farm-permaculture-768x512.jpg 768w, https:\/\/boulder.earth\/wp-content\/uploads\/2017\/09\/community-farm-permaculture-705x470.jpg 705w, https:\/\/boulder.earth\/wp-content\/uploads\/2017\/09\/community-farm-permaculture-450x300.jpg 450w, https:\/\/boulder.earth\/wp-content\/uploads\/2017\/09\/community-farm-permaculture.jpg 1200w\" sizes=\"auto, (max-width: 1030px) 100vw, 1030px\" \/><\/a><\/p>","protected":false},"excerpt":{"rendered":"<p>trabajando en la intersecci\u00f3n del arte, la m\u00fasica y la cultura regenerativa para ofrecer a las personas un camino para tomar acci\u00f3n localmente donde viven para crear comunidades empoderadas<\/p>","protected":false},"author":1,"featured_media":20375,"comment_status":"open","ping_status":"closed","template":"","meta":{"footnotes":""},"tags":[],"portfolio_entries":[98,102,160,109,154],"class_list":["post-20369","portfolio","type-portfolio","status-publish","has-post-thumbnail","hentry","portfolio_entries-activism","portfolio_entries-agriculture","portfolio_entries-arts-culture","portfolio_entries-community","portfolio_entries-justice"],"_links":{"self":[{"href":"https:\/\/boulder.earth\/es\/wp-json\/wp\/v2\/portfolio\/20369","targetHints":{"allow":["GET"]}}],"collection":[{"href":"https:\/\/boulder.earth\/es\/wp-json\/wp\/v2\/portfolio"}],"about":[{"href":"https:\/\/boulder.earth\/es\/wp-json\/wp\/v2\/types\/portfolio"}],"author":[{"embeddable":true,"href":"https:\/\/boulder.earth\/es\/wp-json\/wp\/v2\/users\/1"}],"replies":[{"embeddable":true,"href":"https:\/\/boulder.earth\/es\/wp-json\/wp\/v2\/comments?post=20369"}],"version-history":[{"count":1,"href":"https:\/\/boulder.earth\/es\/wp-json\/wp\/v2\/portfolio\/20369\/revisions"}],"predecessor-version":[{"id":20376,"href":"https:\/\/boulder.earth\/es\/wp-json\/wp\/v2\/portfolio\/20369\/revisions\/20376"}],"wp:featuredmedia":[{"embeddable":true,"href":"https:\/\/boulder.earth\/es\/wp-json\/wp\/v2\/media\/20375"}],"wp:attachment":[{"href":"https:\/\/boulder.earth\/es\/wp-json\/wp\/v2\/media?parent=20369"}],"wp:term":[{"taxonomy":"post_tag","embeddable":true,"href":"https:\/\/boulder.earth\/es\/wp-json\/wp\/v2\/tags?post=20369"},{"taxonomy":"portfolio_entries","embeddable":true,"href":"https:\/\/boulder.earth\/es\/wp-json\/wp\/v2\/portfolio_entries?post=20369"}],"curies":[{"name":"wp","href":"https:\/\/api.w.org\/{rel}","templated":true}]}}

Red de Acción de Permacultura

<p>Permaculture Action Network trabaja en la intersección del arte, la música y la cultura regenerativa. Ofrecemos a las personas un camino para tomar acción localmente donde viven para crear comunidades empoderadas. Al conectar a educadores, organizadores comunitarios, proyectos de base y artistas de performance, movilizamos audiencias diversas para construir un mundo regenerativo y justo mientras empujamos la comunidad y la justicia ecológica al centro de la narrativa cultural de la sociedad.</p>
<p><div  class='avia-button-wrap av-1hc9t4h-955fc9ccb29d297024b3a4800b810187-wrap avia-button-left  avia-builder-el-0  el_before_av_button  avia-builder-el-first'><a href='http://www.permacultureaction.org/'  class='avia-button av-1hc9t4h-955fc9ccb29d297024b3a4800b810187 av-link-btn avia-icon_select-yes-left-icon avia-size-small avia-position-left avia-color-theme-color'  target="_blank"  rel="noopener noreferrer"  aria-label="Sitio web"><span class='avia_button_icon avia_button_icon_left avia-iconfont avia-font-entypo-fontello' data-av_icon='' data-av_iconfont='entypo-fontello' ></span><span class='avia_iconbox_title' >Sitio web</span></a></div>  <div  class='avia-button-wrap av-z8xlbl-a40c26dd11024f413241de5e840ca767-wrap avia-button-left  avia-builder-el-1  el_after_av_button  el_before_av_button'><a href='https://www.facebook.com/permacultureaction/'  class='avia-button av-z8xlbl-a40c26dd11024f413241de5e840ca767 av-link-btn avia-icon_select-yes-left-icon avia-size-small avia-position-left avia-color-theme-color'  target="_blank"  rel="noopener noreferrer"  aria-label="Facebook"><span class='avia_button_icon avia_button_icon_left avia-iconfont avia-font-entypo-fontello' data-av_icon='' data-av_iconfont='entypo-fontello' ></span><span class='avia_iconbox_title' >Facebook</span></a></div> <div  class='avia-button-wrap av-u42hzl-954fc12b3cd41c018d706e2ad52662e3-wrap avia-button-left  avia-builder-el-2  el_after_av_button  avia-builder-el-last'><a href='https://www.facebook.com/groups/1676043799324455/'  class='avia-button av-u42hzl-954fc12b3cd41c018d706e2ad52662e3 av-link-btn avia-icon_select-yes-left-icon avia-size-small avia-position-left avia-color-theme-color'  target="_blank"  rel="noopener noreferrer"  aria-label="Grupo local"><span class='avia_button_icon avia_button_icon_left avia-iconfont avia-font-entypo-fontello' data-av_icon='' data-av_iconfont='entypo-fontello' ></span><span class='avia_iconbox_title' >Grupo local</span></a></div></p>
<p><a href="http://boulder.earth/wp-content/uploads/2017/09/community-farm-permaculture.jpg"><img loading="lazy" decoding="async" class="aligncenter size-large wp-image-20373" src="http://boulder.earth/wp-content/uploads/2017/09/community-farm-permaculture-1030x687.jpg" alt="" width="1030" height="687" srcset="https://boulder.earth/wp-content/uploads/2017/09/community-farm-permaculture-1030x687.jpg 1030w, https://boulder.earth/wp-content/uploads/2017/09/community-farm-permaculture-300x200.jpg 300w, https://boulder.earth/wp-content/uploads/2017/09/community-farm-permaculture-768x512.jpg 768w, https://boulder.earth/wp-content/uploads/2017/09/community-farm-permaculture-705x470.jpg 705w, https://boulder.earth/wp-content/uploads/2017/09/community-farm-permaculture-450x300.jpg 450w, https://boulder.earth/wp-content/uploads/2017/09/community-farm-permaculture.jpg 1200w" sizes="auto, (max-width: 1030px) 100vw, 1030px" /></a></p>

<p>trabajando en la intersección del arte, la música y la cultura regenerativa para ofrecer a las personas un camino para tomar acción localmente donde viven para crear comunidades empoderadas</p>
