{"id":20439,"date":"2017-09-27T21:56:09","date_gmt":"2017-09-27T21:56:09","guid":{"rendered":"http:\/\/boulder.earth\/?post_type=portfolio&#038;p=20439"},"modified":"2018-06-06T14:34:06","modified_gmt":"2018-06-06T20:34:06","slug":"boulder-housing-coalition","status":"publish","type":"portfolio","link":"https:\/\/boulder.earth\/es\/organizations\/boulder-housing-coalition\/","title":{"rendered":"Coalici\u00f3n de Vivienda de Boulder"},"content":{"rendered":"<p>La Coalici\u00f3n de Vivienda de Boulder es una Organizaci\u00f3n de Desarrollo de Vivienda Comunitaria sin fines de lucro 501(c)(3) dedicada a crear viviendas cooperativas asequibles que mejoran la comunidad para la gente del condado de Boulder. Actualmente somos propietarios de cuatro cooperativas de alquiler permanentemente asequibles que est\u00e1n ubicadas en el centro de Boulder y albergan a m\u00e1s de 60 residentes. Juntas, estas casas conforman el primer sistema de vivienda cooperativa asequible en Colorado.<\/p>\n<div  class='avia-button-wrap av-208bg7-10c353b9ebf928828d4d32c093a20595-wrap avia-button-center  avia-builder-el-0  avia-builder-el-no-sibling'><a href='http:\/\/boulderhousingcoalition.org'  class='avia-button av-208bg7-10c353b9ebf928828d4d32c093a20595 av-link-btn avia-icon_select-yes-left-icon avia-size-large avia-position-center avia-color-theme-color'  target=\"_blank\"  rel=\"noopener noreferrer\"  aria-label=\"Sitio web\"><span class='avia_button_icon avia_button_icon_left avia-iconfont avia-font-entypo-fontello' data-av_icon='\ue822' data-av_iconfont='entypo-fontello' ><\/span><span class='avia_iconbox_title' >Sitio web<\/span><\/a><\/div>\n<p><a href=\"http:\/\/boulder.earth\/wp-content\/uploads\/2017\/09\/BHC-withCar.jpg\"><img loading=\"lazy\" decoding=\"async\" class=\"aligncenter size-large wp-image-20440\" src=\"http:\/\/boulder.earth\/wp-content\/uploads\/2017\/09\/BHC-withCar-1030x468.jpg\" alt=\"\" width=\"1030\" height=\"468\" srcset=\"https:\/\/boulder.earth\/wp-content\/uploads\/2017\/09\/BHC-withCar-1030x468.jpg 1030w, https:\/\/boulder.earth\/wp-content\/uploads\/2017\/09\/BHC-withCar-300x136.jpg 300w, https:\/\/boulder.earth\/wp-content\/uploads\/2017\/09\/BHC-withCar-768x349.jpg 768w, https:\/\/boulder.earth\/wp-content\/uploads\/2017\/09\/BHC-withCar-705x320.jpg 705w, https:\/\/boulder.earth\/wp-content\/uploads\/2017\/09\/BHC-withCar-450x204.jpg 450w, https:\/\/boulder.earth\/wp-content\/uploads\/2017\/09\/BHC-withCar.jpg 1200w\" sizes=\"auto, (max-width: 1030px) 100vw, 1030px\" \/><\/a><\/p>","protected":false},"excerpt":{"rendered":"<p>dedicado a crear viviendas cooperativas asequibles que mejoren la comunidad para la gente del condado de Boulder<\/p>","protected":false},"author":1,"featured_media":20442,"comment_status":"open","ping_status":"closed","template":"","meta":{"footnotes":""},"tags":[],"portfolio_entries":[109,105,154],"class_list":["post-20439","portfolio","type-portfolio","status-publish","has-post-thumbnail","hentry","portfolio_entries-community","portfolio_entries-economics","portfolio_entries-justice"],"_links":{"self":[{"href":"https:\/\/boulder.earth\/es\/wp-json\/wp\/v2\/portfolio\/20439","targetHints":{"allow":["GET"]}}],"collection":[{"href":"https:\/\/boulder.earth\/es\/wp-json\/wp\/v2\/portfolio"}],"about":[{"href":"https:\/\/boulder.earth\/es\/wp-json\/wp\/v2\/types\/portfolio"}],"author":[{"embeddable":true,"href":"https:\/\/boulder.earth\/es\/wp-json\/wp\/v2\/users\/1"}],"replies":[{"embeddable":true,"href":"https:\/\/boulder.earth\/es\/wp-json\/wp\/v2\/comments?post=20439"}],"version-history":[{"count":1,"href":"https:\/\/boulder.earth\/es\/wp-json\/wp\/v2\/portfolio\/20439\/revisions"}],"predecessor-version":[{"id":20443,"href":"https:\/\/boulder.earth\/es\/wp-json\/wp\/v2\/portfolio\/20439\/revisions\/20443"}],"wp:featuredmedia":[{"embeddable":true,"href":"https:\/\/boulder.earth\/es\/wp-json\/wp\/v2\/media\/20442"}],"wp:attachment":[{"href":"https:\/\/boulder.earth\/es\/wp-json\/wp\/v2\/media?parent=20439"}],"wp:term":[{"taxonomy":"post_tag","embeddable":true,"href":"https:\/\/boulder.earth\/es\/wp-json\/wp\/v2\/tags?post=20439"},{"taxonomy":"portfolio_entries","embeddable":true,"href":"https:\/\/boulder.earth\/es\/wp-json\/wp\/v2\/portfolio_entries?post=20439"}],"curies":[{"name":"wp","href":"https:\/\/api.w.org\/{rel}","templated":true}]}}

Coalición de Vivienda de Boulder

<p>La Coalición de Vivienda de Boulder es una Organización de Desarrollo de Vivienda Comunitaria sin fines de lucro 501(c)(3) dedicada a crear viviendas cooperativas asequibles que mejoran la comunidad para la gente del condado de Boulder. Actualmente somos propietarios de cuatro cooperativas de alquiler permanentemente asequibles que están ubicadas en el centro de Boulder y albergan a más de 60 residentes. Juntas, estas casas conforman el primer sistema de vivienda cooperativa asequible en Colorado.</p>
<div  class='avia-button-wrap av-208bg7-10c353b9ebf928828d4d32c093a20595-wrap avia-button-center  avia-builder-el-0  avia-builder-el-no-sibling'><a href='http://boulderhousingcoalition.org'  class='avia-button av-208bg7-10c353b9ebf928828d4d32c093a20595 av-link-btn avia-icon_select-yes-left-icon avia-size-large avia-position-center avia-color-theme-color'  target="_blank"  rel="noopener noreferrer"  aria-label="Sitio web"><span class='avia_button_icon avia_button_icon_left avia-iconfont avia-font-entypo-fontello' data-av_icon='' data-av_iconfont='entypo-fontello' ></span><span class='avia_iconbox_title' >Sitio web</span></a></div>
<p><a href="http://boulder.earth/wp-content/uploads/2017/09/BHC-withCar.jpg"><img loading="lazy" decoding="async" class="aligncenter size-large wp-image-20440" src="http://boulder.earth/wp-content/uploads/2017/09/BHC-withCar-1030x468.jpg" alt="" width="1030" height="468" srcset="https://boulder.earth/wp-content/uploads/2017/09/BHC-withCar-1030x468.jpg 1030w, https://boulder.earth/wp-content/uploads/2017/09/BHC-withCar-300x136.jpg 300w, https://boulder.earth/wp-content/uploads/2017/09/BHC-withCar-768x349.jpg 768w, https://boulder.earth/wp-content/uploads/2017/09/BHC-withCar-705x320.jpg 705w, https://boulder.earth/wp-content/uploads/2017/09/BHC-withCar-450x204.jpg 450w, https://boulder.earth/wp-content/uploads/2017/09/BHC-withCar.jpg 1200w" sizes="auto, (max-width: 1030px) 100vw, 1030px" /></a></p>
