{"id":20515,"date":"2017-09-28T00:05:52","date_gmt":"2017-09-28T06:05:52","guid":{"rendered":"http:\/\/boulder.earth\/?post_type=portfolio&#038;p=20515"},"modified":"2018-06-06T14:34:05","modified_gmt":"2018-06-06T20:34:05","slug":"just-transition-collaborative","status":"publish","type":"portfolio","link":"https:\/\/boulder.earth\/es\/organizations\/just-transition-collaborative\/","title":{"rendered":"Transici\u00f3n Justa Colaborativa"},"content":{"rendered":"<p>Just Transition Collaborative (JTC) participa en asociaciones comunitarias, proyectos e investigaciones para promover la justicia ambiental en la transici\u00f3n hacia una econom\u00eda sostenible. Apoyamos pr\u00e1cticas y pol\u00edticas energ\u00e9ticas, clim\u00e1ticas, medioambientales y laborales m\u00e1s justas que fomenten la inclusi\u00f3n de pueblos y valores subrepresentados.<\/p>\n<p>Nos esforzamos por:<\/p>\n<ul>\n<li>Apoyar la implementaci\u00f3n, la comunicaci\u00f3n y la evaluaci\u00f3n cr\u00edtica de los proyectos modelo de transici\u00f3n justa.<\/li>\n<li>Crear oportunidades y mentores para estudiantes transformadores y comprometidos para promover la justicia ambiental.<\/li>\n<li>Producir investigaciones relevantes para la comunidad y basadas en evidencia para la planificaci\u00f3n presente y futura a la luz de los importantes desaf\u00edos sociales, econ\u00f3micos y ecol\u00f3gicos.<\/li>\n<li>Fortalecer la representaci\u00f3n de las comunidades marginadas y promover la justicia social en las pol\u00edticas clim\u00e1ticas.<\/li>\n<li>Amplificar las luchas, preocupaciones y soluciones que enfrentan las comunidades de primera l\u00ednea para lograr un futuro m\u00e1s matizado, inteligente y humano.<\/li>\n<li>Desaf\u00ede el racismo, el clasismo, el sexismo, el capacitismo y otros sistemas opresivos y construya procesos internos equitativos.<\/li>\n<li>Fomentar el alejamiento de los combustibles f\u00f3siles para reinvertir en una econom\u00eda de energ\u00eda renovable y regenerativa<\/li>\n<li>Educar sobre la intersecci\u00f3n entre la pol\u00edtica ambiental y la justicia social, el poder y el privilegio.<\/li>\n<\/ul>\n<div  class='avia-button-wrap av-nri6yr-fd18e54ce27aed4c42a2c87d3c72d31f-wrap avia-button-left  avia-builder-el-0  avia-builder-el-no-sibling'><a href='http:\/\/www.colorado.edu\/jtc\/'  class='avia-button av-nri6yr-fd18e54ce27aed4c42a2c87d3c72d31f av-link-btn avia-icon_select-yes-left-icon avia-size-small avia-position-left avia-color-theme-color'  target=\"_blank\"  rel=\"noopener noreferrer\"  aria-label=\"Sitio web\"><span class='avia_button_icon avia_button_icon_left avia-iconfont avia-font-entypo-fontello' data-av_icon='\ue822' data-av_iconfont='entypo-fontello' ><\/span><span class='avia_iconbox_title' >Sitio web<\/span><\/a><\/div>\n<p><a href=\"http:\/\/boulder.earth\/wp-content\/uploads\/2017\/09\/white-board.jpg\"><img loading=\"lazy\" decoding=\"async\" class=\"aligncenter size-large wp-image-20529\" src=\"http:\/\/boulder.earth\/wp-content\/uploads\/2017\/09\/white-board-1030x435.jpg\" alt=\"\" width=\"1030\" height=\"435\" srcset=\"https:\/\/boulder.earth\/wp-content\/uploads\/2017\/09\/white-board-1030x435.jpg 1030w, https:\/\/boulder.earth\/wp-content\/uploads\/2017\/09\/white-board-300x127.jpg 300w, https:\/\/boulder.earth\/wp-content\/uploads\/2017\/09\/white-board-768x324.jpg 768w, https:\/\/boulder.earth\/wp-content\/uploads\/2017\/09\/white-board-705x298.jpg 705w, https:\/\/boulder.earth\/wp-content\/uploads\/2017\/09\/white-board-450x190.jpg 450w, https:\/\/boulder.earth\/wp-content\/uploads\/2017\/09\/white-board.jpg 1200w\" sizes=\"auto, (max-width: 1030px) 100vw, 1030px\" \/><\/a><\/p>\n<p><span style=\"border-radius: 2px; text-indent: 20px; width: auto; padding: 0px 4px 0px 0px; text-align: center; font: bold 11px\/20px 'Helvetica Neue',Helvetica,sans-serif; color: #ffffff; background: #bd081c no-repeat scroll 3px 50% \/ 14px 14px; position: absolute; opacity: 1; z-index: 8675309; display: none; cursor: pointer;\">Guardar<\/span><\/p>","protected":false},"excerpt":{"rendered":"<p>participar en asociaciones comunitarias, proyectos e investigaciones para promover la justicia ambiental en la transici\u00f3n hacia una econom\u00eda sostenible<\/p>","protected":false},"author":1,"featured_media":20542,"comment_status":"open","ping_status":"closed","template":"","meta":{"footnotes":""},"tags":[],"portfolio_entries":[230,154,155],"class_list":["post-20515","portfolio","type-portfolio","status-publish","has-post-thumbnail","hentry","portfolio_entries-fracking","portfolio_entries-justice","portfolio_entries-university"],"_links":{"self":[{"href":"https:\/\/boulder.earth\/es\/wp-json\/wp\/v2\/portfolio\/20515","targetHints":{"allow":["GET"]}}],"collection":[{"href":"https:\/\/boulder.earth\/es\/wp-json\/wp\/v2\/portfolio"}],"about":[{"href":"https:\/\/boulder.earth\/es\/wp-json\/wp\/v2\/types\/portfolio"}],"author":[{"embeddable":true,"href":"https:\/\/boulder.earth\/es\/wp-json\/wp\/v2\/users\/1"}],"replies":[{"embeddable":true,"href":"https:\/\/boulder.earth\/es\/wp-json\/wp\/v2\/comments?post=20515"}],"version-history":[{"count":1,"href":"https:\/\/boulder.earth\/es\/wp-json\/wp\/v2\/portfolio\/20515\/revisions"}],"predecessor-version":[{"id":27855,"href":"https:\/\/boulder.earth\/es\/wp-json\/wp\/v2\/portfolio\/20515\/revisions\/27855"}],"wp:featuredmedia":[{"embeddable":true,"href":"https:\/\/boulder.earth\/es\/wp-json\/wp\/v2\/media\/20542"}],"wp:attachment":[{"href":"https:\/\/boulder.earth\/es\/wp-json\/wp\/v2\/media?parent=20515"}],"wp:term":[{"taxonomy":"post_tag","embeddable":true,"href":"https:\/\/boulder.earth\/es\/wp-json\/wp\/v2\/tags?post=20515"},{"taxonomy":"portfolio_entries","embeddable":true,"href":"https:\/\/boulder.earth\/es\/wp-json\/wp\/v2\/portfolio_entries?post=20515"}],"curies":[{"name":"wp","href":"https:\/\/api.w.org\/{rel}","templated":true}]}}

Transición Justa Colaborativa

<p>Just Transition Collaborative (JTC) participa en asociaciones comunitarias, proyectos e investigaciones para promover la justicia ambiental en la transición hacia una economía sostenible. Apoyamos prácticas y políticas energéticas, climáticas, medioambientales y laborales más justas que fomenten la inclusión de pueblos y valores subrepresentados.</p>
<p>Nos esforzamos por:</p>
<ul>
<li>Apoyar la implementación, la comunicación y la evaluación crítica de los proyectos modelo de transición justa.</li>
<li>Crear oportunidades y mentores para estudiantes transformadores y comprometidos para promover la justicia ambiental.</li>
<li>Producir investigaciones relevantes para la comunidad y basadas en evidencia para la planificación presente y futura a la luz de los importantes desafíos sociales, económicos y ecológicos.</li>
<li>Fortalecer la representación de las comunidades marginadas y promover la justicia social en las políticas climáticas.</li>
<li>Amplificar las luchas, preocupaciones y soluciones que enfrentan las comunidades de primera línea para lograr un futuro más matizado, inteligente y humano.</li>
<li>Desafíe el racismo, el clasismo, el sexismo, el capacitismo y otros sistemas opresivos y construya procesos internos equitativos.</li>
<li>Fomentar el alejamiento de los combustibles fósiles para reinvertir en una economía de energía renovable y regenerativa</li>
<li>Educar sobre la intersección entre la política ambiental y la justicia social, el poder y el privilegio.</li>
</ul>
<div  class='avia-button-wrap av-nri6yr-fd18e54ce27aed4c42a2c87d3c72d31f-wrap avia-button-left  avia-builder-el-0  avia-builder-el-no-sibling'><a href='http://www.colorado.edu/jtc/'  class='avia-button av-nri6yr-fd18e54ce27aed4c42a2c87d3c72d31f av-link-btn avia-icon_select-yes-left-icon avia-size-small avia-position-left avia-color-theme-color'  target="_blank"  rel="noopener noreferrer"  aria-label="Sitio web"><span class='avia_button_icon avia_button_icon_left avia-iconfont avia-font-entypo-fontello' data-av_icon='' data-av_iconfont='entypo-fontello' ></span><span class='avia_iconbox_title' >Sitio web</span></a></div>
<p><a href="http://boulder.earth/wp-content/uploads/2017/09/white-board.jpg"><img loading="lazy" decoding="async" class="aligncenter size-large wp-image-20529" src="http://boulder.earth/wp-content/uploads/2017/09/white-board-1030x435.jpg" alt="" width="1030" height="435" srcset="https://boulder.earth/wp-content/uploads/2017/09/white-board-1030x435.jpg 1030w, https://boulder.earth/wp-content/uploads/2017/09/white-board-300x127.jpg 300w, https://boulder.earth/wp-content/uploads/2017/09/white-board-768x324.jpg 768w, https://boulder.earth/wp-content/uploads/2017/09/white-board-705x298.jpg 705w, https://boulder.earth/wp-content/uploads/2017/09/white-board-450x190.jpg 450w, https://boulder.earth/wp-content/uploads/2017/09/white-board.jpg 1200w" sizes="auto, (max-width: 1030px) 100vw, 1030px" /></a></p>
<p><span style="border-radius: 2px; text-indent: 20px; width: auto; padding: 0px 4px 0px 0px; text-align: center; font: bold 11px/20px 'Helvetica Neue',Helvetica,sans-serif; color: #ffffff; background: #bd081c no-repeat scroll 3px 50% / 14px 14px; position: absolute; opacity: 1; z-index: 8675309; display: none; cursor: pointer;">Guardar</span></p>

<p>participar en asociaciones comunitarias, proyectos e investigaciones para promover la justicia ambiental en la transición hacia una economía sostenible</p>
