{"id":256057,"date":"2020-10-27T12:10:03","date_gmt":"2020-10-27T18:10:03","guid":{"rendered":"https:\/\/boulder.earth\/?post_type=portfolio&#038;p=256057"},"modified":"2022-04-12T10:56:49","modified_gmt":"2022-04-12T16:56:49","slug":"center-for-sustainable-landscapes-and-communities","status":"publish","type":"portfolio","link":"https:\/\/boulder.earth\/es\/organizations\/center-for-sustainable-landscapes-and-communities\/","title":{"rendered":"Centro de Paisajes y Comunidades Sostenibles"},"content":{"rendered":"<style type=\"text\/css\" data-created_by=\"avia_inline_auto\" id=\"style-css-av-iyy4ni1-ad1236032ea86c5566bc927cb4b2c86c\">\n.flex_column.av-iyy4ni1-ad1236032ea86c5566bc927cb4b2c86c{\nborder-radius:0px 0px 0px 0px;\npadding:0px 0px 0px 0px;\n}\n<\/style>\n<div  class='flex_column av-iyy4ni1-ad1236032ea86c5566bc927cb4b2c86c av_one_full  avia-builder-el-0  avia-builder-el-no-sibling  first flex_column_div av-zero-column-padding'     ><section  class='av_textblock_section av-ju0ilmuj-eede3b545b8318acaf43c759392f84da'   itemscope=\"itemscope\" itemtype=\"https:\/\/schema.org\/CreativeWork\" ><div class='avia_textblock'  itemprop=\"text\" ><h1><img loading=\"lazy\" decoding=\"async\" class=\"wp-image-256058 size-full aligncenter\" src=\"https:\/\/boulder.earth\/wp-content\/uploads\/2020\/10\/CSLClogo.png\" alt=\"\" width=\"300\" height=\"200\" \/><\/h1>\n<h1>Centro de Paisajes y Comunidades Sostenibles<\/h1>\n<p>El Centro para Paisajes y Comunidades Sostenibles se form\u00f3 en 2018, como una colaboraci\u00f3n entre la facultad de CU-Boulder, estudiantes de varios departamentos y programas, y un grupo comprometido de ciudadanos de Boulder y personal de la agencia. El Centro proporciona conocimientos fundamentales y un foro para el discurso productivo sobre la planificaci\u00f3n y gesti\u00f3n de terrenos p\u00fablicos en y alrededor de \u00e1reas urbanas como componentes integrales de comunidades sostenibles y resilientes en Colorado. El Centro, con sede en la Comunidad de Sostenibilidad, Energ\u00eda y Medio Ambiente (SEEC) de CU Boulder, se enfoca inicialmente en terrenos p\u00fablicos en la regi\u00f3n de Boulder, incluidos los sistemas de espacios abiertos de la ciudad y el condado de Boulder y terrenos federales adyacentes, y sus comunidades circundantes como laboratorios locales que ejemplifican el gran desaf\u00edo de mantener las tierras p\u00fablicas en contextos urbanos.<\/p>\n<\/div><\/section><br \/>\n\n<style type=\"text\/css\" data-created_by=\"avia_inline_auto\" id=\"style-css-av-kgsamtn0-64459a85f54bbcb3dfbc4b02d484842f\">\n#top .hr.hr-invisible.av-kgsamtn0-64459a85f54bbcb3dfbc4b02d484842f{\nheight:30px;\n}\n<\/style>\n<div  class='hr av-kgsamtn0-64459a85f54bbcb3dfbc4b02d484842f hr-invisible  avia-builder-el-2  el_after_av_textblock  el_before_av_codeblock'><span class='hr-inner'><span class=\"hr-inner-style\"><\/span><\/span><\/div><br \/>\n<br \/>\n\n<style type=\"text\/css\" data-created_by=\"avia_inline_auto\" id=\"style-css-av-ju0ikhpd-0e2ffba30cd01700d78b21200ac600e3\">\n.avia-image-container.av-ju0ikhpd-0e2ffba30cd01700d78b21200ac600e3 img.avia_image{\nbox-shadow:none;\n}\n.avia-image-container.av-ju0ikhpd-0e2ffba30cd01700d78b21200ac600e3 .av-image-caption-overlay-center{\ncolor:#ffffff;\n}\n<\/style>\n<div  class='avia-image-container av-ju0ikhpd-0e2ffba30cd01700d78b21200ac600e3 av-styling- avia-align-center'   itemprop=\"image\" itemscope=\"itemscope\" itemtype=\"https:\/\/schema.org\/ImageObject\" ><div class=\"avia-image-container-inner\"><div class=\"avia-image-overlay-wrap\"><img decoding=\"async\" fetchpriority=\"high\" class='wp-image-256059 avia-img-lazy-loading-not-256059 avia_image' src=\"https:\/\/boulder.earth\/wp-content\/uploads\/2020\/10\/our-approach.png\" alt='' title='nuestro-enfoque'  height=\"426\" width=\"1000\"  itemprop=\"thumbnailUrl\" srcset=\"https:\/\/boulder.earth\/wp-content\/uploads\/2020\/10\/our-approach.png 1000w, https:\/\/boulder.earth\/wp-content\/uploads\/2020\/10\/our-approach-300x128.png 300w, https:\/\/boulder.earth\/wp-content\/uploads\/2020\/10\/our-approach-768x327.png 768w, https:\/\/boulder.earth\/wp-content\/uploads\/2020\/10\/our-approach-705x300.png 705w\" sizes=\"(max-width: 1000px) 100vw, 1000px\" \/><\/div><\/div><\/div><\/p><\/div>","protected":false},"excerpt":{"rendered":"<p>proporcionando conocimiento fundamental y un foro para el discurso productivo hacia la planificaci\u00f3n y gesti\u00f3n de tierras p\u00fablicas en y alrededor de \u00e1reas urbanas como componentes integrales de comunidades sostenibles y resilientes en Colorado<\/p>","protected":false},"author":1,"featured_media":256058,"comment_status":"closed","ping_status":"closed","template":"","meta":{"footnotes":""},"tags":[],"portfolio_entries":[106,360,155],"class_list":["post-256057","portfolio","type-portfolio","status-publish","has-post-thumbnail","hentry","portfolio_entries-environment","portfolio_entries-resilience","portfolio_entries-university"],"_links":{"self":[{"href":"https:\/\/boulder.earth\/es\/wp-json\/wp\/v2\/portfolio\/256057","targetHints":{"allow":["GET"]}}],"collection":[{"href":"https:\/\/boulder.earth\/es\/wp-json\/wp\/v2\/portfolio"}],"about":[{"href":"https:\/\/boulder.earth\/es\/wp-json\/wp\/v2\/types\/portfolio"}],"author":[{"embeddable":true,"href":"https:\/\/boulder.earth\/es\/wp-json\/wp\/v2\/users\/1"}],"replies":[{"embeddable":true,"href":"https:\/\/boulder.earth\/es\/wp-json\/wp\/v2\/comments?post=256057"}],"version-history":[{"count":5,"href":"https:\/\/boulder.earth\/es\/wp-json\/wp\/v2\/portfolio\/256057\/revisions"}],"predecessor-version":[{"id":5477267,"href":"https:\/\/boulder.earth\/es\/wp-json\/wp\/v2\/portfolio\/256057\/revisions\/5477267"}],"wp:featuredmedia":[{"embeddable":true,"href":"https:\/\/boulder.earth\/es\/wp-json\/wp\/v2\/media\/256058"}],"wp:attachment":[{"href":"https:\/\/boulder.earth\/es\/wp-json\/wp\/v2\/media?parent=256057"}],"wp:term":[{"taxonomy":"post_tag","embeddable":true,"href":"https:\/\/boulder.earth\/es\/wp-json\/wp\/v2\/tags?post=256057"},{"taxonomy":"portfolio_entries","embeddable":true,"href":"https:\/\/boulder.earth\/es\/wp-json\/wp\/v2\/portfolio_entries?post=256057"}],"curies":[{"name":"wp","href":"https:\/\/api.w.org\/{rel}","templated":true}]}}

<style type="text/css" data-created_by="avia_inline_auto" id="style-css-av-iyy4ni1-ad1236032ea86c5566bc927cb4b2c86c">
.flex_column.av-iyy4ni1-ad1236032ea86c5566bc927cb4b2c86c{
border-radius:0px 0px 0px 0px;
padding:0px 0px 0px 0px;
}
</style>
<div  class='flex_column av-iyy4ni1-ad1236032ea86c5566bc927cb4b2c86c av_one_full  avia-builder-el-0  avia-builder-el-no-sibling  first flex_column_div av-zero-column-padding'     ><section  class='av_textblock_section av-ju0ilmuj-eede3b545b8318acaf43c759392f84da'   itemscope="itemscope" itemtype="https://schema.org/CreativeWork" ><div class='avia_textblock'  itemprop="text" ><h1><img loading="lazy" decoding="async" class="wp-image-256058 size-full aligncenter" src="https://boulder.earth/wp-content/uploads/2020/10/CSLClogo.png" alt="" width="300" height="200" /></h1>
<h1>Centro de Paisajes y Comunidades Sostenibles</h1>
<p>El Centro para Paisajes y Comunidades Sostenibles se formó en 2018, como una colaboración entre la facultad de CU-Boulder, estudiantes de varios departamentos y programas, y un grupo comprometido de ciudadanos de Boulder y personal de la agencia. El Centro proporciona conocimientos fundamentales y un foro para el discurso productivo sobre la planificación y gestión de terrenos públicos en y alrededor de áreas urbanas como componentes integrales de comunidades sostenibles y resilientes en Colorado. El Centro, con sede en la Comunidad de Sostenibilidad, Energía y Medio Ambiente (SEEC) de CU Boulder, se enfoca inicialmente en terrenos públicos en la región de Boulder, incluidos los sistemas de espacios abiertos de la ciudad y el condado de Boulder y terrenos federales adyacentes, y sus comunidades circundantes como laboratorios locales que ejemplifican el gran desafío de mantener las tierras públicas en contextos urbanos.</p>
</div></section><br />

<style type="text/css" data-created_by="avia_inline_auto" id="style-css-av-kgsamtn0-64459a85f54bbcb3dfbc4b02d484842f">
#top .hr.hr-invisible.av-kgsamtn0-64459a85f54bbcb3dfbc4b02d484842f{
height:30px;
}
</style>
<div  class='hr av-kgsamtn0-64459a85f54bbcb3dfbc4b02d484842f hr-invisible  avia-builder-el-2  el_after_av_textblock  el_before_av_codeblock'><span class='hr-inner'><span class="hr-inner-style"></span></span></div><br />
<br />

<style type="text/css" data-created_by="avia_inline_auto" id="style-css-av-ju0ikhpd-0e2ffba30cd01700d78b21200ac600e3">
.avia-image-container.av-ju0ikhpd-0e2ffba30cd01700d78b21200ac600e3 img.avia_image{
box-shadow:none;
}
.avia-image-container.av-ju0ikhpd-0e2ffba30cd01700d78b21200ac600e3 .av-image-caption-overlay-center{
color:#ffffff;
}
</style>
<div  class='avia-image-container av-ju0ikhpd-0e2ffba30cd01700d78b21200ac600e3 av-styling- avia-align-center'   itemprop="image" itemscope="itemscope" itemtype="https://schema.org/ImageObject" ><div class="avia-image-container-inner"><div class="avia-image-overlay-wrap"><img decoding="async" fetchpriority="high" class='wp-image-256059 avia-img-lazy-loading-not-256059 avia_image' src="https://boulder.earth/wp-content/uploads/2020/10/our-approach.png" alt='' title='nuestro-enfoque'  height="426" width="1000"  itemprop="thumbnailUrl" srcset="https://boulder.earth/wp-content/uploads/2020/10/our-approach.png 1000w, https://boulder.earth/wp-content/uploads/2020/10/our-approach-300x128.png 300w, https://boulder.earth/wp-content/uploads/2020/10/our-approach-768x327.png 768w, https://boulder.earth/wp-content/uploads/2020/10/our-approach-705x300.png 705w" sizes="(max-width: 1000px) 100vw, 1000px" /></div></div></div></p></div>

<p>proporcionando conocimiento fundamental y un foro para el discurso productivo hacia la planificación y gestión de tierras públicas en y alrededor de áreas urbanas como componentes integrales de comunidades sostenibles y resilientes en Colorado</p>
