{"id":29049,"date":"2017-11-14T14:23:50","date_gmt":"2017-11-14T20:23:50","guid":{"rendered":"http:\/\/boulder.earth\/?post_type=portfolio&#038;p=29049"},"modified":"2018-06-06T14:34:04","modified_gmt":"2018-06-06T20:34:04","slug":"global-greengrants-fund","status":"publish","type":"portfolio","link":"https:\/\/boulder.earth\/es\/organizations\/global-greengrants-fund\/","title":{"rendered":"Fondo Global Greengrants"},"content":{"rendered":"<p>Global Greengrants Fund cree que las soluciones al da\u00f1o ambiental y la injusticia social provienen de las personas cuyas vidas se ven m\u00e1s afectadas. Todos los d\u00edas, nuestra red global de personas en primera l\u00ednea y donantes se une para ayudar a las comunidades a proteger sus formas de vida y nuestro planeta. Porque cuando la poblaci\u00f3n local tiene voz y voto en la salud de sus alimentos, agua y recursos, son fuerzas para el cambio.<\/p>\n<p><div  class='avia-button-wrap av-1znppg9-650765a570a2ee15126c8c107c2e2982-wrap avia-button-left  avia-builder-el-0  el_before_av_button  avia-builder-el-first'><a href='http:\/\/www.greengrants.org'  class='avia-button av-1znppg9-650765a570a2ee15126c8c107c2e2982 av-link-btn avia-icon_select-yes-left-icon avia-size-small avia-position-left avia-color-theme-color'  target=\"_blank\"  rel=\"noopener noreferrer\"  aria-label=\"Sitio web\"><span class='avia_button_icon avia_button_icon_left avia-iconfont avia-font-entypo-fontello' data-av_icon='\ue822' data-av_iconfont='entypo-fontello' ><\/span><span class='avia_iconbox_title' >Sitio web<\/span><\/a><\/div> <div  class='avia-button-wrap av-1jyemk9-a10c0465875aa9ad4f9eafe57e0edf23-wrap avia-button-left  avia-builder-el-1  el_after_av_button  el_before_av_button'><a href='https:\/\/www.facebook.com\/globalgreengrantsfund\/'  class='avia-button av-1jyemk9-a10c0465875aa9ad4f9eafe57e0edf23 av-link-btn avia-icon_select-yes-left-icon avia-size-small avia-position-left avia-color-theme-color'  target=\"_blank\"  rel=\"noopener noreferrer\"  aria-label=\"Facebook\"><span class='avia_button_icon avia_button_icon_left avia-iconfont avia-font-entypo-fontello' data-av_icon='\ue8f5' data-av_iconfont='entypo-fontello' ><\/span><span class='avia_iconbox_title' >Facebook<\/span><\/a><\/div> <div  class='avia-button-wrap av-1bjcznd-4cb61e2a694318971057257a644b4dfd-wrap avia-button-left  avia-builder-el-2  el_after_av_button  el_before_av_button'><a href='https:\/\/www.instagram.com\/globalgreengrants\/'  class='avia-button av-1bjcznd-4cb61e2a694318971057257a644b4dfd av-link-btn avia-icon_select-yes-left-icon avia-size-small avia-position-left avia-color-theme-color'  target=\"_blank\"  rel=\"noopener noreferrer\"  aria-label=\"@globalgreengrants\"><span class='avia_button_icon avia_button_icon_left avia-iconfont avia-font-entypo-fontello' data-av_icon='\ue909' data-av_iconfont='entypo-fontello' ><\/span><span class='avia_iconbox_title' >@globalgreengrants<\/span><\/a><\/div> <div  class='avia-button-wrap av-uqa5jt-1f73541b941e020180cc7588a967a5eb-wrap avia-button-left  avia-builder-el-3  el_after_av_button  avia-builder-el-last'><a href='https:\/\/twitter.com\/GreengrantsFund'  class='avia-button av-uqa5jt-1f73541b941e020180cc7588a967a5eb av-link-btn avia-icon_select-yes-left-icon avia-size-small avia-position-left avia-color-theme-color'  target=\"_blank\"  rel=\"noopener noreferrer\"  aria-label=\"@GreengrantsFund\"><span class='avia_button_icon avia_button_icon_left avia-iconfont avia-font-entypo-fontello' data-av_icon='\ue8f1' data-av_iconfont='entypo-fontello' ><\/span><span class='avia_iconbox_title' >@GreengrantsFund<\/span><\/a><\/div><\/p>\n<p><img loading=\"lazy\" decoding=\"async\" class=\"aligncenter size-full wp-image-29050\" src=\"http:\/\/boulder.earth\/wp-content\/uploads\/2017\/11\/Peru-jesusa-llanos-en-combayo-BY-E.Cabellos-Guaran.jpg\" alt=\"\" width=\"800\" height=\"572\" srcset=\"https:\/\/boulder.earth\/wp-content\/uploads\/2017\/11\/Peru-jesusa-llanos-en-combayo-BY-E.Cabellos-Guaran.jpg 800w, https:\/\/boulder.earth\/wp-content\/uploads\/2017\/11\/Peru-jesusa-llanos-en-combayo-BY-E.Cabellos-Guaran-300x215.jpg 300w, https:\/\/boulder.earth\/wp-content\/uploads\/2017\/11\/Peru-jesusa-llanos-en-combayo-BY-E.Cabellos-Guaran-768x549.jpg 768w, https:\/\/boulder.earth\/wp-content\/uploads\/2017\/11\/Peru-jesusa-llanos-en-combayo-BY-E.Cabellos-Guaran-260x185.jpg 260w, https:\/\/boulder.earth\/wp-content\/uploads\/2017\/11\/Peru-jesusa-llanos-en-combayo-BY-E.Cabellos-Guaran-705x504.jpg 705w, https:\/\/boulder.earth\/wp-content\/uploads\/2017\/11\/Peru-jesusa-llanos-en-combayo-BY-E.Cabellos-Guaran-450x322.jpg 450w\" sizes=\"auto, (max-width: 800px) 100vw, 800px\" \/><\/p>","protected":false},"excerpt":{"rendered":"<p>La red global de personas en primera l\u00ednea y donantes se une para ayudar a las comunidades a proteger sus formas de vida y nuestro planeta.<\/p>","protected":false},"author":1,"featured_media":29051,"comment_status":"open","ping_status":"closed","template":"","meta":{"footnotes":""},"tags":[],"portfolio_entries":[105,106,154],"class_list":["post-29049","portfolio","type-portfolio","status-publish","has-post-thumbnail","hentry","portfolio_entries-economics","portfolio_entries-environment","portfolio_entries-justice"],"_links":{"self":[{"href":"https:\/\/boulder.earth\/es\/wp-json\/wp\/v2\/portfolio\/29049","targetHints":{"allow":["GET"]}}],"collection":[{"href":"https:\/\/boulder.earth\/es\/wp-json\/wp\/v2\/portfolio"}],"about":[{"href":"https:\/\/boulder.earth\/es\/wp-json\/wp\/v2\/types\/portfolio"}],"author":[{"embeddable":true,"href":"https:\/\/boulder.earth\/es\/wp-json\/wp\/v2\/users\/1"}],"replies":[{"embeddable":true,"href":"https:\/\/boulder.earth\/es\/wp-json\/wp\/v2\/comments?post=29049"}],"version-history":[{"count":1,"href":"https:\/\/boulder.earth\/es\/wp-json\/wp\/v2\/portfolio\/29049\/revisions"}],"predecessor-version":[{"id":29053,"href":"https:\/\/boulder.earth\/es\/wp-json\/wp\/v2\/portfolio\/29049\/revisions\/29053"}],"wp:featuredmedia":[{"embeddable":true,"href":"https:\/\/boulder.earth\/es\/wp-json\/wp\/v2\/media\/29051"}],"wp:attachment":[{"href":"https:\/\/boulder.earth\/es\/wp-json\/wp\/v2\/media?parent=29049"}],"wp:term":[{"taxonomy":"post_tag","embeddable":true,"href":"https:\/\/boulder.earth\/es\/wp-json\/wp\/v2\/tags?post=29049"},{"taxonomy":"portfolio_entries","embeddable":true,"href":"https:\/\/boulder.earth\/es\/wp-json\/wp\/v2\/portfolio_entries?post=29049"}],"curies":[{"name":"wp","href":"https:\/\/api.w.org\/{rel}","templated":true}]}}

<p>Global Greengrants Fund cree que las soluciones al daño ambiental y la injusticia social provienen de las personas cuyas vidas se ven más afectadas. Todos los días, nuestra red global de personas en primera línea y donantes se une para ayudar a las comunidades a proteger sus formas de vida y nuestro planeta. Porque cuando la población local tiene voz y voto en la salud de sus alimentos, agua y recursos, son fuerzas para el cambio.</p>
<p><div  class='avia-button-wrap av-1znppg9-650765a570a2ee15126c8c107c2e2982-wrap avia-button-left  avia-builder-el-0  el_before_av_button  avia-builder-el-first'><a href='http://www.greengrants.org'  class='avia-button av-1znppg9-650765a570a2ee15126c8c107c2e2982 av-link-btn avia-icon_select-yes-left-icon avia-size-small avia-position-left avia-color-theme-color'  target="_blank"  rel="noopener noreferrer"  aria-label="Sitio web"><span class='avia_button_icon avia_button_icon_left avia-iconfont avia-font-entypo-fontello' data-av_icon='' data-av_iconfont='entypo-fontello' ></span><span class='avia_iconbox_title' >Sitio web</span></a></div> <div  class='avia-button-wrap av-1jyemk9-a10c0465875aa9ad4f9eafe57e0edf23-wrap avia-button-left  avia-builder-el-1  el_after_av_button  el_before_av_button'><a href='https://www.facebook.com/globalgreengrantsfund/'  class='avia-button av-1jyemk9-a10c0465875aa9ad4f9eafe57e0edf23 av-link-btn avia-icon_select-yes-left-icon avia-size-small avia-position-left avia-color-theme-color'  target="_blank"  rel="noopener noreferrer"  aria-label="Facebook"><span class='avia_button_icon avia_button_icon_left avia-iconfont avia-font-entypo-fontello' data-av_icon='' data-av_iconfont='entypo-fontello' ></span><span class='avia_iconbox_title' >Facebook</span></a></div> <div  class='avia-button-wrap av-1bjcznd-4cb61e2a694318971057257a644b4dfd-wrap avia-button-left  avia-builder-el-2  el_after_av_button  el_before_av_button'><a href='https://www.instagram.com/globalgreengrants/'  class='avia-button av-1bjcznd-4cb61e2a694318971057257a644b4dfd av-link-btn avia-icon_select-yes-left-icon avia-size-small avia-position-left avia-color-theme-color'  target="_blank"  rel="noopener noreferrer"  aria-label="@globalgreengrants"><span class='avia_button_icon avia_button_icon_left avia-iconfont avia-font-entypo-fontello' data-av_icon='' data-av_iconfont='entypo-fontello' ></span><span class='avia_iconbox_title' >@globalgreengrants</span></a></div> <div  class='avia-button-wrap av-uqa5jt-1f73541b941e020180cc7588a967a5eb-wrap avia-button-left  avia-builder-el-3  el_after_av_button  avia-builder-el-last'><a href='https://twitter.com/GreengrantsFund'  class='avia-button av-uqa5jt-1f73541b941e020180cc7588a967a5eb av-link-btn avia-icon_select-yes-left-icon avia-size-small avia-position-left avia-color-theme-color'  target="_blank"  rel="noopener noreferrer"  aria-label="@GreengrantsFund"><span class='avia_button_icon avia_button_icon_left avia-iconfont avia-font-entypo-fontello' data-av_icon='' data-av_iconfont='entypo-fontello' ></span><span class='avia_iconbox_title' >@GreengrantsFund</span></a></div></p>
<p><img loading="lazy" decoding="async" class="aligncenter size-full wp-image-29050" src="http://boulder.earth/wp-content/uploads/2017/11/Peru-jesusa-llanos-en-combayo-BY-E.Cabellos-Guaran.jpg" alt="" width="800" height="572" srcset="https://boulder.earth/wp-content/uploads/2017/11/Peru-jesusa-llanos-en-combayo-BY-E.Cabellos-Guaran.jpg 800w, https://boulder.earth/wp-content/uploads/2017/11/Peru-jesusa-llanos-en-combayo-BY-E.Cabellos-Guaran-300x215.jpg 300w, https://boulder.earth/wp-content/uploads/2017/11/Peru-jesusa-llanos-en-combayo-BY-E.Cabellos-Guaran-768x549.jpg 768w, https://boulder.earth/wp-content/uploads/2017/11/Peru-jesusa-llanos-en-combayo-BY-E.Cabellos-Guaran-260x185.jpg 260w, https://boulder.earth/wp-content/uploads/2017/11/Peru-jesusa-llanos-en-combayo-BY-E.Cabellos-Guaran-705x504.jpg 705w, https://boulder.earth/wp-content/uploads/2017/11/Peru-jesusa-llanos-en-combayo-BY-E.Cabellos-Guaran-450x322.jpg 450w" sizes="auto, (max-width: 800px) 100vw, 800px" /></p>

<p>La red global de personas en primera línea y donantes se une para ayudar a las comunidades a proteger sus formas de vida y nuestro planeta.</p>
