{"id":42296,"date":"2018-01-19T18:35:37","date_gmt":"2018-01-20T00:35:37","guid":{"rendered":"http:\/\/boulder.earth\/?post_type=portfolio&#038;p=42296"},"modified":"2018-06-06T14:33:58","modified_gmt":"2018-06-06T20:33:58","slug":"logic","status":"publish","type":"portfolio","link":"https:\/\/boulder.earth\/es\/organizations\/logic\/","title":{"rendered":"L\u00d3GICA"},"content":{"rendered":"<p>La Liga de Coloradenses Afectados por el Petr\u00f3leo y el Gas (LOGIC, por sus siglas en ingl\u00e9s) busca elevar las voces de los coloradenses de todo el estado que viven cerca de las operaciones de petr\u00f3leo y gas actuales y propuestas, y de todos los ciudadanos preocupados que trabajan para aprobar pol\u00edticas de desarrollo energ\u00e9tico equilibrado que protejan los vecindarios, los hogares y nuestros Colorado calidad de vida. LOGIC busca pol\u00edticas m\u00e1s inteligentes que prioricen la salud p\u00fablica, la seguridad y nuestros recursos naturales.<\/p>\n<p>LOGIC conecta vecindarios y coaliciones locales, incluidos Triple Creek, Greeley; rancho himno, Broomfield; IVEY Vecindarios Preocupados, Thorton; Alianza de Ciudadanos CDP de Boulder; Broomfield Preocupado; Juntos Contra la Perforaci\u00f3n Vecinal, Lafayette.<\/p>\n<p><div  class='avia-button-wrap av-1raxsuw-1522dd414d462807fbbe39e130f55b49-wrap avia-button-left  avia-builder-el-0  el_before_av_button  avia-builder-el-first'><a href='http:\/\/coloradologic.org\/'  class='avia-button av-1raxsuw-1522dd414d462807fbbe39e130f55b49 av-link-btn avia-icon_select-yes-left-icon avia-size-small avia-position-left avia-color-theme-color'  target=\"_blank\"  rel=\"noopener noreferrer\"  aria-label=\"Sitio web\"><span class='avia_button_icon avia_button_icon_left avia-iconfont avia-font-entypo-fontello' data-av_icon='\ue822' data-av_iconfont='entypo-fontello' ><\/span><span class='avia_iconbox_title' >Sitio web<\/span><\/a><\/div> <div  class='avia-button-wrap av-18afqns-0f9216eaedd46f31bfdee8404e42ccf9-wrap avia-button-left  avia-builder-el-1  el_after_av_button  el_before_av_button'><a href='https:\/\/www.facebook.com\/COLOGIC\/'  class='avia-button av-18afqns-0f9216eaedd46f31bfdee8404e42ccf9 av-link-btn avia-icon_select-yes-left-icon avia-size-small avia-position-left avia-color-theme-color'  target=\"_blank\"  rel=\"noopener noreferrer\"  aria-label=\"Facebook\"><span class='avia_button_icon avia_button_icon_left avia-iconfont avia-font-entypo-fontello' data-av_icon='\ue8f5' data-av_iconfont='entypo-fontello' ><\/span><span class='avia_iconbox_title' >Facebook<\/span><\/a><\/div> <div  class='avia-button-wrap av-nqkd7c-886c697623affb481de439c9579ad3d0-wrap avia-button-left  avia-builder-el-2  el_after_av_button  avia-builder-el-last'><a href='https:\/\/twitter.com\/LogicColorado'  class='avia-button av-nqkd7c-886c697623affb481de439c9579ad3d0 av-link-btn avia-icon_select-yes-left-icon avia-size-small avia-position-left avia-color-theme-color'  target=\"_blank\"  rel=\"noopener noreferrer\"  aria-label=\"@LogicColorado\"><span class='avia_button_icon avia_button_icon_left avia-iconfont avia-font-entypo-fontello' data-av_icon='\ue8f1' data-av_iconfont='entypo-fontello' ><\/span><span class='avia_iconbox_title' >@LogicColorado<\/span><\/a><\/div><\/p>\n<p><img loading=\"lazy\" decoding=\"async\" class=\"alignnone size-full wp-image-42305\" src=\"http:\/\/boulder.earth\/wp-content\/uploads\/2018\/01\/logic-neighborhood.jpg\" alt=\"\" width=\"800\" height=\"295\" srcset=\"https:\/\/boulder.earth\/wp-content\/uploads\/2018\/01\/logic-neighborhood.jpg 800w, https:\/\/boulder.earth\/wp-content\/uploads\/2018\/01\/logic-neighborhood-300x111.jpg 300w, https:\/\/boulder.earth\/wp-content\/uploads\/2018\/01\/logic-neighborhood-768x283.jpg 768w, https:\/\/boulder.earth\/wp-content\/uploads\/2018\/01\/logic-neighborhood-705x260.jpg 705w, https:\/\/boulder.earth\/wp-content\/uploads\/2018\/01\/logic-neighborhood-450x166.jpg 450w\" sizes=\"auto, (max-width: 800px) 100vw, 800px\" \/><\/p>","protected":false},"excerpt":{"rendered":"<p>Elevando las voces de los habitantes de Colorado en todo el estado que viven cerca de las operaciones de petr\u00f3leo y gas actuales y propuestas y para todos los ciudadanos preocupados que trabajan para aprobar pol\u00edticas de desarrollo de energ\u00eda equilibrada que protegen los vecindarios, los hogares y nuestra calidad de vida en Colorado<\/p>","protected":false},"author":1,"featured_media":42307,"comment_status":"open","ping_status":"closed","template":"","meta":{"footnotes":""},"tags":[42],"portfolio_entries":[109,106,230,154,108],"class_list":["post-42296","portfolio","type-portfolio","status-publish","has-post-thumbnail","hentry","tag-fracking","portfolio_entries-community","portfolio_entries-environment","portfolio_entries-fracking","portfolio_entries-justice","portfolio_entries-policy"],"_links":{"self":[{"href":"https:\/\/boulder.earth\/es\/wp-json\/wp\/v2\/portfolio\/42296","targetHints":{"allow":["GET"]}}],"collection":[{"href":"https:\/\/boulder.earth\/es\/wp-json\/wp\/v2\/portfolio"}],"about":[{"href":"https:\/\/boulder.earth\/es\/wp-json\/wp\/v2\/types\/portfolio"}],"author":[{"embeddable":true,"href":"https:\/\/boulder.earth\/es\/wp-json\/wp\/v2\/users\/1"}],"replies":[{"embeddable":true,"href":"https:\/\/boulder.earth\/es\/wp-json\/wp\/v2\/comments?post=42296"}],"version-history":[{"count":0,"href":"https:\/\/boulder.earth\/es\/wp-json\/wp\/v2\/portfolio\/42296\/revisions"}],"wp:featuredmedia":[{"embeddable":true,"href":"https:\/\/boulder.earth\/es\/wp-json\/wp\/v2\/media\/42307"}],"wp:attachment":[{"href":"https:\/\/boulder.earth\/es\/wp-json\/wp\/v2\/media?parent=42296"}],"wp:term":[{"taxonomy":"post_tag","embeddable":true,"href":"https:\/\/boulder.earth\/es\/wp-json\/wp\/v2\/tags?post=42296"},{"taxonomy":"portfolio_entries","embeddable":true,"href":"https:\/\/boulder.earth\/es\/wp-json\/wp\/v2\/portfolio_entries?post=42296"}],"curies":[{"name":"wp","href":"https:\/\/api.w.org\/{rel}","templated":true}]}}

LÓGICA

<p>La Liga de Coloradenses Afectados por el Petróleo y el Gas (LOGIC, por sus siglas en inglés) busca elevar las voces de los coloradenses de todo el estado que viven cerca de las operaciones de petróleo y gas actuales y propuestas, y de todos los ciudadanos preocupados que trabajan para aprobar políticas de desarrollo energético equilibrado que protejan los vecindarios, los hogares y nuestros Colorado calidad de vida. LOGIC busca políticas más inteligentes que prioricen la salud pública, la seguridad y nuestros recursos naturales.</p>
<p>LOGIC conecta vecindarios y coaliciones locales, incluidos Triple Creek, Greeley; rancho himno, Broomfield; IVEY Vecindarios Preocupados, Thorton; Alianza de Ciudadanos CDP de Boulder; Broomfield Preocupado; Juntos Contra la Perforación Vecinal, Lafayette.</p>
<p><div  class='avia-button-wrap av-1raxsuw-1522dd414d462807fbbe39e130f55b49-wrap avia-button-left  avia-builder-el-0  el_before_av_button  avia-builder-el-first'><a href='http://coloradologic.org/'  class='avia-button av-1raxsuw-1522dd414d462807fbbe39e130f55b49 av-link-btn avia-icon_select-yes-left-icon avia-size-small avia-position-left avia-color-theme-color'  target="_blank"  rel="noopener noreferrer"  aria-label="Sitio web"><span class='avia_button_icon avia_button_icon_left avia-iconfont avia-font-entypo-fontello' data-av_icon='' data-av_iconfont='entypo-fontello' ></span><span class='avia_iconbox_title' >Sitio web</span></a></div> <div  class='avia-button-wrap av-18afqns-0f9216eaedd46f31bfdee8404e42ccf9-wrap avia-button-left  avia-builder-el-1  el_after_av_button  el_before_av_button'><a href='https://www.facebook.com/COLOGIC/'  class='avia-button av-18afqns-0f9216eaedd46f31bfdee8404e42ccf9 av-link-btn avia-icon_select-yes-left-icon avia-size-small avia-position-left avia-color-theme-color'  target="_blank"  rel="noopener noreferrer"  aria-label="Facebook"><span class='avia_button_icon avia_button_icon_left avia-iconfont avia-font-entypo-fontello' data-av_icon='' data-av_iconfont='entypo-fontello' ></span><span class='avia_iconbox_title' >Facebook</span></a></div> <div  class='avia-button-wrap av-nqkd7c-886c697623affb481de439c9579ad3d0-wrap avia-button-left  avia-builder-el-2  el_after_av_button  avia-builder-el-last'><a href='https://twitter.com/LogicColorado'  class='avia-button av-nqkd7c-886c697623affb481de439c9579ad3d0 av-link-btn avia-icon_select-yes-left-icon avia-size-small avia-position-left avia-color-theme-color'  target="_blank"  rel="noopener noreferrer"  aria-label="@LogicColorado"><span class='avia_button_icon avia_button_icon_left avia-iconfont avia-font-entypo-fontello' data-av_icon='' data-av_iconfont='entypo-fontello' ></span><span class='avia_iconbox_title' >@LogicColorado</span></a></div></p>
<p><img loading="lazy" decoding="async" class="alignnone size-full wp-image-42305" src="http://boulder.earth/wp-content/uploads/2018/01/logic-neighborhood.jpg" alt="" width="800" height="295" srcset="https://boulder.earth/wp-content/uploads/2018/01/logic-neighborhood.jpg 800w, https://boulder.earth/wp-content/uploads/2018/01/logic-neighborhood-300x111.jpg 300w, https://boulder.earth/wp-content/uploads/2018/01/logic-neighborhood-768x283.jpg 768w, https://boulder.earth/wp-content/uploads/2018/01/logic-neighborhood-705x260.jpg 705w, https://boulder.earth/wp-content/uploads/2018/01/logic-neighborhood-450x166.jpg 450w" sizes="auto, (max-width: 800px) 100vw, 800px" /></p>

<p>Elevando las voces de los habitantes de Colorado en todo el estado que viven cerca de las operaciones de petróleo y gas actuales y propuestas y para todos los ciudadanos preocupados que trabajan para aprobar políticas de desarrollo de energía equilibrada que protegen los vecindarios, los hogares y nuestra calidad de vida en Colorado</p>
