{"id":5482428,"date":"2023-09-24T05:51:22","date_gmt":"2023-09-24T11:51:22","guid":{"rendered":"https:\/\/boulder.earth\/?post_type=portfolio&#038;p=5482428"},"modified":"2023-09-24T05:56:54","modified_gmt":"2023-09-24T11:56:54","slug":"greenfaith-boulder-county","status":"publish","type":"portfolio","link":"https:\/\/boulder.earth\/es\/organizations\/greenfaith-boulder-county\/","title":{"rendered":"Condado de GreenFaith Boulder"},"content":{"rendered":"<style type=\"text\/css\" data-created_by=\"avia_inline_auto\" id=\"style-css-av-av_one_full-25347b0a799d5b9f7058434b2a9c3182\">\n.flex_column.av-av_one_full-25347b0a799d5b9f7058434b2a9c3182{\nborder-radius:0px 0px 0px 0px;\npadding:0px 0px 0px 0px;\n}\n<\/style>\n<div  class='flex_column av-av_one_full-25347b0a799d5b9f7058434b2a9c3182 av_one_full  avia-builder-el-0  avia-builder-el-no-sibling  first flex_column_div av-zero-column-padding'     ><section  class='av_textblock_section av-ju0ilmuj-4bfac8ec713317e756b02d59625b4246'   itemscope=\"itemscope\" itemtype=\"https:\/\/schema.org\/CreativeWork\" ><div class='avia_textblock'  itemprop=\"text\" ><h1><img loading=\"lazy\" decoding=\"async\" class=\"alignright wp-image-5482429 size-full\" src=\"https:\/\/boulder.earth\/wp-content\/uploads\/2023\/09\/greenfaith_bouldercounty.png\" alt=\"\" width=\"300\" height=\"200\" srcset=\"https:\/\/boulder.earth\/wp-content\/uploads\/2023\/09\/greenfaith_bouldercounty.png 300w, https:\/\/boulder.earth\/wp-content\/uploads\/2023\/09\/greenfaith_bouldercounty-18x12.png 18w\" sizes=\"auto, (max-width: 300px) 100vw, 300px\" \/>Condado de GreenFaith Boulder<\/h1>\n<div id=\"comp-je08p00y1\" class=\"s_BIwzIGroupSkin\">\n<div id=\"comp-je08p00y1inlineContent\" class=\"s_BIwzIGroupSkininlineContent\">\n<div id=\"comp-je08p00y1inlineContent-gridWrapper\" data-mesh-internal=\"true\">\n<div id=\"comp-je08p00y1inlineContent-gridContainer\" data-mesh-internal=\"true\">\n<div id=\"comp-je08hx0l8\" class=\"txtNew\" data-packed=\"true\">\n<h3 class=\"font_2\"><strong>Misi\u00f3n<\/strong><\/h3>\n<p>Debido a que la Tierra y todas las personas son sagradas y est\u00e1n en riesgo, el condado de GreenFaith Boulder est\u00e1 construyendo un movimiento clim\u00e1tico y ambiental multirreligioso local en colaboraci\u00f3n con otros c\u00edrculos GreenFaith en todo el mundo.<\/p>\n<\/div>\n<\/div>\n<\/div>\n<\/div>\n<\/div>\n<div id=\"comp-je08vjfjinlineContent\" class=\"s_BIwzIGroupSkininlineContent\">\n<div id=\"comp-je08vjfjinlineContent-gridWrapper\" data-mesh-internal=\"true\">\n<div id=\"comp-je08vjfjinlineContent-gridContainer\" data-mesh-internal=\"true\">\n<h3 id=\"comp-je08vjgo\" class=\"txtNew\" data-packed=\"true\">Visi\u00f3n<\/h3>\n<p class=\"txtNew\" data-packed=\"true\">Visualizamos un condado de Boulder transformado,<span class=\"Apple-converted-space\">\u00a0<\/span>en el que la humanidad en toda su diversidad ha desarrollado una reverencia compartida por la vida en la Tierra.<\/p>\n<\/div>\n<\/div>\n<\/div>\n<p><strong>GreenFaith Boulder County Circle es parte de la red GreenFaith, un movimiento global multirreligioso por la justicia clim\u00e1tica y ambiental.<\/strong><\/p>\n<p class=\"mb-4\">Nos unimos para crear comunidad y movilizar la acci\u00f3n clim\u00e1tica entre personas de diversas religiones (incluidos aquellos que son espirituales pero no religiosos) para poner fin a la era de los combustibles f\u00f3siles y crear un mundo compasivo, amoroso y justo.<\/p>\n<p class=\"mb-4\">La emergencia clim\u00e1tica que enfrentamos es enorme y los m\u00e1s vulnerables entre nosotros la est\u00e1n sufriendo. Como personas de fe y conciencia, nuestros corazones est\u00e1n llamados a responder, y nuestras pr\u00e1cticas espirituales nos dan el valor para enfrentar estos desaf\u00edos.<\/p>\n<p class=\"mb-4\">La vida espiritual es una vida de conexi\u00f3n, entre nosotros y con toda la naturaleza. Es un mundo de vida floreciente que reemplaza la desesperaci\u00f3n por alegr\u00eda, la escasez por abundancia compartida y el privilegio por poder justamente distribuido.<\/p>\n<\/div><\/section><br \/>\n<div  class='avia-button-wrap av-lmxecngs-7c9b83529faa1e674b80fc7012345001-wrap avia-button-center  avia-builder-el-2  el_after_av_textblock  el_before_av_image'><a href='https:\/\/greenfaithbouldercounty.org\/'  class='avia-button av-lmxecngs-7c9b83529faa1e674b80fc7012345001 av-link-btn avia-icon_select-yes-left-icon avia-size-large avia-position-center avia-color-theme-color'  target=\"_blank\"  rel=\"noopener noreferrer\"  aria-label=\"Sitio web\"><span class='avia_button_icon avia_button_icon_left avia-iconfont avia-font-entypo-fontello' data-av_icon='\ue822' data-av_iconfont='entypo-fontello' ><\/span><span class='avia_iconbox_title' >Sitio web<\/span><\/a><\/div><br \/>\n\n<style type=\"text\/css\" data-created_by=\"avia_inline_auto\" id=\"style-css-av-ju0ikhpd-cb653cc7931f88a2e06e2dbdfeae4f4b\">\n.avia-image-container.av-ju0ikhpd-cb653cc7931f88a2e06e2dbdfeae4f4b img.avia_image{\nbox-shadow:none;\n}\n.avia-image-container.av-ju0ikhpd-cb653cc7931f88a2e06e2dbdfeae4f4b .av-image-caption-overlay-center{\ncolor:#ffffff;\n}\n<\/style>\n<div  class='avia-image-container av-ju0ikhpd-cb653cc7931f88a2e06e2dbdfeae4f4b av-styling- avia-align-center  avia-builder-el-3  el_after_av_button  avia-builder-el-last'   itemprop=\"image\" itemscope=\"itemscope\" itemtype=\"https:\/\/schema.org\/ImageObject\" ><div class=\"avia-image-container-inner\"><div class=\"avia-image-overlay-wrap\"><img decoding=\"async\" fetchpriority=\"high\" class='wp-image-5482430 avia-img-lazy-loading-not-5482430 avia_image' src=\"https:\/\/boulder.earth\/wp-content\/uploads\/2023\/09\/greenfaith-photos-1030x381.jpg\" alt='' title='fotos-greenfaith'  height=\"381\" width=\"1030\"  itemprop=\"thumbnailUrl\" srcset=\"https:\/\/boulder.earth\/wp-content\/uploads\/2023\/09\/greenfaith-photos-1030x381.jpg 1030w, https:\/\/boulder.earth\/wp-content\/uploads\/2023\/09\/greenfaith-photos-300x111.jpg 300w, https:\/\/boulder.earth\/wp-content\/uploads\/2023\/09\/greenfaith-photos-768x284.jpg 768w, https:\/\/boulder.earth\/wp-content\/uploads\/2023\/09\/greenfaith-photos-18x7.jpg 18w, https:\/\/boulder.earth\/wp-content\/uploads\/2023\/09\/greenfaith-photos-705x261.jpg 705w, https:\/\/boulder.earth\/wp-content\/uploads\/2023\/09\/greenfaith-photos.jpg 1200w\" sizes=\"(max-width: 1030px) 100vw, 1030px\" \/><\/div><\/div><\/div><\/p><\/div>","protected":false},"excerpt":{"rendered":"<p>Construir un movimiento local multirreligioso sobre el clima y el medio ambiente en colaboraci\u00f3n con otros C\u00edrculos GreenFaith en todo el mundo.<\/p>","protected":false},"author":1,"featured_media":5482429,"comment_status":"closed","ping_status":"closed","template":"","meta":{"footnotes":""},"tags":[],"portfolio_entries":[109,154,104],"class_list":["post-5482428","portfolio","type-portfolio","status-publish","has-post-thumbnail","hentry","portfolio_entries-community","portfolio_entries-justice","portfolio_entries-spiritual"],"_links":{"self":[{"href":"https:\/\/boulder.earth\/es\/wp-json\/wp\/v2\/portfolio\/5482428","targetHints":{"allow":["GET"]}}],"collection":[{"href":"https:\/\/boulder.earth\/es\/wp-json\/wp\/v2\/portfolio"}],"about":[{"href":"https:\/\/boulder.earth\/es\/wp-json\/wp\/v2\/types\/portfolio"}],"author":[{"embeddable":true,"href":"https:\/\/boulder.earth\/es\/wp-json\/wp\/v2\/users\/1"}],"replies":[{"embeddable":true,"href":"https:\/\/boulder.earth\/es\/wp-json\/wp\/v2\/comments?post=5482428"}],"version-history":[{"count":2,"href":"https:\/\/boulder.earth\/es\/wp-json\/wp\/v2\/portfolio\/5482428\/revisions"}],"predecessor-version":[{"id":5482434,"href":"https:\/\/boulder.earth\/es\/wp-json\/wp\/v2\/portfolio\/5482428\/revisions\/5482434"}],"wp:featuredmedia":[{"embeddable":true,"href":"https:\/\/boulder.earth\/es\/wp-json\/wp\/v2\/media\/5482429"}],"wp:attachment":[{"href":"https:\/\/boulder.earth\/es\/wp-json\/wp\/v2\/media?parent=5482428"}],"wp:term":[{"taxonomy":"post_tag","embeddable":true,"href":"https:\/\/boulder.earth\/es\/wp-json\/wp\/v2\/tags?post=5482428"},{"taxonomy":"portfolio_entries","embeddable":true,"href":"https:\/\/boulder.earth\/es\/wp-json\/wp\/v2\/portfolio_entries?post=5482428"}],"curies":[{"name":"wp","href":"https:\/\/api.w.org\/{rel}","templated":true}]}}

<style type="text/css" data-created_by="avia_inline_auto" id="style-css-av-av_one_full-25347b0a799d5b9f7058434b2a9c3182">
.flex_column.av-av_one_full-25347b0a799d5b9f7058434b2a9c3182{
border-radius:0px 0px 0px 0px;
padding:0px 0px 0px 0px;
}
</style>
<div  class='flex_column av-av_one_full-25347b0a799d5b9f7058434b2a9c3182 av_one_full  avia-builder-el-0  avia-builder-el-no-sibling  first flex_column_div av-zero-column-padding'     ><section  class='av_textblock_section av-ju0ilmuj-4bfac8ec713317e756b02d59625b4246'   itemscope="itemscope" itemtype="https://schema.org/CreativeWork" ><div class='avia_textblock'  itemprop="text" ><h1><img loading="lazy" decoding="async" class="alignright wp-image-5482429 size-full" src="https://boulder.earth/wp-content/uploads/2023/09/greenfaith_bouldercounty.png" alt="" width="300" height="200" srcset="https://boulder.earth/wp-content/uploads/2023/09/greenfaith_bouldercounty.png 300w, https://boulder.earth/wp-content/uploads/2023/09/greenfaith_bouldercounty-18x12.png 18w" sizes="auto, (max-width: 300px) 100vw, 300px" />Condado de GreenFaith Boulder</h1>
<div id="comp-je08p00y1" class="s_BIwzIGroupSkin">
<div id="comp-je08p00y1inlineContent" class="s_BIwzIGroupSkininlineContent">
<div id="comp-je08p00y1inlineContent-gridWrapper" data-mesh-internal="true">
<div id="comp-je08p00y1inlineContent-gridContainer" data-mesh-internal="true">
<div id="comp-je08hx0l8" class="txtNew" data-packed="true">
<h3 class="font_2"><strong>Misión</strong></h3>
<p>Debido a que la Tierra y todas las personas son sagradas y están en riesgo, el condado de GreenFaith Boulder está construyendo un movimiento climático y ambiental multirreligioso local en colaboración con otros círculos GreenFaith en todo el mundo.</p>
</div>
</div>
</div>
</div>
</div>
<div id="comp-je08vjfjinlineContent" class="s_BIwzIGroupSkininlineContent">
<div id="comp-je08vjfjinlineContent-gridWrapper" data-mesh-internal="true">
<div id="comp-je08vjfjinlineContent-gridContainer" data-mesh-internal="true">
<h3 id="comp-je08vjgo" class="txtNew" data-packed="true">Visión</h3>
<p class="txtNew" data-packed="true">Visualizamos un condado de Boulder transformado,<span class="Apple-converted-space"> </span>en el que la humanidad en toda su diversidad ha desarrollado una reverencia compartida por la vida en la Tierra.</p>
</div>
</div>
</div>
<p><strong>GreenFaith Boulder County Circle es parte de la red GreenFaith, un movimiento global multirreligioso por la justicia climática y ambiental.</strong></p>
<p class="mb-4">Nos unimos para crear comunidad y movilizar la acción climática entre personas de diversas religiones (incluidos aquellos que son espirituales pero no religiosos) para poner fin a la era de los combustibles fósiles y crear un mundo compasivo, amoroso y justo.</p>
<p class="mb-4">La emergencia climática que enfrentamos es enorme y los más vulnerables entre nosotros la están sufriendo. Como personas de fe y conciencia, nuestros corazones están llamados a responder, y nuestras prácticas espirituales nos dan el valor para enfrentar estos desafíos.</p>
<p class="mb-4">La vida espiritual es una vida de conexión, entre nosotros y con toda la naturaleza. Es un mundo de vida floreciente que reemplaza la desesperación por alegría, la escasez por abundancia compartida y el privilegio por poder justamente distribuido.</p>
</div></section><br />
<div  class='avia-button-wrap av-lmxecngs-7c9b83529faa1e674b80fc7012345001-wrap avia-button-center  avia-builder-el-2  el_after_av_textblock  el_before_av_image'><a href='https://greenfaithbouldercounty.org/'  class='avia-button av-lmxecngs-7c9b83529faa1e674b80fc7012345001 av-link-btn avia-icon_select-yes-left-icon avia-size-large avia-position-center avia-color-theme-color'  target="_blank"  rel="noopener noreferrer"  aria-label="Sitio web"><span class='avia_button_icon avia_button_icon_left avia-iconfont avia-font-entypo-fontello' data-av_icon='' data-av_iconfont='entypo-fontello' ></span><span class='avia_iconbox_title' >Sitio web</span></a></div><br />

<style type="text/css" data-created_by="avia_inline_auto" id="style-css-av-ju0ikhpd-cb653cc7931f88a2e06e2dbdfeae4f4b">
.avia-image-container.av-ju0ikhpd-cb653cc7931f88a2e06e2dbdfeae4f4b img.avia_image{
box-shadow:none;
}
.avia-image-container.av-ju0ikhpd-cb653cc7931f88a2e06e2dbdfeae4f4b .av-image-caption-overlay-center{
color:#ffffff;
}
</style>
<div  class='avia-image-container av-ju0ikhpd-cb653cc7931f88a2e06e2dbdfeae4f4b av-styling- avia-align-center  avia-builder-el-3  el_after_av_button  avia-builder-el-last'   itemprop="image" itemscope="itemscope" itemtype="https://schema.org/ImageObject" ><div class="avia-image-container-inner"><div class="avia-image-overlay-wrap"><img decoding="async" fetchpriority="high" class='wp-image-5482430 avia-img-lazy-loading-not-5482430 avia_image' src="https://boulder.earth/wp-content/uploads/2023/09/greenfaith-photos-1030x381.jpg" alt='' title='fotos-greenfaith'  height="381" width="1030"  itemprop="thumbnailUrl" srcset="https://boulder.earth/wp-content/uploads/2023/09/greenfaith-photos-1030x381.jpg 1030w, https://boulder.earth/wp-content/uploads/2023/09/greenfaith-photos-300x111.jpg 300w, https://boulder.earth/wp-content/uploads/2023/09/greenfaith-photos-768x284.jpg 768w, https://boulder.earth/wp-content/uploads/2023/09/greenfaith-photos-18x7.jpg 18w, https://boulder.earth/wp-content/uploads/2023/09/greenfaith-photos-705x261.jpg 705w, https://boulder.earth/wp-content/uploads/2023/09/greenfaith-photos.jpg 1200w" sizes="(max-width: 1030px) 100vw, 1030px" /></div></div></div></p></div>

<p>Construir un movimiento local multirreligioso sobre el clima y el medio ambiente en colaboración con otros Círculos GreenFaith en todo el mundo.</p>
