{"id":5483025,"date":"2023-11-09T10:24:22","date_gmt":"2023-11-09T17:24:22","guid":{"rendered":"https:\/\/boulder.earth\/?post_type=portfolio&#038;p=5483025"},"modified":"2023-11-09T10:26:10","modified_gmt":"2023-11-09T17:26:10","slug":"brujula-comunitaria","status":"publish","type":"portfolio","link":"https:\/\/boulder.earth\/es\/organizations\/brujula-comunitaria\/","title":{"rendered":"Br\u00fajula Comunitaria"},"content":{"rendered":"<style type=\"text\/css\" data-created_by=\"avia_inline_auto\" id=\"style-css-av-av_one_full-25347b0a799d5b9f7058434b2a9c3182\">\n.flex_column.av-av_one_full-25347b0a799d5b9f7058434b2a9c3182{\nborder-radius:0px 0px 0px 0px;\npadding:0px 0px 0px 0px;\n}\n<\/style>\n<div  class='flex_column av-av_one_full-25347b0a799d5b9f7058434b2a9c3182 av_one_full  avia-builder-el-0  avia-builder-el-no-sibling  first flex_column_div av-zero-column-padding'     ><section  class='av_textblock_section av-ju0ilmuj-4bfac8ec713317e756b02d59625b4246'   itemscope=\"itemscope\" itemtype=\"https:\/\/schema.org\/CreativeWork\" ><div class='avia_textblock'  itemprop=\"text\" ><h1>Br\u00fajula Comunitaria<\/h1>\n<div id=\"comp-je08p00y1\" class=\"s_BIwzIGroupSkin\">\n<div id=\"comp-je08p00y1inlineContent\" class=\"s_BIwzIGroupSkininlineContent\">\n<div id=\"comp-je08p00y1inlineContent-gridWrapper\" data-mesh-internal=\"true\">\n<div id=\"comp-je08p00y1inlineContent-gridContainer\" data-mesh-internal=\"true\">\n<div id=\"comp-je08hx0l8\" class=\"txtNew\" data-packed=\"true\"><\/div>\n<\/div>\n<\/div>\n<\/div>\n<\/div>\n<p><span style=\"font-weight: 400;\">Br\u00fajula Comunitaria (Community Compass) es un grupo de 14 familias BIPOC que se unieron en 2021 para abogar e impulsar un cambio en la nutrici\u00f3n de nuestros ni\u00f1os en el Distrito Escolar de Saint Vrain Valley (SVVSD). Desde entonces, hemos evolucionado hasta convertirse en un grupo enfocado en incrementar y fortalecer las capacidades de sus integrantes como madres, empresarias, trabajadoras de limpieza, organizadoras comunitarias, proveedoras, etc. Las experiencias y habilidades de cada una de las integrantes respaldan y complementan a La Br\u00fajula.<\/span><\/p>\n<p><span style=\"font-weight: 400;\">Nuestra intenci\u00f3n es fomentar la participaci\u00f3n comunitaria directa con el objetivo de brindar soluciones a los desaf\u00edos de la justicia clim\u00e1tica, social y econ\u00f3mica.<\/span><\/p>\n<p><span style=\"font-weight: 400;\">Nuestra visi\u00f3n es ser un ejemplo de liderazgo comunitario a trav\u00e9s de la pr\u00e1ctica de acciones conscientes y colectivas que tengan un impacto positivo en la comunidad.<\/span><\/p>\n<p><a href=\"mailto:brujulacomunitariacolorado@gmail.com\">CORREO ELECTR\u00d3NICO<\/a><\/p>\n<\/div><\/section><br \/>\n\n<style type=\"text\/css\" data-created_by=\"avia_inline_auto\" id=\"style-css-av-ju0ikhpd-4e82bade7205640bb2e17b58c0bbdbfa\">\n.avia-image-container.av-ju0ikhpd-4e82bade7205640bb2e17b58c0bbdbfa img.avia_image{\nbox-shadow:none;\n}\n.avia-image-container.av-ju0ikhpd-4e82bade7205640bb2e17b58c0bbdbfa .av-image-caption-overlay-center{\ncolor:#ffffff;\n}\n<\/style>\n<div  class='avia-image-container av-ju0ikhpd-4e82bade7205640bb2e17b58c0bbdbfa av-styling- avia-align-center  avia-builder-el-2  el_after_av_textblock  avia-builder-el-last'   itemprop=\"image\" itemscope=\"itemscope\" itemtype=\"https:\/\/schema.org\/ImageObject\" ><div class=\"avia-image-container-inner\"><div class=\"avia-image-overlay-wrap\"><img decoding=\"async\" fetchpriority=\"high\" class='wp-image-5483026 avia-img-lazy-loading-not-5483026 avia_image' src=\"https:\/\/boulder.earth\/wp-content\/uploads\/2023\/11\/brujula-photo.jpg\" alt='' title='brujula-foto'  height=\"366\" width=\"512\"  itemprop=\"thumbnailUrl\" srcset=\"https:\/\/boulder.earth\/wp-content\/uploads\/2023\/11\/brujula-photo.jpg 512w, https:\/\/boulder.earth\/wp-content\/uploads\/2023\/11\/brujula-photo-300x214.jpg 300w, https:\/\/boulder.earth\/wp-content\/uploads\/2023\/11\/brujula-photo-18x12.jpg 18w, https:\/\/boulder.earth\/wp-content\/uploads\/2023\/11\/brujula-photo-260x185.jpg 260w\" sizes=\"(max-width: 512px) 100vw, 512px\" \/><\/div><\/div><\/div><\/p><\/div>","protected":false},"excerpt":{"rendered":"<p>Fomentar la participaci\u00f3n comunitaria directa con el objetivo de brindar soluciones a los desaf\u00edos de la justicia clim\u00e1tica, social y econ\u00f3mica.<\/p>","protected":false},"author":1,"featured_media":5483027,"comment_status":"closed","ping_status":"closed","template":"","meta":{"footnotes":""},"tags":[],"portfolio_entries":[109,154,108],"class_list":["post-5483025","portfolio","type-portfolio","status-publish","has-post-thumbnail","hentry","portfolio_entries-community","portfolio_entries-justice","portfolio_entries-policy"],"_links":{"self":[{"href":"https:\/\/boulder.earth\/es\/wp-json\/wp\/v2\/portfolio\/5483025","targetHints":{"allow":["GET"]}}],"collection":[{"href":"https:\/\/boulder.earth\/es\/wp-json\/wp\/v2\/portfolio"}],"about":[{"href":"https:\/\/boulder.earth\/es\/wp-json\/wp\/v2\/types\/portfolio"}],"author":[{"embeddable":true,"href":"https:\/\/boulder.earth\/es\/wp-json\/wp\/v2\/users\/1"}],"replies":[{"embeddable":true,"href":"https:\/\/boulder.earth\/es\/wp-json\/wp\/v2\/comments?post=5483025"}],"version-history":[{"count":2,"href":"https:\/\/boulder.earth\/es\/wp-json\/wp\/v2\/portfolio\/5483025\/revisions"}],"predecessor-version":[{"id":5483030,"href":"https:\/\/boulder.earth\/es\/wp-json\/wp\/v2\/portfolio\/5483025\/revisions\/5483030"}],"wp:featuredmedia":[{"embeddable":true,"href":"https:\/\/boulder.earth\/es\/wp-json\/wp\/v2\/media\/5483027"}],"wp:attachment":[{"href":"https:\/\/boulder.earth\/es\/wp-json\/wp\/v2\/media?parent=5483025"}],"wp:term":[{"taxonomy":"post_tag","embeddable":true,"href":"https:\/\/boulder.earth\/es\/wp-json\/wp\/v2\/tags?post=5483025"},{"taxonomy":"portfolio_entries","embeddable":true,"href":"https:\/\/boulder.earth\/es\/wp-json\/wp\/v2\/portfolio_entries?post=5483025"}],"curies":[{"name":"wp","href":"https:\/\/api.w.org\/{rel}","templated":true}]}}

Brújula Comunitaria

<style type="text/css" data-created_by="avia_inline_auto" id="style-css-av-av_one_full-25347b0a799d5b9f7058434b2a9c3182">
.flex_column.av-av_one_full-25347b0a799d5b9f7058434b2a9c3182{
border-radius:0px 0px 0px 0px;
padding:0px 0px 0px 0px;
}
</style>
<div  class='flex_column av-av_one_full-25347b0a799d5b9f7058434b2a9c3182 av_one_full  avia-builder-el-0  avia-builder-el-no-sibling  first flex_column_div av-zero-column-padding'     ><section  class='av_textblock_section av-ju0ilmuj-4bfac8ec713317e756b02d59625b4246'   itemscope="itemscope" itemtype="https://schema.org/CreativeWork" ><div class='avia_textblock'  itemprop="text" ><h1>Brújula Comunitaria</h1>
<div id="comp-je08p00y1" class="s_BIwzIGroupSkin">
<div id="comp-je08p00y1inlineContent" class="s_BIwzIGroupSkininlineContent">
<div id="comp-je08p00y1inlineContent-gridWrapper" data-mesh-internal="true">
<div id="comp-je08p00y1inlineContent-gridContainer" data-mesh-internal="true">
<div id="comp-je08hx0l8" class="txtNew" data-packed="true"></div>
</div>
</div>
</div>
</div>
<p><span style="font-weight: 400;">Brújula Comunitaria (Community Compass) es un grupo de 14 familias BIPOC que se unieron en 2021 para abogar e impulsar un cambio en la nutrición de nuestros niños en el Distrito Escolar de Saint Vrain Valley (SVVSD). Desde entonces, hemos evolucionado hasta convertirse en un grupo enfocado en incrementar y fortalecer las capacidades de sus integrantes como madres, empresarias, trabajadoras de limpieza, organizadoras comunitarias, proveedoras, etc. Las experiencias y habilidades de cada una de las integrantes respaldan y complementan a La Brújula.</span></p>
<p><span style="font-weight: 400;">Nuestra intención es fomentar la participación comunitaria directa con el objetivo de brindar soluciones a los desafíos de la justicia climática, social y económica.</span></p>
<p><span style="font-weight: 400;">Nuestra visión es ser un ejemplo de liderazgo comunitario a través de la práctica de acciones conscientes y colectivas que tengan un impacto positivo en la comunidad.</span></p>
<p><a href="mailto:brujulacomunitariacolorado@gmail.com">CORREO ELECTRÓNICO</a></p>
</div></section><br />

<style type="text/css" data-created_by="avia_inline_auto" id="style-css-av-ju0ikhpd-4e82bade7205640bb2e17b58c0bbdbfa">
.avia-image-container.av-ju0ikhpd-4e82bade7205640bb2e17b58c0bbdbfa img.avia_image{
box-shadow:none;
}
.avia-image-container.av-ju0ikhpd-4e82bade7205640bb2e17b58c0bbdbfa .av-image-caption-overlay-center{
color:#ffffff;
}
</style>
<div  class='avia-image-container av-ju0ikhpd-4e82bade7205640bb2e17b58c0bbdbfa av-styling- avia-align-center  avia-builder-el-2  el_after_av_textblock  avia-builder-el-last'   itemprop="image" itemscope="itemscope" itemtype="https://schema.org/ImageObject" ><div class="avia-image-container-inner"><div class="avia-image-overlay-wrap"><img decoding="async" fetchpriority="high" class='wp-image-5483026 avia-img-lazy-loading-not-5483026 avia_image' src="https://boulder.earth/wp-content/uploads/2023/11/brujula-photo.jpg" alt='' title='brujula-foto'  height="366" width="512"  itemprop="thumbnailUrl" srcset="https://boulder.earth/wp-content/uploads/2023/11/brujula-photo.jpg 512w, https://boulder.earth/wp-content/uploads/2023/11/brujula-photo-300x214.jpg 300w, https://boulder.earth/wp-content/uploads/2023/11/brujula-photo-18x12.jpg 18w, https://boulder.earth/wp-content/uploads/2023/11/brujula-photo-260x185.jpg 260w" sizes="(max-width: 512px) 100vw, 512px" /></div></div></div></p></div>

<p>Fomentar la participación comunitaria directa con el objetivo de brindar soluciones a los desafíos de la justicia climática, social y económica.</p>
