{"id":5483775,"date":"2024-02-20T13:21:12","date_gmt":"2024-02-20T20:21:12","guid":{"rendered":"https:\/\/boulder.earth\/?post_type=portfolio&#038;p=5483775"},"modified":"2024-02-20T13:21:13","modified_gmt":"2024-02-20T20:21:13","slug":"colorado-jewish-climate-action","status":"publish","type":"portfolio","link":"https:\/\/boulder.earth\/es\/organizations\/colorado-jewish-climate-action\/","title":{"rendered":"Colorado Jewish Climate Action"},"content":{"rendered":"<style type=\"text\/css\" data-created_by=\"avia_inline_auto\" id=\"style-css-av-av_one_full-25347b0a799d5b9f7058434b2a9c3182\">\n.flex_column.av-av_one_full-25347b0a799d5b9f7058434b2a9c3182{\nborder-radius:0px 0px 0px 0px;\npadding:0px 0px 0px 0px;\n}\n<\/style>\n<div  class='flex_column av-av_one_full-25347b0a799d5b9f7058434b2a9c3182 av_one_full  avia-builder-el-0  avia-builder-el-no-sibling  first flex_column_div av-zero-column-padding'     ><section  class='av_textblock_section av-ju0ilmuj-aea5f482356d6e1719429d4fcce28a0a'   itemscope=\"itemscope\" itemtype=\"https:\/\/schema.org\/CreativeWork\" ><div class='avia_textblock'  itemprop=\"text\" ><h1><img loading=\"lazy\" decoding=\"async\" class=\"alignright wp-image-5483776 size-full\" src=\"https:\/\/boulder.earth\/wp-content\/uploads\/2024\/02\/cjca-logo.png\" alt=\"\" width=\"300\" height=\"200\" srcset=\"https:\/\/boulder.earth\/wp-content\/uploads\/2024\/02\/cjca-logo.png 300w, https:\/\/boulder.earth\/wp-content\/uploads\/2024\/02\/cjca-logo-18x12.png 18w\" sizes=\"auto, (max-width: 300px) 100vw, 300px\" \/>Colorado Jewish Climate Action<\/h1>\n<div id=\"comp-je08p00y1\" class=\"s_BIwzIGroupSkin\">\n<div id=\"comp-je08p00y1inlineContent\" class=\"s_BIwzIGroupSkininlineContent\">\n<div id=\"comp-je08p00y1inlineContent-gridWrapper\" data-mesh-internal=\"true\">\n<div id=\"comp-je08p00y1inlineContent-gridContainer\" data-mesh-internal=\"true\">\n<div id=\"comp-je08hx0l8\" class=\"txtNew\" data-packed=\"true\">\n<p class=\"font_2\">CJCA es una comunidad de jud\u00edos de todas las edades y colores que est\u00e1n unidos para tomar medidas para mitigar los efectos del cambio clim\u00e1tico y abogar en las legislaturas nacionales y de Colorado por leyes ecol\u00f3gicas y una mejor calidad del aire.<\/p>\n<p class=\"preFlex flexIn\"><span class=\"sqsrte-text-color--darkAccent\">Nos inspiramos en la tradici\u00f3n jud\u00eda que ense\u00f1a:<br \/>\nSi no nosotros, \u00bfqui\u00e9n? \u00bfSi no es ahora, cuando? No estamos obligados a completar la obra, pero tampoco somos libres de desistir de ella.<\/span><\/p>\n<p class=\"preFlex flexIn\"><strong><span class=\"sqsrte-text-color--black\">Ecologizar las instituciones jud\u00edas| <\/span><span class=\"sqsrte-text-color--black\">Promoci\u00f3n | <\/span><span class=\"sqsrte-text-color--black\">Educaci\u00f3n | <\/span>Empoderamiento juvenil<\/strong><\/p>\n<\/div>\n<\/div>\n<\/div>\n<\/div>\n<\/div>\n<\/div><\/section><br \/>\n<br \/>\n\n<style type=\"text\/css\" data-created_by=\"avia_inline_auto\" id=\"style-css-av-ju0ikhpd-d5f5f2cb250190f4066a6a0e30ad067d\">\n.avia-image-container.av-ju0ikhpd-d5f5f2cb250190f4066a6a0e30ad067d img.avia_image{\nbox-shadow:none;\n}\n.avia-image-container.av-ju0ikhpd-d5f5f2cb250190f4066a6a0e30ad067d .av-image-caption-overlay-center{\ncolor:#ffffff;\n}\n<\/style>\n<div  class='avia-image-container av-ju0ikhpd-d5f5f2cb250190f4066a6a0e30ad067d av-styling- avia-align-center'   itemprop=\"image\" itemscope=\"itemscope\" itemtype=\"https:\/\/schema.org\/ImageObject\" ><div class=\"avia-image-container-inner\"><div class=\"avia-image-overlay-wrap\"><img decoding=\"async\" fetchpriority=\"high\" class='wp-image-5483777 avia-img-lazy-loading-not-5483777 avia_image' src=\"https:\/\/boulder.earth\/wp-content\/uploads\/2024\/02\/cjca-photo-1030x450.jpg\" alt='' title='cjca-foto'  height=\"450\" width=\"1030\"  itemprop=\"thumbnailUrl\" srcset=\"https:\/\/boulder.earth\/wp-content\/uploads\/2024\/02\/cjca-photo-1030x450.jpg 1030w, https:\/\/boulder.earth\/wp-content\/uploads\/2024\/02\/cjca-photo-300x131.jpg 300w, https:\/\/boulder.earth\/wp-content\/uploads\/2024\/02\/cjca-photo-768x335.jpg 768w, https:\/\/boulder.earth\/wp-content\/uploads\/2024\/02\/cjca-photo-18x8.jpg 18w, https:\/\/boulder.earth\/wp-content\/uploads\/2024\/02\/cjca-photo-705x308.jpg 705w, https:\/\/boulder.earth\/wp-content\/uploads\/2024\/02\/cjca-photo.jpg 1317w\" sizes=\"(max-width: 1030px) 100vw, 1030px\" \/><\/div><\/div><\/div><\/p><\/div>","protected":false},"excerpt":{"rendered":"<p>Unidos para tomar medidas para mitigar los efectos del cambio clim\u00e1tico y abogar en las legislaturas nacionales y de Colorado por leyes ecol\u00f3gicas y una mejor calidad del aire.<\/p>","protected":false},"author":1,"featured_media":5483776,"comment_status":"closed","ping_status":"closed","template":"","meta":{"footnotes":""},"tags":[],"portfolio_entries":[98,154,104],"class_list":["post-5483775","portfolio","type-portfolio","status-publish","has-post-thumbnail","hentry","portfolio_entries-activism","portfolio_entries-justice","portfolio_entries-spiritual"],"_links":{"self":[{"href":"https:\/\/boulder.earth\/es\/wp-json\/wp\/v2\/portfolio\/5483775","targetHints":{"allow":["GET"]}}],"collection":[{"href":"https:\/\/boulder.earth\/es\/wp-json\/wp\/v2\/portfolio"}],"about":[{"href":"https:\/\/boulder.earth\/es\/wp-json\/wp\/v2\/types\/portfolio"}],"author":[{"embeddable":true,"href":"https:\/\/boulder.earth\/es\/wp-json\/wp\/v2\/users\/1"}],"replies":[{"embeddable":true,"href":"https:\/\/boulder.earth\/es\/wp-json\/wp\/v2\/comments?post=5483775"}],"version-history":[{"count":2,"href":"https:\/\/boulder.earth\/es\/wp-json\/wp\/v2\/portfolio\/5483775\/revisions"}],"predecessor-version":[{"id":5483779,"href":"https:\/\/boulder.earth\/es\/wp-json\/wp\/v2\/portfolio\/5483775\/revisions\/5483779"}],"wp:featuredmedia":[{"embeddable":true,"href":"https:\/\/boulder.earth\/es\/wp-json\/wp\/v2\/media\/5483776"}],"wp:attachment":[{"href":"https:\/\/boulder.earth\/es\/wp-json\/wp\/v2\/media?parent=5483775"}],"wp:term":[{"taxonomy":"post_tag","embeddable":true,"href":"https:\/\/boulder.earth\/es\/wp-json\/wp\/v2\/tags?post=5483775"},{"taxonomy":"portfolio_entries","embeddable":true,"href":"https:\/\/boulder.earth\/es\/wp-json\/wp\/v2\/portfolio_entries?post=5483775"}],"curies":[{"name":"wp","href":"https:\/\/api.w.org\/{rel}","templated":true}]}}

<style type="text/css" data-created_by="avia_inline_auto" id="style-css-av-av_one_full-25347b0a799d5b9f7058434b2a9c3182">
.flex_column.av-av_one_full-25347b0a799d5b9f7058434b2a9c3182{
border-radius:0px 0px 0px 0px;
padding:0px 0px 0px 0px;
}
</style>
<div  class='flex_column av-av_one_full-25347b0a799d5b9f7058434b2a9c3182 av_one_full  avia-builder-el-0  avia-builder-el-no-sibling  first flex_column_div av-zero-column-padding'     ><section  class='av_textblock_section av-ju0ilmuj-aea5f482356d6e1719429d4fcce28a0a'   itemscope="itemscope" itemtype="https://schema.org/CreativeWork" ><div class='avia_textblock'  itemprop="text" ><h1><img loading="lazy" decoding="async" class="alignright wp-image-5483776 size-full" src="https://boulder.earth/wp-content/uploads/2024/02/cjca-logo.png" alt="" width="300" height="200" srcset="https://boulder.earth/wp-content/uploads/2024/02/cjca-logo.png 300w, https://boulder.earth/wp-content/uploads/2024/02/cjca-logo-18x12.png 18w" sizes="auto, (max-width: 300px) 100vw, 300px" />Colorado Jewish Climate Action</h1>
<div id="comp-je08p00y1" class="s_BIwzIGroupSkin">
<div id="comp-je08p00y1inlineContent" class="s_BIwzIGroupSkininlineContent">
<div id="comp-je08p00y1inlineContent-gridWrapper" data-mesh-internal="true">
<div id="comp-je08p00y1inlineContent-gridContainer" data-mesh-internal="true">
<div id="comp-je08hx0l8" class="txtNew" data-packed="true">
<p class="font_2">CJCA es una comunidad de judíos de todas las edades y colores que están unidos para tomar medidas para mitigar los efectos del cambio climático y abogar en las legislaturas nacionales y de Colorado por leyes ecológicas y una mejor calidad del aire.</p>
<p class="preFlex flexIn"><span class="sqsrte-text-color--darkAccent">Nos inspiramos en la tradición judía que enseña:<br />
Si no nosotros, ¿quién? ¿Si no es ahora, cuando? No estamos obligados a completar la obra, pero tampoco somos libres de desistir de ella.</span></p>
<p class="preFlex flexIn"><strong><span class="sqsrte-text-color--black">Ecologizar las instituciones judías| </span><span class="sqsrte-text-color--black">Promoción | </span><span class="sqsrte-text-color--black">Educación | </span>Empoderamiento juvenil</strong></p>
</div>
</div>
</div>
</div>
</div>
</div></section><br />
<br />

<style type="text/css" data-created_by="avia_inline_auto" id="style-css-av-ju0ikhpd-d5f5f2cb250190f4066a6a0e30ad067d">
.avia-image-container.av-ju0ikhpd-d5f5f2cb250190f4066a6a0e30ad067d img.avia_image{
box-shadow:none;
}
.avia-image-container.av-ju0ikhpd-d5f5f2cb250190f4066a6a0e30ad067d .av-image-caption-overlay-center{
color:#ffffff;
}
</style>
<div  class='avia-image-container av-ju0ikhpd-d5f5f2cb250190f4066a6a0e30ad067d av-styling- avia-align-center'   itemprop="image" itemscope="itemscope" itemtype="https://schema.org/ImageObject" ><div class="avia-image-container-inner"><div class="avia-image-overlay-wrap"><img decoding="async" fetchpriority="high" class='wp-image-5483777 avia-img-lazy-loading-not-5483777 avia_image' src="https://boulder.earth/wp-content/uploads/2024/02/cjca-photo-1030x450.jpg" alt='' title='cjca-foto'  height="450" width="1030"  itemprop="thumbnailUrl" srcset="https://boulder.earth/wp-content/uploads/2024/02/cjca-photo-1030x450.jpg 1030w, https://boulder.earth/wp-content/uploads/2024/02/cjca-photo-300x131.jpg 300w, https://boulder.earth/wp-content/uploads/2024/02/cjca-photo-768x335.jpg 768w, https://boulder.earth/wp-content/uploads/2024/02/cjca-photo-18x8.jpg 18w, https://boulder.earth/wp-content/uploads/2024/02/cjca-photo-705x308.jpg 705w, https://boulder.earth/wp-content/uploads/2024/02/cjca-photo.jpg 1317w" sizes="(max-width: 1030px) 100vw, 1030px" /></div></div></div></p></div>

<p>Unidos para tomar medidas para mitigar los efectos del cambio climático y abogar en las legislaturas nacionales y de Colorado por leyes ecológicas y una mejor calidad del aire.</p>
