{"id":62172,"date":"2018-04-02T22:02:30","date_gmt":"2018-04-03T04:02:30","guid":{"rendered":"https:\/\/boulder.earth\/?post_type=portfolio&#038;p=62172"},"modified":"2018-06-06T14:33:55","modified_gmt":"2018-06-06T20:33:55","slug":"program-in-environmental-design-university-of-colorado","status":"publish","type":"portfolio","link":"https:\/\/boulder.earth\/es\/organizations\/program-in-environmental-design-university-of-colorado\/","title":{"rendered":"Programa en Dise\u00f1o Ambiental - Universidad de Colorado"},"content":{"rendered":"<p>El ge\u00f3grafo de Oxford, Halford J. Mackinder dijo una vez: \u201cTodo el conocimiento es uno; su divisi\u00f3n en sujetos es una concesi\u00f3n a la debilidad humana.\u201d Eso se acerca a describir el impulso filos\u00f3fico del Programa de Dise\u00f1o Ambiental (ENVD).<\/p>\n<p>Los desaf\u00edos ambientales que enfrenta nuestra sociedad cobran gran importancia y exigen soluciones creativas. La experiencia del programa en abordar soluciones dentro del contexto de\u00a0<em>ambientes construidos y naturales<\/em>\u00a0proporciona a los estudiantes ventajas \u00fanicas. Influenciados por el consejo del antiguo arquitecto romano Vitruvio sobre la educaci\u00f3n del arquitecto, los estudiantes se involucran en una amplia gama de materias en humanidades, ciencias y ciencias sociales, para comprender la gravedad de los desaf\u00edos que enfrenta la sociedad y la contribuci\u00f3n que pueden hacer los dise\u00f1adores. hacer para hacer frente a tales desaf\u00edos. ENVD fomenta una educaci\u00f3n interdisciplinaria innovadora para preparar a los estudiantes para la pr\u00e1ctica y el estudio avanzado en los campos basados en el dise\u00f1o de la arquitectura, la arquitectura del paisaje y la planificaci\u00f3n, as\u00ed como para aplicar el pensamiento de dise\u00f1o a una variedad de otras posibles carreras.<\/p>\n<p>El conocimiento para abordar soluciones sostenibles para el entorno construido y natural requiere un pensamiento de dise\u00f1o hol\u00edstico. Bienvenido a la pr\u00f3xima generaci\u00f3n de dise\u00f1o ambiental en CU Boulder.<\/p>\n<p><div  class='avia-button-wrap av-1kiq7uk-733a062a00ec97ed129dcf817fd84ac4-wrap avia-button-left  avia-builder-el-0  el_before_av_button  avia-builder-el-first'><a href='https:\/\/www.colorado.edu\/envd\/'  class='avia-button av-1kiq7uk-733a062a00ec97ed129dcf817fd84ac4 av-link-btn avia-icon_select-yes-left-icon avia-size-small avia-position-left avia-color-theme-color'  target=\"_blank\"  rel=\"noopener noreferrer\"  aria-label=\"Sitio web\"><span class='avia_button_icon avia_button_icon_left avia-iconfont avia-font-entypo-fontello' data-av_icon='\ue822' data-av_iconfont='entypo-fontello' ><\/span><span class='avia_iconbox_title' >Sitio web<\/span><\/a><\/div> <div  class='avia-button-wrap av-z7rmd8-5f841587375e1cc211bdf9c1a4ab3c39-wrap avia-button-left  avia-builder-el-1  el_after_av_button  el_before_av_button'><a href='https:\/\/www.facebook.com\/CUBoulderENVD'  class='avia-button av-z7rmd8-5f841587375e1cc211bdf9c1a4ab3c39 av-link-btn avia-icon_select-yes-left-icon avia-size-small avia-position-left avia-color-theme-color'  target=\"_blank\"  rel=\"noopener noreferrer\"  aria-label=\"Facebook\"><span class='avia_button_icon avia_button_icon_left avia-iconfont avia-font-entypo-fontello' data-av_icon='\ue8f5' data-av_iconfont='entypo-fontello' ><\/span><span class='avia_iconbox_title' >Facebook<\/span><\/a><\/div> <div  class='avia-button-wrap av-nfqpbw-83a7d1ab94998fd62eec1baa7e0dfb47-wrap avia-button-left  avia-builder-el-2  el_after_av_button  avia-builder-el-last'><a href='https:\/\/www.instagram.com\/cuboulderenvd\/'  class='avia-button av-nfqpbw-83a7d1ab94998fd62eec1baa7e0dfb47 av-link-btn avia-icon_select-yes-left-icon avia-size-small avia-position-left avia-color-theme-color'  target=\"_blank\"  rel=\"noopener noreferrer\"  aria-label=\"Instagram\"><span class='avia_button_icon avia_button_icon_left avia-iconfont avia-font-entypo-fontello' data-av_icon='\ue909' data-av_iconfont='entypo-fontello' ><\/span><span class='avia_iconbox_title' >Instagram<\/span><\/a><\/div><\/p>\n<p><img loading=\"lazy\" decoding=\"async\" class=\"aligncenter size-gallery wp-image-62173\" src=\"https:\/\/boulder.earth\/wp-content\/uploads\/2018\/04\/program_information-845x608.jpg\" alt=\"\" width=\"845\" height=\"608\" \/><\/p>","protected":false},"excerpt":{"rendered":"<p>Programa que brinda experiencia en el abordaje de soluciones dentro del contexto de entornos construidos y naturales, brindando a los estudiantes ventajas \u00fanicas<\/p>","protected":false},"author":1,"featured_media":62180,"comment_status":"open","ping_status":"closed","template":"","meta":{"footnotes":""},"tags":[],"portfolio_entries":[99,106,232,155],"class_list":["post-62172","portfolio","type-portfolio","status-publish","has-post-thumbnail","hentry","portfolio_entries-education","portfolio_entries-environment","portfolio_entries-pollinators","portfolio_entries-university"],"_links":{"self":[{"href":"https:\/\/boulder.earth\/es\/wp-json\/wp\/v2\/portfolio\/62172","targetHints":{"allow":["GET"]}}],"collection":[{"href":"https:\/\/boulder.earth\/es\/wp-json\/wp\/v2\/portfolio"}],"about":[{"href":"https:\/\/boulder.earth\/es\/wp-json\/wp\/v2\/types\/portfolio"}],"author":[{"embeddable":true,"href":"https:\/\/boulder.earth\/es\/wp-json\/wp\/v2\/users\/1"}],"replies":[{"embeddable":true,"href":"https:\/\/boulder.earth\/es\/wp-json\/wp\/v2\/comments?post=62172"}],"version-history":[{"count":1,"href":"https:\/\/boulder.earth\/es\/wp-json\/wp\/v2\/portfolio\/62172\/revisions"}],"predecessor-version":[{"id":75400,"href":"https:\/\/boulder.earth\/es\/wp-json\/wp\/v2\/portfolio\/62172\/revisions\/75400"}],"wp:featuredmedia":[{"embeddable":true,"href":"https:\/\/boulder.earth\/es\/wp-json\/wp\/v2\/media\/62180"}],"wp:attachment":[{"href":"https:\/\/boulder.earth\/es\/wp-json\/wp\/v2\/media?parent=62172"}],"wp:term":[{"taxonomy":"post_tag","embeddable":true,"href":"https:\/\/boulder.earth\/es\/wp-json\/wp\/v2\/tags?post=62172"},{"taxonomy":"portfolio_entries","embeddable":true,"href":"https:\/\/boulder.earth\/es\/wp-json\/wp\/v2\/portfolio_entries?post=62172"}],"curies":[{"name":"wp","href":"https:\/\/api.w.org\/{rel}","templated":true}]}}

Programa en Diseño Ambiental - Universidad de Colorado

<p>El geógrafo de Oxford, Halford J. Mackinder dijo una vez: “Todo el conocimiento es uno; su división en sujetos es una concesión a la debilidad humana.” Eso se acerca a describir el impulso filosófico del Programa de Diseño Ambiental (ENVD).</p>
<p>Los desafíos ambientales que enfrenta nuestra sociedad cobran gran importancia y exigen soluciones creativas. La experiencia del programa en abordar soluciones dentro del contexto de <em>ambientes construidos y naturales</em> proporciona a los estudiantes ventajas únicas. Influenciados por el consejo del antiguo arquitecto romano Vitruvio sobre la educación del arquitecto, los estudiantes se involucran en una amplia gama de materias en humanidades, ciencias y ciencias sociales, para comprender la gravedad de los desafíos que enfrenta la sociedad y la contribución que pueden hacer los diseñadores. hacer para hacer frente a tales desafíos. ENVD fomenta una educación interdisciplinaria innovadora para preparar a los estudiantes para la práctica y el estudio avanzado en los campos basados en el diseño de la arquitectura, la arquitectura del paisaje y la planificación, así como para aplicar el pensamiento de diseño a una variedad de otras posibles carreras.</p>
<p>El conocimiento para abordar soluciones sostenibles para el entorno construido y natural requiere un pensamiento de diseño holístico. Bienvenido a la próxima generación de diseño ambiental en CU Boulder.</p>
<p><div  class='avia-button-wrap av-1kiq7uk-733a062a00ec97ed129dcf817fd84ac4-wrap avia-button-left  avia-builder-el-0  el_before_av_button  avia-builder-el-first'><a href='https://www.colorado.edu/envd/'  class='avia-button av-1kiq7uk-733a062a00ec97ed129dcf817fd84ac4 av-link-btn avia-icon_select-yes-left-icon avia-size-small avia-position-left avia-color-theme-color'  target="_blank"  rel="noopener noreferrer"  aria-label="Sitio web"><span class='avia_button_icon avia_button_icon_left avia-iconfont avia-font-entypo-fontello' data-av_icon='' data-av_iconfont='entypo-fontello' ></span><span class='avia_iconbox_title' >Sitio web</span></a></div> <div  class='avia-button-wrap av-z7rmd8-5f841587375e1cc211bdf9c1a4ab3c39-wrap avia-button-left  avia-builder-el-1  el_after_av_button  el_before_av_button'><a href='https://www.facebook.com/CUBoulderENVD'  class='avia-button av-z7rmd8-5f841587375e1cc211bdf9c1a4ab3c39 av-link-btn avia-icon_select-yes-left-icon avia-size-small avia-position-left avia-color-theme-color'  target="_blank"  rel="noopener noreferrer"  aria-label="Facebook"><span class='avia_button_icon avia_button_icon_left avia-iconfont avia-font-entypo-fontello' data-av_icon='' data-av_iconfont='entypo-fontello' ></span><span class='avia_iconbox_title' >Facebook</span></a></div> <div  class='avia-button-wrap av-nfqpbw-83a7d1ab94998fd62eec1baa7e0dfb47-wrap avia-button-left  avia-builder-el-2  el_after_av_button  avia-builder-el-last'><a href='https://www.instagram.com/cuboulderenvd/'  class='avia-button av-nfqpbw-83a7d1ab94998fd62eec1baa7e0dfb47 av-link-btn avia-icon_select-yes-left-icon avia-size-small avia-position-left avia-color-theme-color'  target="_blank"  rel="noopener noreferrer"  aria-label="Instagram"><span class='avia_button_icon avia_button_icon_left avia-iconfont avia-font-entypo-fontello' data-av_icon='' data-av_iconfont='entypo-fontello' ></span><span class='avia_iconbox_title' >Instagram</span></a></div></p>
<p><img loading="lazy" decoding="async" class="aligncenter size-gallery wp-image-62173" src="https://boulder.earth/wp-content/uploads/2018/04/program_information-845x608.jpg" alt="" width="845" height="608" /></p>

<p>Programa que brinda experiencia en el abordaje de soluciones dentro del contexto de entornos construidos y naturales, brindando a los estudiantes ventajas únicas</p>
