{"id":69593,"date":"2018-04-23T08:48:03","date_gmt":"2018-04-23T14:48:03","guid":{"rendered":"https:\/\/boulder.earth\/?post_type=portfolio&#038;p=69593"},"modified":"2019-10-17T10:46:23","modified_gmt":"2019-10-17T16:46:23","slug":"sustainable-resilient-longmont","status":"publish","type":"portfolio","link":"https:\/\/boulder.earth\/es\/organizations\/sustainable-resilient-longmont\/","title":{"rendered":"Sostenible Resiliente Longmont"},"content":{"rendered":"<div>Sostenible Resiliente Longmont colabora con la comunidad de Longmont para cultivar una ciudad sostenible y pr\u00f3spera. Como centro de educaci\u00f3n, defensa y acci\u00f3n, apoyamos los tres pilares de la sustentabilidad: protecci\u00f3n ambiental, crecimiento econ\u00f3mico responsable y equidad social.<\/div>\n<div><\/div>\n<div><div  class='avia-button-wrap av-5u5d2x-fd4777b04bd51ca8dfb85277a2a6aeb9-wrap avia-button-left  avia-builder-el-0  el_before_av_button  avia-builder-el-first'><a href='http:\/\/www.srlongmont.org'  class='avia-button av-5u5d2x-fd4777b04bd51ca8dfb85277a2a6aeb9 av-link-btn avia-icon_select-yes-left-icon avia-size-small avia-position-left avia-color-theme-color'  target=\"_blank\"  rel=\"noopener noreferrer\"  aria-label=\"Sitio web\"><span class='avia_button_icon avia_button_icon_left avia-iconfont avia-font-entypo-fontello' data-av_icon='\ue822' data-av_iconfont='entypo-fontello' ><\/span><span class='avia_iconbox_title' >Sitio web<\/span><\/a><\/div> \u00a0<div  class='avia-button-wrap av-19bq26x-a81dee6c7f965b9d0e7bf548282d20da-wrap avia-button-left  avia-builder-el-1  el_after_av_button  el_before_av_button'><a href=''  class='avia-button av-19bq26x-a81dee6c7f965b9d0e7bf548282d20da av-link-btn avia-icon_select-yes-left-icon avia-size-small avia-position-left avia-color-theme-color'  target=\"_blank\"  rel=\"noopener noreferrer\"  aria-label=\"Facebook\"><span class='avia_button_icon avia_button_icon_left avia-iconfont avia-font-entypo-fontello' data-av_icon='\ue8f5' data-av_iconfont='entypo-fontello' ><\/span><span class='avia_iconbox_title' >Facebook<\/span><\/a><\/div>\u00a0<div  class='avia-button-wrap av-lprmzd-a5064401a6ce09b48fe590daa24542a9-wrap avia-button-left  avia-builder-el-2  el_after_av_button  avia-builder-el-last'><a href='https:\/\/twitter.com\/SRLongmont'  class='avia-button av-lprmzd-a5064401a6ce09b48fe590daa24542a9 av-link-btn avia-icon_select-yes-left-icon avia-size-small avia-position-left avia-color-theme-color'  target=\"_blank\"  rel=\"noopener noreferrer\"  aria-label=\"@GrowingGardensB\"><span class='avia_button_icon avia_button_icon_left avia-iconfont avia-font-entypo-fontello' data-av_icon='\ue8f1' data-av_iconfont='entypo-fontello' ><\/span><span class='avia_iconbox_title' >@GrowingGardensB<\/span><\/a><\/div><\/div>\n<div><img loading=\"lazy\" decoding=\"async\" class=\"wp-image-69594 size-large aligncenter\" src=\"https:\/\/boulder.earth\/wp-content\/uploads\/2018\/04\/SustainableLongmont-1030x687.png\" alt=\"\" width=\"1030\" height=\"687\" srcset=\"https:\/\/boulder.earth\/wp-content\/uploads\/2018\/04\/SustainableLongmont-1030x687.png 1030w, https:\/\/boulder.earth\/wp-content\/uploads\/2018\/04\/SustainableLongmont-300x200.png 300w, https:\/\/boulder.earth\/wp-content\/uploads\/2018\/04\/SustainableLongmont-768x512.png 768w, https:\/\/boulder.earth\/wp-content\/uploads\/2018\/04\/SustainableLongmont-705x470.png 705w, https:\/\/boulder.earth\/wp-content\/uploads\/2018\/04\/SustainableLongmont-450x300.png 450w, https:\/\/boulder.earth\/wp-content\/uploads\/2018\/04\/SustainableLongmont.png 1200w\" sizes=\"auto, (max-width: 1030px) 100vw, 1030px\" \/><\/div>","protected":false},"excerpt":{"rendered":"<p>Colaborando con la comunidad de Longmont para cultivar una ciudad sostenible y pr\u00f3spera<\/p>","protected":false},"author":1,"featured_media":69595,"comment_status":"open","ping_status":"closed","template":"","meta":{"footnotes":""},"tags":[],"portfolio_entries":[109,107,230,110,360],"class_list":["post-69593","portfolio","type-portfolio","status-publish","has-post-thumbnail","hentry","portfolio_entries-community","portfolio_entries-energy","portfolio_entries-fracking","portfolio_entries-programproject","portfolio_entries-resilience"],"_links":{"self":[{"href":"https:\/\/boulder.earth\/es\/wp-json\/wp\/v2\/portfolio\/69593","targetHints":{"allow":["GET"]}}],"collection":[{"href":"https:\/\/boulder.earth\/es\/wp-json\/wp\/v2\/portfolio"}],"about":[{"href":"https:\/\/boulder.earth\/es\/wp-json\/wp\/v2\/types\/portfolio"}],"author":[{"embeddable":true,"href":"https:\/\/boulder.earth\/es\/wp-json\/wp\/v2\/users\/1"}],"replies":[{"embeddable":true,"href":"https:\/\/boulder.earth\/es\/wp-json\/wp\/v2\/comments?post=69593"}],"version-history":[{"count":1,"href":"https:\/\/boulder.earth\/es\/wp-json\/wp\/v2\/portfolio\/69593\/revisions"}],"predecessor-version":[{"id":155625,"href":"https:\/\/boulder.earth\/es\/wp-json\/wp\/v2\/portfolio\/69593\/revisions\/155625"}],"wp:featuredmedia":[{"embeddable":true,"href":"https:\/\/boulder.earth\/es\/wp-json\/wp\/v2\/media\/69595"}],"wp:attachment":[{"href":"https:\/\/boulder.earth\/es\/wp-json\/wp\/v2\/media?parent=69593"}],"wp:term":[{"taxonomy":"post_tag","embeddable":true,"href":"https:\/\/boulder.earth\/es\/wp-json\/wp\/v2\/tags?post=69593"},{"taxonomy":"portfolio_entries","embeddable":true,"href":"https:\/\/boulder.earth\/es\/wp-json\/wp\/v2\/portfolio_entries?post=69593"}],"curies":[{"name":"wp","href":"https:\/\/api.w.org\/{rel}","templated":true}]}}

<div>Sostenible Resiliente Longmont colabora con la comunidad de Longmont para cultivar una ciudad sostenible y próspera. Como centro de educación, defensa y acción, apoyamos los tres pilares de la sustentabilidad: protección ambiental, crecimiento económico responsable y equidad social.</div>
<div></div>
<div><div  class='avia-button-wrap av-5u5d2x-fd4777b04bd51ca8dfb85277a2a6aeb9-wrap avia-button-left  avia-builder-el-0  el_before_av_button  avia-builder-el-first'><a href='http://www.srlongmont.org'  class='avia-button av-5u5d2x-fd4777b04bd51ca8dfb85277a2a6aeb9 av-link-btn avia-icon_select-yes-left-icon avia-size-small avia-position-left avia-color-theme-color'  target="_blank"  rel="noopener noreferrer"  aria-label="Sitio web"><span class='avia_button_icon avia_button_icon_left avia-iconfont avia-font-entypo-fontello' data-av_icon='' data-av_iconfont='entypo-fontello' ></span><span class='avia_iconbox_title' >Sitio web</span></a></div>  <div  class='avia-button-wrap av-19bq26x-a81dee6c7f965b9d0e7bf548282d20da-wrap avia-button-left  avia-builder-el-1  el_after_av_button  el_before_av_button'><a href=''  class='avia-button av-19bq26x-a81dee6c7f965b9d0e7bf548282d20da av-link-btn avia-icon_select-yes-left-icon avia-size-small avia-position-left avia-color-theme-color'  target="_blank"  rel="noopener noreferrer"  aria-label="Facebook"><span class='avia_button_icon avia_button_icon_left avia-iconfont avia-font-entypo-fontello' data-av_icon='' data-av_iconfont='entypo-fontello' ></span><span class='avia_iconbox_title' >Facebook</span></a></div> <div  class='avia-button-wrap av-lprmzd-a5064401a6ce09b48fe590daa24542a9-wrap avia-button-left  avia-builder-el-2  el_after_av_button  avia-builder-el-last'><a href='https://twitter.com/SRLongmont'  class='avia-button av-lprmzd-a5064401a6ce09b48fe590daa24542a9 av-link-btn avia-icon_select-yes-left-icon avia-size-small avia-position-left avia-color-theme-color'  target="_blank"  rel="noopener noreferrer"  aria-label="@GrowingGardensB"><span class='avia_button_icon avia_button_icon_left avia-iconfont avia-font-entypo-fontello' data-av_icon='' data-av_iconfont='entypo-fontello' ></span><span class='avia_iconbox_title' >@GrowingGardensB</span></a></div></div>
<div><img loading="lazy" decoding="async" class="wp-image-69594 size-large aligncenter" src="https://boulder.earth/wp-content/uploads/2018/04/SustainableLongmont-1030x687.png" alt="" width="1030" height="687" srcset="https://boulder.earth/wp-content/uploads/2018/04/SustainableLongmont-1030x687.png 1030w, https://boulder.earth/wp-content/uploads/2018/04/SustainableLongmont-300x200.png 300w, https://boulder.earth/wp-content/uploads/2018/04/SustainableLongmont-768x512.png 768w, https://boulder.earth/wp-content/uploads/2018/04/SustainableLongmont-705x470.png 705w, https://boulder.earth/wp-content/uploads/2018/04/SustainableLongmont-450x300.png 450w, https://boulder.earth/wp-content/uploads/2018/04/SustainableLongmont.png 1200w" sizes="auto, (max-width: 1030px) 100vw, 1030px" /></div>

<p>Colaborando con la comunidad de Longmont para cultivar una ciudad sostenible y próspera</p>
