{"id":10002312,"date":"2025-03-20T17:02:49","date_gmt":"2025-03-20T23:02:49","guid":{"rendered":"https:\/\/boulder.earth\/?post_type=tribe_events&#038;p=6463534"},"modified":"2025-03-20T17:02:49","modified_gmt":"2025-03-20T23:02:49","slug":"teatime-for-palestine","status":"publish","type":"tribe_events","link":"https:\/\/boulder.earth\/es\/event\/teatime-for-palestine\/2025-11-23\/","title":{"rendered":"La hora del t\u00e9 para Palestina"},"content":{"rendered":"<h1>La hora del t\u00e9 para Palestina<\/h1>\n<p>Cu\u00e1ndo: Domingos, 13:30 h.<\/p>\n<p>D\u00f3nde: Sand\u03a8&#039;s Coffee and Tea<\/p>\n<p>\u00a1\u00danete a Longmont por Palestina en Sand&#039;s todos los domingos a la 1:30 p. m. para la Hora del T\u00e9 por Palestina! Esto es simplemente una invitaci\u00f3n a compartir nuestro espacio y a estar en comunidad, unidos por nuestra solidaridad y lucha compartida por una Palestina Libre. Ponte tu kuffiyah, lee algo de nuestra biblioteca m\u00f3vil de liberaci\u00f3n y conoce a vecinos con ideas afines. Estaremos la mayor parte del tiempo arriba, ya que nuestros anfitriones nos han reservado generosamente esta \u00e1rea, pero nos encontrar\u00e1s por toda la cafeter\u00eda.<\/p>\n<p>Nota de accesibilidad: Hay una rampa disponible en la entrada principal; lamentablemente no hay ascensor en el interior para llegar a la secci\u00f3n de arriba de la cafeter\u00eda.<\/p>","protected":false},"excerpt":{"rendered":"<p>\u00a1\u00danete a Longmont por Palestina en Sand&#039;s todos los domingos a la 1:30 p. m. para la hora del t\u00e9 por Palestina! Esta es simplemente una propuesta para compartir nuestro espacio y vivir en comunidad, unidos por nuestra solidaridad y lucha compartida por una Palestina libre.<\/p>","protected":false},"author":38,"featured_media":6463535,"template":"","meta":{"_tribe_events_status":"","_tribe_events_status_reason":"","_tribe_events_is_hybrid":"","_tribe_events_is_virtual":"","_tribe_events_virtual_video_source":"","_tribe_events_virtual_embed_video":"","_tribe_events_virtual_linked_button_text":"","_tribe_events_virtual_linked_button":"","_tribe_events_virtual_show_embed_at":"","_tribe_events_virtual_show_embed_to":[],"_tribe_events_virtual_show_on_event":"","_tribe_events_virtual_show_on_views":"","_tribe_events_virtual_url":"","footnotes":""},"tags":[],"tribe_events_cat":[366,364,387,372,386,367,365],"class_list":["post-10002312","tribe_events","type-tribe_events","status-publish","has-post-thumbnail","hentry","tribe_events_cat-activism","tribe_events_cat-climate","tribe_events_cat-community","tribe_events_cat-culture-building","tribe_events_cat-human-rights","tribe_events_cat-resilience","tribe_events_cat-social-justice","cat_activism","cat_climate","cat_community","cat_culture-building","cat_human-rights","cat_resilience","cat_social-justice","tribe-recurring-event","tribe-recurring-event-parent"],"_links":{"self":[{"href":"https:\/\/boulder.earth\/es\/wp-json\/wp\/v2\/tribe_events\/10002312","targetHints":{"allow":["GET"]}}],"collection":[{"href":"https:\/\/boulder.earth\/es\/wp-json\/wp\/v2\/tribe_events"}],"about":[{"href":"https:\/\/boulder.earth\/es\/wp-json\/wp\/v2\/types\/tribe_events"}],"author":[{"embeddable":true,"href":"https:\/\/boulder.earth\/es\/wp-json\/wp\/v2\/users\/38"}],"version-history":[{"count":0,"href":"https:\/\/boulder.earth\/es\/wp-json\/wp\/v2\/tribe_events\/10002312\/revisions"}],"wp:featuredmedia":[{"embeddable":true,"href":"https:\/\/boulder.earth\/es\/wp-json\/wp\/v2\/media\/6463535"}],"wp:attachment":[{"href":"https:\/\/boulder.earth\/es\/wp-json\/wp\/v2\/media?parent=10002312"}],"wp:term":[{"taxonomy":"post_tag","embeddable":true,"href":"https:\/\/boulder.earth\/es\/wp-json\/wp\/v2\/tags?post=10002312"},{"taxonomy":"tribe_events_cat","embeddable":true,"href":"https:\/\/boulder.earth\/es\/wp-json\/wp\/v2\/tribe_events_cat?post=10002312"}],"curies":[{"name":"wp","href":"https:\/\/api.w.org\/{rel}","templated":true}]}}

La hora del té para Palestina

<h1>La hora del té para Palestina</h1>
<p>Cuándo: Domingos, 13:30 h.</p>
<p>Dónde: SandΨ&#039;s Coffee and Tea</p>
<p>¡Únete a Longmont por Palestina en Sand&#039;s todos los domingos a la 1:30 p. m. para la Hora del Té por Palestina! Esto es simplemente una invitación a compartir nuestro espacio y a estar en comunidad, unidos por nuestra solidaridad y lucha compartida por una Palestina Libre. Ponte tu kuffiyah, lee algo de nuestra biblioteca móvil de liberación y conoce a vecinos con ideas afines. Estaremos la mayor parte del tiempo arriba, ya que nuestros anfitriones nos han reservado generosamente esta área, pero nos encontrarás por toda la cafetería.</p>
<p>Nota de accesibilidad: Hay una rampa disponible en la entrada principal; lamentablemente no hay ascensor en el interior para llegar a la sección de arriba de la cafetería.</p>

<p>¡Únete a Longmont por Palestina en Sand&#039;s todos los domingos a la 1:30 p. m. para la hora del té por Palestina! Esta es simplemente una propuesta para compartir nuestro espacio y vivir en comunidad, unidos por nuestra solidaridad y lucha compartida por una Palestina libre.</p>
