{"id":10002466,"date":"2025-04-07T17:45:49","date_gmt":"2025-04-07T23:45:49","guid":{"rendered":"https:\/\/boulder.earth\/?post_type=tribe_events&#038;p=6463850"},"modified":"2025-04-07T17:45:49","modified_gmt":"2025-04-07T23:45:49","slug":"longmont-farmers-market","status":"publish","type":"tribe_events","link":"https:\/\/boulder.earth\/es\/event\/longmont-farmers-market\/2025-11-01\/","title":{"rendered":"Mercado de agricultores de Longmont"},"content":{"rendered":"<h1>Mercado de agricultores de Longmont<\/h1>\n<p>Cu\u00e1ndo: s\u00e1bados, de 8 a 13 h.<\/p>\n<p>D\u00f3nde: Recinto ferial del condado de Boulder<\/p>\n<p><a href=\"https:\/\/bcfm.org\/\">\u00a1APRENDE M\u00c1S AQU\u00cd!<\/a><\/p>\n<div class=\"section--split__body col-12 col-lg-6 order-1\">\n<div class=\"bg-white d-flex flex-column align-items-center justify-content-center h-100 p-5\">\n<div class=\"text-black\">\n<div class=\"mb-4\">\n<p>Mucho antes de que Longmont fuera conocido como un bullicioso centro tecnol\u00f3gico, se sustentaba en miles de acres de tierras de cultivo, comenzando con el establecimiento de un molino harinero en 1887 y m\u00e1s tarde con la f\u00e1brica de conservas de vegetales construida en 1889. Hoy en d\u00eda, las granjas de Longmont brindan mucho m\u00e1s. que solo remolachas azucareras, y las tierras agr\u00edcolas preservadas en Longmont y m\u00e1s all\u00e1 ayudan a llenar nuestro mercado con vegetales frescos de temporada, productos l\u00e1cteos y carnes criadas en Colorado. Estamos orgullosos de ser un mercado exclusivo para productores, lo que significa que cada producto en Longmont Farmers Market es creado localmente y vendido por los proveedores que lo producen.<\/p>\n<\/div>\n<\/div>\n<\/div>\n<\/div>\n<div class=\"section--split__img col-12 col-lg-6 order-0 bg-white\">\n<div class=\"d-flex flex-column align-items-center justify-content-center h-100\">\n<div class=\"section--split__body col-12 col-lg-6 order-1 order-lg-0\">\n<div class=\"bg-white d-flex flex-column align-items-center justify-content-center h-100 p-5\">\n<div class=\"text-black\">\n<div class=\"mb-4\">\n<p>Nos enorgullece contar con m\u00e1s de 100 vendedores locales en el Mercado Agr\u00edcola de Longmont esta temporada. Estos peque\u00f1os negocios familiares son el coraz\u00f3n de nuestro mercado, ofreciendo alimentos frescos, productos de despensa y delicias listas para comer, todo en un solo lugar.<\/p>\n<\/div>\n<p><a class=\"btn btn-outline-orange mt-4\" href=\"https:\/\/drive.google.com\/file\/d\/10-9wc5OspO-f_eZGu87B_MDPtavixJg0\/view?usp=sharing\" target=\"_blank\" rel=\"noopener\">Lista de proveedores de 2025<\/a><\/div>\n<\/div>\n<\/div>\n<\/div>\n<\/div>\n<div class=\"section--split__body col-12 col-lg-6 order-1 order-lg-0\">\n<div class=\"bg-white d-flex flex-column align-items-center justify-content-center h-100 p-5\">\n<div class=\"text-black\"><\/div>\n<\/div>\n<\/div>\n<div class=\"section--split__img col-12 col-lg-6 order-0 order-lg-1 bg-white\">\n<div class=\"d-flex flex-column align-items-center justify-content-center h-100\"><\/div>\n<\/div>","protected":false},"excerpt":{"rendered":"<p>Estamos orgullosos de ser un mercado exclusivo para productores, lo que significa que cada producto en el mercado de agricultores de Longmont se crea localmente y lo venden los vendedores que lo producen.<\/p>","protected":false},"author":38,"featured_media":6463846,"template":"","meta":{"_tribe_events_status":"","_tribe_events_status_reason":"","_tribe_events_is_hybrid":"","_tribe_events_is_virtual":"","_tribe_events_virtual_video_source":"","_tribe_events_virtual_embed_video":"","_tribe_events_virtual_linked_button_text":"","_tribe_events_virtual_linked_button":"","_tribe_events_virtual_show_embed_at":"","_tribe_events_virtual_show_embed_to":[],"_tribe_events_virtual_show_on_event":"","_tribe_events_virtual_show_on_views":"","_tribe_events_virtual_url":"","footnotes":""},"tags":[],"tribe_events_cat":[238,364,387,372,355],"class_list":["post-10002466","tribe_events","type-tribe_events","status-publish","has-post-thumbnail","hentry","tribe_events_cat-agriculture","tribe_events_cat-climate","tribe_events_cat-community","tribe_events_cat-culture-building","tribe_events_cat-food","cat_agriculture","cat_climate","cat_community","cat_culture-building","cat_food","tribe-recurring-event","tribe-recurring-event-parent"],"_links":{"self":[{"href":"https:\/\/boulder.earth\/es\/wp-json\/wp\/v2\/tribe_events\/10002466","targetHints":{"allow":["GET"]}}],"collection":[{"href":"https:\/\/boulder.earth\/es\/wp-json\/wp\/v2\/tribe_events"}],"about":[{"href":"https:\/\/boulder.earth\/es\/wp-json\/wp\/v2\/types\/tribe_events"}],"author":[{"embeddable":true,"href":"https:\/\/boulder.earth\/es\/wp-json\/wp\/v2\/users\/38"}],"version-history":[{"count":0,"href":"https:\/\/boulder.earth\/es\/wp-json\/wp\/v2\/tribe_events\/10002466\/revisions"}],"wp:featuredmedia":[{"embeddable":true,"href":"https:\/\/boulder.earth\/es\/wp-json\/wp\/v2\/media\/6463846"}],"wp:attachment":[{"href":"https:\/\/boulder.earth\/es\/wp-json\/wp\/v2\/media?parent=10002466"}],"wp:term":[{"taxonomy":"post_tag","embeddable":true,"href":"https:\/\/boulder.earth\/es\/wp-json\/wp\/v2\/tags?post=10002466"},{"taxonomy":"tribe_events_cat","embeddable":true,"href":"https:\/\/boulder.earth\/es\/wp-json\/wp\/v2\/tribe_events_cat?post=10002466"}],"curies":[{"name":"wp","href":"https:\/\/api.w.org\/{rel}","templated":true}]}}

<h1>Mercado de agricultores de Longmont</h1>
<p>Cuándo: sábados, de 8 a 13 h.</p>
<p>Dónde: Recinto ferial del condado de Boulder</p>
<p><a href="https://bcfm.org/">¡APRENDE MÁS AQUÍ!</a></p>
<div class="section--split__body col-12 col-lg-6 order-1">
<div class="bg-white d-flex flex-column align-items-center justify-content-center h-100 p-5">
<div class="text-black">
<div class="mb-4">
<p>Mucho antes de que Longmont fuera conocido como un bullicioso centro tecnológico, se sustentaba en miles de acres de tierras de cultivo, comenzando con el establecimiento de un molino harinero en 1887 y más tarde con la fábrica de conservas de vegetales construida en 1889. Hoy en día, las granjas de Longmont brindan mucho más. que solo remolachas azucareras, y las tierras agrícolas preservadas en Longmont y más allá ayudan a llenar nuestro mercado con vegetales frescos de temporada, productos lácteos y carnes criadas en Colorado. Estamos orgullosos de ser un mercado exclusivo para productores, lo que significa que cada producto en Longmont Farmers Market es creado localmente y vendido por los proveedores que lo producen.</p>
</div>
</div>
</div>
</div>
<div class="section--split__img col-12 col-lg-6 order-0 bg-white">
<div class="d-flex flex-column align-items-center justify-content-center h-100">
<div class="section--split__body col-12 col-lg-6 order-1 order-lg-0">
<div class="bg-white d-flex flex-column align-items-center justify-content-center h-100 p-5">
<div class="text-black">
<div class="mb-4">
<p>Nos enorgullece contar con más de 100 vendedores locales en el Mercado Agrícola de Longmont esta temporada. Estos pequeños negocios familiares son el corazón de nuestro mercado, ofreciendo alimentos frescos, productos de despensa y delicias listas para comer, todo en un solo lugar.</p>
</div>
<p><a class="btn btn-outline-orange mt-4" href="https://drive.google.com/file/d/10-9wc5OspO-f_eZGu87B_MDPtavixJg0/view?usp=sharing" target="_blank" rel="noopener">Lista de proveedores de 2025</a></div>
</div>
</div>
</div>
</div>
<div class="section--split__body col-12 col-lg-6 order-1 order-lg-0">
<div class="bg-white d-flex flex-column align-items-center justify-content-center h-100 p-5">
<div class="text-black"></div>
</div>
</div>
<div class="section--split__img col-12 col-lg-6 order-0 order-lg-1 bg-white">
<div class="d-flex flex-column align-items-center justify-content-center h-100"></div>
</div>
