{"id":6466421,"date":"2025-12-31T12:03:35","date_gmt":"2025-12-31T19:03:35","guid":{"rendered":"https:\/\/boulder.earth\/?post_type=tribe_events&#038;p=6466421"},"modified":"2026-01-07T17:06:16","modified_gmt":"2026-01-08T00:06:16","slug":"350-co-welcome-call-for-activists-volunteers","status":"publish","type":"tribe_events","link":"https:\/\/boulder.earth\/es\/event\/350-co-welcome-call-for-activists-volunteers\/","title":{"rendered":"350 CO: \u00a1Convocatoria de bienvenida para activistas y voluntarios!"},"content":{"rendered":"<h1>350 CO: \u00a1Convocatoria de bienvenida para activistas y voluntarios!<\/h1>\n<p>When: Feb 26, 6-6:30pm<\/p>\n<p>D\u00f3nde: Zoom<\/p>\n<p><a href=\"https:\/\/secure.ngpvan.com\/AqaMfgUM-0m4Sapky4Jt5Q2?emci=7b3500af-f4e4-f011-8195-000d3a1d58aa&amp;emdi=1247f41b-09e5-f011-8195-000d3a1d58aa&amp;ceid=4059340\">\u00a1Confirma tu asistencia AQU\u00cd!<\/a><\/p>\n<h4>\u00a1\u00danete a este espacio informal e informativo con 350 compa\u00f1eros de CO para activarnos por el clima!<\/h4>\n<p>Para cualquiera que est\u00e9 interesado en aprender m\u00e1s sobre oportunidades y campa\u00f1as de voluntariado, recibir apoyo en los primeros pasos en su activismo o buscar establecer conexiones con otros, \u00a1este es un gran llamado para unirse!<\/p>\n<p>Reg\u00edstrese a continuaci\u00f3n y le enviaremos el enlace de Zoom y la informaci\u00f3n para la llamada por correo electr\u00f3nico.<\/p>\n<p>\u00bfTienes preguntas? Env\u00eda un correo electr\u00f3nico a chelsea@350colorado.org<\/p>","protected":false},"excerpt":{"rendered":"<p>\u00a1\u00danete a este espacio informal e informativo con 350 compa\u00f1eros de CO para activarnos por el clima!\u00a0<\/p>","protected":false},"author":38,"featured_media":5487244,"template":"","meta":{"_tribe_events_status":"","_tribe_events_status_reason":"","_tribe_events_is_hybrid":"","_tribe_events_is_virtual":"","_tribe_events_virtual_video_source":"","_tribe_events_virtual_embed_video":"","_tribe_events_virtual_linked_button_text":"","_tribe_events_virtual_linked_button":"","_tribe_events_virtual_show_embed_at":"","_tribe_events_virtual_show_embed_to":[],"_tribe_events_virtual_show_on_event":"","_tribe_events_virtual_show_on_views":"","_tribe_events_virtual_url":"","footnotes":""},"tags":[],"tribe_events_cat":[366,364,387,392,389,398],"class_list":["post-6466421","tribe_events","type-tribe_events","status-publish","has-post-thumbnail","hentry","tribe_events_cat-activism","tribe_events_cat-climate","tribe_events_cat-community","tribe_events_cat-nature","tribe_events_cat-volunteer","tribe_events_cat-webinar","cat_activism","cat_climate","cat_community","cat_nature","cat_volunteer","cat_webinar"],"_links":{"self":[{"href":"https:\/\/boulder.earth\/es\/wp-json\/wp\/v2\/tribe_events\/6466421","targetHints":{"allow":["GET"]}}],"collection":[{"href":"https:\/\/boulder.earth\/es\/wp-json\/wp\/v2\/tribe_events"}],"about":[{"href":"https:\/\/boulder.earth\/es\/wp-json\/wp\/v2\/types\/tribe_events"}],"author":[{"embeddable":true,"href":"https:\/\/boulder.earth\/es\/wp-json\/wp\/v2\/users\/38"}],"version-history":[{"count":3,"href":"https:\/\/boulder.earth\/es\/wp-json\/wp\/v2\/tribe_events\/6466421\/revisions"}],"predecessor-version":[{"id":6466423,"href":"https:\/\/boulder.earth\/es\/wp-json\/wp\/v2\/tribe_events\/6466421\/revisions\/6466423"}],"wp:featuredmedia":[{"embeddable":true,"href":"https:\/\/boulder.earth\/es\/wp-json\/wp\/v2\/media\/5487244"}],"wp:attachment":[{"href":"https:\/\/boulder.earth\/es\/wp-json\/wp\/v2\/media?parent=6466421"}],"wp:term":[{"taxonomy":"post_tag","embeddable":true,"href":"https:\/\/boulder.earth\/es\/wp-json\/wp\/v2\/tags?post=6466421"},{"taxonomy":"tribe_events_cat","embeddable":true,"href":"https:\/\/boulder.earth\/es\/wp-json\/wp\/v2\/tribe_events_cat?post=6466421"}],"curies":[{"name":"wp","href":"https:\/\/api.w.org\/{rel}","templated":true}]}}

<h1>350 CO: ¡Convocatoria de bienvenida para activistas y voluntarios!</h1>
<p>When: Feb 26, 6-6:30pm</p>
<p>Dónde: Zoom</p>
<p><a href="https://secure.ngpvan.com/AqaMfgUM-0m4Sapky4Jt5Q2?emci=7b3500af-f4e4-f011-8195-000d3a1d58aa&amp;emdi=1247f41b-09e5-f011-8195-000d3a1d58aa&amp;ceid=4059340">¡Confirma tu asistencia AQUÍ!</a></p>
<h4>¡Únete a este espacio informal e informativo con 350 compañeros de CO para activarnos por el clima!</h4>
<p>Para cualquiera que esté interesado en aprender más sobre oportunidades y campañas de voluntariado, recibir apoyo en los primeros pasos en su activismo o buscar establecer conexiones con otros, ¡este es un gran llamado para unirse!</p>
<p>Regístrese a continuación y le enviaremos el enlace de Zoom y la información para la llamada por correo electrónico.</p>
<p>¿Tienes preguntas? Envía un correo electrónico a chelsea@350colorado.org</p>

<p>¡Únete a este espacio informal e informativo con 350 compañeros de CO para activarnos por el clima! </p>
