{"id":6466877,"date":"2026-02-23T13:41:56","date_gmt":"2026-02-23T20:41:56","guid":{"rendered":"https:\/\/boulder.earth\/?post_type=tribe_events&#038;p=6466877"},"modified":"2026-02-23T13:41:56","modified_gmt":"2026-02-23T20:41:56","slug":"3rd-annual-latino-chambers-empowered-women-conference","status":"publish","type":"tribe_events","link":"https:\/\/boulder.earth\/es\/event\/3rd-annual-latino-chambers-empowered-women-conference\/","title":{"rendered":"3rd Annual Latino Chamber\u2019s Empowered Women Conference"},"content":{"rendered":"<h1><strong>3rd Annual Latino Chamber\u2019s Empowered Women Conference<\/strong><\/h1>\n<p>When: March 31, 6pm-9pm<\/p>\n<p>Where: New Vista High School<\/p>\n<p><a href=\"https:\/\/www.latinochamberco.org\/event-details\/3rd-annual-empowered-women-conference-3ra-conferencia-anual-de-mujeres-empoderadas?fbclid=IwY2xjawQBsxJleHRuA2FlbQIxMABicmlkETJVd1MwN1BBUFZSQzlrUlNNc3J0YwZhcHBfaWQQMjIyMDM5MTc4ODIwMDg5MgABHqHPKSDlXyjBd3yuogxiChVOUoRR2WYzO6rN7Zn-U5aB6zg7wWS7xYKTNe0q_aem_pvuL_DNy0DUGNl3CrIbx_A\">\u00a1REGISTRAR AQU\u00cd!<\/a><\/p>\n<p id=\"viewer-7rr2d157\" class=\"Rc39c HhrTy Z7lok X7MWW\" dir=\"auto\"><span class=\"vMus0\">\u00c9l <strong>3rd Annual Latino Chamber\u2019s Empowered Women Conference<\/strong>\u00a0is a remarkable event dedicated to showcasing and honoring the achievements of women in our community. Highlighting contributions across business, education, advocacy, and beyond, the conference celebrates leadership, impact, and resilience.<\/span><\/p>\n<p id=\"viewer-9y93q161\" class=\"Rc39c HhrTy Z7lok X7MWW\" dir=\"auto\"><span class=\"vMus0\">This year\u2019s theme, <strong><em>Grow &amp; Glow: Building Sustainable Legacies for Women,<\/em><\/strong> reflects our commitment to empowering women to expand their influence, invest in their growth, and create lasting legacies\u2014while underscoring the vital importance of supporting women-owned businesses and strengthening our collective future.<\/span><\/p>\n<p dir=\"auto\">&#8212;<\/p>\n<p id=\"viewer-yvcyl2107\" class=\"Rc39c HhrTy Z7lok X7MWW\" dir=\"auto\"><span class=\"vMus0\">La <strong>3.\u00aa Conferencia Anual de Mujeres Empoderadas de la C\u00e1mara Latina<\/strong>\u00a0es un evento destacado dedicado a resaltar y honrar los logros de las mujeres en nuestra comunidad. Al poner en valor sus contribuciones en los \u00e1mbitos de los negocios, la educaci\u00f3n, la defensa comunitaria y m\u00e1s, la conferencia celebra el liderazgo, el impacto y la resiliencia.<\/span><\/p>\n<p id=\"viewer-uufb52266\" class=\"Rc39c HhrTy Z7lok X7MWW\" dir=\"auto\"><span class=\"vMus0\">El tema de este a\u00f1o, <strong>Grow &amp; Glow: Construyendo Legados Sostenibles para las Mujeres<\/strong>, refleja nuestro compromiso de empoderar a las mujeres para ampliar su influencia, invertir en su crecimiento y crear legados duraderos, al tiempo que subraya la importancia vital de apoyar a los negocios propiedad de mujeres y fortalecer nuestro futuro colectivo.<\/span><\/p>","protected":false},"excerpt":{"rendered":"<p>The 3rd Annual Latino Chamber\u2019s Empowered Women Conference\u00a0is a remarkable event dedicated to showcasing and honoring the achievements of women in our community. \/ La 3.\u00aa Conferencia Anual de Mujeres Empoderadas de la C\u00e1mara Latina\u00a0es un evento destacado dedicado a resaltar y honrar los logros de las mujeres en nuestra comunidad.<\/p>","protected":false},"author":38,"featured_media":6466878,"template":"","meta":{"_tribe_events_status":"","_tribe_events_status_reason":"","_tribe_events_is_hybrid":"","_tribe_events_is_virtual":"","_tribe_events_virtual_video_source":"","_tribe_events_virtual_embed_video":"","_tribe_events_virtual_linked_button_text":"","_tribe_events_virtual_linked_button":"","_tribe_events_virtual_show_embed_at":"","_tribe_events_virtual_show_embed_to":[],"_tribe_events_virtual_show_on_event":"","_tribe_events_virtual_show_on_views":"","_tribe_events_virtual_url":"","footnotes":""},"tags":[],"tribe_events_cat":[366,403,387,367,365],"class_list":["post-6466877","tribe_events","type-tribe_events","status-publish","has-post-thumbnail","hentry","tribe_events_cat-activism","tribe_events_cat-bilingual","tribe_events_cat-community","tribe_events_cat-resilience","tribe_events_cat-social-justice","cat_activism","cat_bilingual","cat_community","cat_resilience","cat_social-justice"],"_links":{"self":[{"href":"https:\/\/boulder.earth\/es\/wp-json\/wp\/v2\/tribe_events\/6466877","targetHints":{"allow":["GET"]}}],"collection":[{"href":"https:\/\/boulder.earth\/es\/wp-json\/wp\/v2\/tribe_events"}],"about":[{"href":"https:\/\/boulder.earth\/es\/wp-json\/wp\/v2\/types\/tribe_events"}],"author":[{"embeddable":true,"href":"https:\/\/boulder.earth\/es\/wp-json\/wp\/v2\/users\/38"}],"version-history":[{"count":2,"href":"https:\/\/boulder.earth\/es\/wp-json\/wp\/v2\/tribe_events\/6466877\/revisions"}],"predecessor-version":[{"id":6466880,"href":"https:\/\/boulder.earth\/es\/wp-json\/wp\/v2\/tribe_events\/6466877\/revisions\/6466880"}],"wp:featuredmedia":[{"embeddable":true,"href":"https:\/\/boulder.earth\/es\/wp-json\/wp\/v2\/media\/6466878"}],"wp:attachment":[{"href":"https:\/\/boulder.earth\/es\/wp-json\/wp\/v2\/media?parent=6466877"}],"wp:term":[{"taxonomy":"post_tag","embeddable":true,"href":"https:\/\/boulder.earth\/es\/wp-json\/wp\/v2\/tags?post=6466877"},{"taxonomy":"tribe_events_cat","embeddable":true,"href":"https:\/\/boulder.earth\/es\/wp-json\/wp\/v2\/tribe_events_cat?post=6466877"}],"curies":[{"name":"wp","href":"https:\/\/api.w.org\/{rel}","templated":true}]}}

<h1><strong>3rd Annual Latino Chamber’s Empowered Women Conference</strong></h1>
<p>When: March 31, 6pm-9pm</p>
<p>Where: New Vista High School</p>
<p><a href="https://www.latinochamberco.org/event-details/3rd-annual-empowered-women-conference-3ra-conferencia-anual-de-mujeres-empoderadas?fbclid=IwY2xjawQBsxJleHRuA2FlbQIxMABicmlkETJVd1MwN1BBUFZSQzlrUlNNc3J0YwZhcHBfaWQQMjIyMDM5MTc4ODIwMDg5MgABHqHPKSDlXyjBd3yuogxiChVOUoRR2WYzO6rN7Zn-U5aB6zg7wWS7xYKTNe0q_aem_pvuL_DNy0DUGNl3CrIbx_A">¡REGISTRAR AQUÍ!</a></p>
<p id="viewer-7rr2d157" class="Rc39c HhrTy Z7lok X7MWW" dir="auto"><span class="vMus0">Él <strong>3rd Annual Latino Chamber’s Empowered Women Conference</strong> is a remarkable event dedicated to showcasing and honoring the achievements of women in our community. Highlighting contributions across business, education, advocacy, and beyond, the conference celebrates leadership, impact, and resilience.</span></p>
<p id="viewer-9y93q161" class="Rc39c HhrTy Z7lok X7MWW" dir="auto"><span class="vMus0">This year’s theme, <strong><em>Grow &amp; Glow: Building Sustainable Legacies for Women,</em></strong> reflects our commitment to empowering women to expand their influence, invest in their growth, and create lasting legacies—while underscoring the vital importance of supporting women-owned businesses and strengthening our collective future.</span></p>
<p dir="auto">&#8212;</p>
<p id="viewer-yvcyl2107" class="Rc39c HhrTy Z7lok X7MWW" dir="auto"><span class="vMus0">La <strong>3.ª Conferencia Anual de Mujeres Empoderadas de la Cámara Latina</strong> es un evento destacado dedicado a resaltar y honrar los logros de las mujeres en nuestra comunidad. Al poner en valor sus contribuciones en los ámbitos de los negocios, la educación, la defensa comunitaria y más, la conferencia celebra el liderazgo, el impacto y la resiliencia.</span></p>
<p id="viewer-uufb52266" class="Rc39c HhrTy Z7lok X7MWW" dir="auto"><span class="vMus0">El tema de este año, <strong>Grow &amp; Glow: Construyendo Legados Sostenibles para las Mujeres</strong>, refleja nuestro compromiso de empoderar a las mujeres para ampliar su influencia, invertir en su crecimiento y crear legados duraderos, al tiempo que subraya la importancia vital de apoyar a los negocios propiedad de mujeres y fortalecer nuestro futuro colectivo.</span></p>

<p>The 3rd Annual Latino Chamber’s Empowered Women Conference is a remarkable event dedicated to showcasing and honoring the achievements of women in our community. / La 3.ª Conferencia Anual de Mujeres Empoderadas de la Cámara Latina es un evento destacado dedicado a resaltar y honrar los logros de las mujeres en nuestra comunidad.</p>
