{"id":6467285,"date":"2026-04-07T18:01:27","date_gmt":"2026-04-08T00:01:27","guid":{"rendered":"https:\/\/boulder.earth\/?post_type=tribe_events&#038;p=6467285"},"modified":"2026-04-07T18:01:27","modified_gmt":"2026-04-08T00:01:27","slug":"cafecito-de-abril-aprils-cafecito","status":"publish","type":"tribe_events","link":"https:\/\/boulder.earth\/es\/event\/cafecito-de-abril-aprils-cafecito\/","title":{"rendered":"Cafecito de Abril \/ April&#8217;s Cafecito"},"content":{"rendered":"<h1 class=\"sck_CXL oggAuwZ---typography-11-runningText oggAuwZ---priority-7-primary NSqM_j sKQ3btF\" tabindex=\"-1\" aria-hidden=\"false\" data-hook=\"event-title\">Cafecito de Abril \/ April&#8217;s Cafecito<\/h1>\n<p>When: April 23, 9am-10:30am<\/p>\n<p>D\u00f3nde: Centro de reciclaje de Boulder<\/p>\n<p><a href=\"https:\/\/www.latinochamberco.org\/event-details\/cafecito-de-abril-aprils-cafecito\">\u00a1REGISTRAR AQU\u00cd!<\/a><\/p>\n<p id=\"viewer-f8eec3882\" class=\"DcCML UdrVX XYsC6 _3a5ib\" dir=\"auto\"><span class=\"rbjK7\">Acomp\u00e1\u00f1anos a un Cafecito especial en celebraci\u00f3n del D\u00eda de la Tierra, donde nos reuniremos para convivir, disfrutar de un cafecito y aprender m\u00e1s sobre la sostenibilidad y el reciclaje en nuestra comunidad.<\/span><\/p>\n<p id=\"viewer-pwyi53884\" class=\"DcCML UdrVX XYsC6 _3a5ib\" dir=\"auto\"><span class=\"rbjK7\">Aqu\u00ed podr\u00e1s hacer preguntas, obtener informaci\u00f3n pr\u00e1ctica sobre reciclaje y pr\u00e1cticas ambientales, y conectar con otros due\u00f1os de negocios y miembros de la comunidad que comparten el inter\u00e9s de construir un futuro m\u00e1s limpio y sostenible.<\/span><\/p>\n<p id=\"viewer-kdk993909\" class=\"DcCML UdrVX XYsC6 _3a5ib\" dir=\"auto\"><span class=\"rbjK7\">Afiliados: GRATIS<\/span><\/p>\n<p id=\"viewer-8d1324074\" class=\"DcCML UdrVX XYsC6 _3a5ib\" dir=\"auto\"><span class=\"rbjK7\">No Afiliados: $15<\/span><\/p>\n<div id=\"viewer-juwf73889\" class=\"DZzlt\">\n<div class=\"JdE8h gPqlQ\">\n<div class=\"S8Miy\" role=\"separator\" data-hook=\"divider divider-single\" aria-orientation=\"horizontal\">\n<div class=\"e1km0\">\n<div class=\"tqlWs\">&#8212;<\/div>\n<\/div>\n<\/div>\n<\/div>\n<\/div>\n<p id=\"viewer-40na83903\" class=\"DcCML UdrVX XYsC6 _3a5ib\" dir=\"auto\"><span class=\"rbjK7\">Join us for a special Cafecito in celebration of Earth Day, where we\u2019ll come together to connect, enjoy cafecito, and learn more about sustainability and recycling in our community.<\/span><\/p>\n<p id=\"viewer-eu8ck3905\" class=\"DcCML UdrVX XYsC6 _3a5ib\" dir=\"auto\"><span class=\"rbjK7\">This will be a welcoming and engaging gathering where you can ask questions, gain practical insights on recycling and environmental practices, and connect with fellow business owners and community members who care about building a cleaner, greener future.<\/span><\/p>\n<p id=\"viewer-eu9224239\" class=\"DcCML UdrVX XYsC6 _3a5ib\" dir=\"auto\"><span class=\"rbjK7\">Members: FREE<\/span><\/p>\n<p id=\"viewer-lmq084435\" class=\"DcCML UdrVX XYsC6 _3a5ib\" dir=\"auto\"><span class=\"rbjK7\">Non-Members: $15<\/span><\/p>","protected":false},"excerpt":{"rendered":"<p>Acomp\u00e1\u00f1anos a un Cafecito especial en celebraci\u00f3n del D\u00eda de la Tierra, donde nos reuniremos para convivir, disfrutar de un cafecito y aprender m\u00e1s sobre la sostenibilidad y el reciclaje en nuestra comunidad. \/ Join us for a special Cafecito in celebration of Earth Day, where we\u2019ll come together to connect, enjoy cafecito, and learn more about sustainability and recycling in our community.<\/p>","protected":false},"author":38,"featured_media":6467286,"template":"","meta":{"_tribe_events_status":"","_tribe_events_status_reason":"","_tribe_events_is_hybrid":"","_tribe_events_is_virtual":"","_tribe_events_virtual_video_source":"","_tribe_events_virtual_embed_video":"","_tribe_events_virtual_linked_button_text":"","_tribe_events_virtual_linked_button":"","_tribe_events_virtual_show_embed_at":"","_tribe_events_virtual_show_embed_to":[],"_tribe_events_virtual_show_on_event":"","_tribe_events_virtual_show_on_views":"","_tribe_events_virtual_url":"","footnotes":""},"tags":[],"tribe_events_cat":[403,364,375,354],"class_list":["post-6467285","tribe_events","type-tribe_events","status-publish","has-post-thumbnail","hentry","tribe_events_cat-bilingual","tribe_events_cat-climate","tribe_events_cat-education","tribe_events_cat-zero-waste","cat_bilingual","cat_climate","cat_education","cat_zero-waste"],"_links":{"self":[{"href":"https:\/\/boulder.earth\/es\/wp-json\/wp\/v2\/tribe_events\/6467285","targetHints":{"allow":["GET"]}}],"collection":[{"href":"https:\/\/boulder.earth\/es\/wp-json\/wp\/v2\/tribe_events"}],"about":[{"href":"https:\/\/boulder.earth\/es\/wp-json\/wp\/v2\/types\/tribe_events"}],"author":[{"embeddable":true,"href":"https:\/\/boulder.earth\/es\/wp-json\/wp\/v2\/users\/38"}],"version-history":[{"count":2,"href":"https:\/\/boulder.earth\/es\/wp-json\/wp\/v2\/tribe_events\/6467285\/revisions"}],"predecessor-version":[{"id":6467288,"href":"https:\/\/boulder.earth\/es\/wp-json\/wp\/v2\/tribe_events\/6467285\/revisions\/6467288"}],"wp:featuredmedia":[{"embeddable":true,"href":"https:\/\/boulder.earth\/es\/wp-json\/wp\/v2\/media\/6467286"}],"wp:attachment":[{"href":"https:\/\/boulder.earth\/es\/wp-json\/wp\/v2\/media?parent=6467285"}],"wp:term":[{"taxonomy":"post_tag","embeddable":true,"href":"https:\/\/boulder.earth\/es\/wp-json\/wp\/v2\/tags?post=6467285"},{"taxonomy":"tribe_events_cat","embeddable":true,"href":"https:\/\/boulder.earth\/es\/wp-json\/wp\/v2\/tribe_events_cat?post=6467285"}],"curies":[{"name":"wp","href":"https:\/\/api.w.org\/{rel}","templated":true}]}}

<h1 class="sck_CXL oggAuwZ---typography-11-runningText oggAuwZ---priority-7-primary NSqM_j sKQ3btF" tabindex="-1" aria-hidden="false" data-hook="event-title">Cafecito de Abril / April&#8217;s Cafecito</h1>
<p>When: April 23, 9am-10:30am</p>
<p>Dónde: Centro de reciclaje de Boulder</p>
<p><a href="https://www.latinochamberco.org/event-details/cafecito-de-abril-aprils-cafecito">¡REGISTRAR AQUÍ!</a></p>
<p id="viewer-f8eec3882" class="DcCML UdrVX XYsC6 _3a5ib" dir="auto"><span class="rbjK7">Acompáñanos a un Cafecito especial en celebración del Día de la Tierra, donde nos reuniremos para convivir, disfrutar de un cafecito y aprender más sobre la sostenibilidad y el reciclaje en nuestra comunidad.</span></p>
<p id="viewer-pwyi53884" class="DcCML UdrVX XYsC6 _3a5ib" dir="auto"><span class="rbjK7">Aquí podrás hacer preguntas, obtener información práctica sobre reciclaje y prácticas ambientales, y conectar con otros dueños de negocios y miembros de la comunidad que comparten el interés de construir un futuro más limpio y sostenible.</span></p>
<p id="viewer-kdk993909" class="DcCML UdrVX XYsC6 _3a5ib" dir="auto"><span class="rbjK7">Afiliados: GRATIS</span></p>
<p id="viewer-8d1324074" class="DcCML UdrVX XYsC6 _3a5ib" dir="auto"><span class="rbjK7">No Afiliados: $15</span></p>
<div id="viewer-juwf73889" class="DZzlt">
<div class="JdE8h gPqlQ">
<div class="S8Miy" role="separator" data-hook="divider divider-single" aria-orientation="horizontal">
<div class="e1km0">
<div class="tqlWs">&#8212;</div>
</div>
</div>
</div>
</div>
<p id="viewer-40na83903" class="DcCML UdrVX XYsC6 _3a5ib" dir="auto"><span class="rbjK7">Join us for a special Cafecito in celebration of Earth Day, where we’ll come together to connect, enjoy cafecito, and learn more about sustainability and recycling in our community.</span></p>
<p id="viewer-eu8ck3905" class="DcCML UdrVX XYsC6 _3a5ib" dir="auto"><span class="rbjK7">This will be a welcoming and engaging gathering where you can ask questions, gain practical insights on recycling and environmental practices, and connect with fellow business owners and community members who care about building a cleaner, greener future.</span></p>
<p id="viewer-eu9224239" class="DcCML UdrVX XYsC6 _3a5ib" dir="auto"><span class="rbjK7">Members: FREE</span></p>
<p id="viewer-lmq084435" class="DcCML UdrVX XYsC6 _3a5ib" dir="auto"><span class="rbjK7">Non-Members: $15</span></p>

<p>Acompáñanos a un Cafecito especial en celebración del Día de la Tierra, donde nos reuniremos para convivir, disfrutar de un cafecito y aprender más sobre la sostenibilidad y el reciclaje en nuestra comunidad. / Join us for a special Cafecito in celebration of Earth Day, where we’ll come together to connect, enjoy cafecito, and learn more about sustainability and recycling in our community.</p>
